{"file_id":"F1","vid":"V118","name":"e22_fre","var_intrvl":"discrete","var_dcml":null,"var_wgt":null,"var_is_wgt":null,"loc_start_pos":null,"loc_end_pos":null,"loc_width":"1","loc_rec_seg_no":null,"labl":"y con qu\u00e9 frecuencia?","var_imputation":"No se gener\u00f3 ning\u00fan proceso de imputaci\u00f3n.","var_security":"El acceso a microdatos y Mam-up se considera como de tratamiento especial respecto a la reserva estad\u00edstica por tanto estar\u00e1 sujeto a la reglamentaci\u00f3n que para el efecto defina el Comit\u00e9 de Aseguramiento de la reserva estad\u00edstica. Resoluci\u00f3n 173 de 2008.","var_resp_unit":"Informante directo para las personas de 12 a\u00f1os y m\u00e1s. En el caso de los menores entre los 5 y 11 a\u00f1os, la informaci\u00f3n ser\u00e1 suministrada por los padres o acudientes (informante id\u00f3neo).","var_analysis_unit":null,"var_qstn_preqtxt":"En los \u00faltimos 12 meses, \u00bfasisti\u00f3 a ferias y exposiciones artesanales?\n\na. Si\nb. No","var_qstn_qstnlit":"y con qu\u00e9 frecuencia?\n\n1- Por lo menos una vez a la semana\n2- Una vez al mes\n3- Una vez cada tres meses\n4- Una vez cada seis meses\n5- Una vez al a\u00f1o","var_qstn_postqtxt":"\u00bfPor qu\u00e9 no fue a ferias y exposiciones artesanales? \n\na. Problemas de salud\nb. Falta de dinero\nc. No sabe que existen este tipo de ferias y exposiciones\nd. Est\u00e1n lejos los sitios y espacios donde los realizan\ne. Falta de tiempo \nf. Desinter\u00e9s\/no le gusta \ng. No hay\/no existen estas actividades","var_qstn_ivuinstr":null,"var_universe":"Poblaci\u00f3n de 5 a\u00f1os y m\u00e1s que haya contestado SI en e22_asea.","var_universe_clusion":"I","var_sumstat":[],"var_txt":null,"var_catgry":[{"value":"1","labl":"Por lo menos una vez a la semana","is_missing":null,"stats":[]},{"value":"2","labl":"Una vez al mes","is_missing":null,"stats":[]},{"value":"3","labl":"Una vez cada tres meses","is_missing":null,"stats":[]},{"value":"4","labl":"Una vez cada seis meses","is_missing":null,"stats":[]},{"value":"5","labl":"Una vez al a\u00f1o","is_missing":null,"stats":[]}],"var_codinstr":"No hubo recodificaci\u00f3n de las variables y categorias.","var_concept":[],"var_format":{"type":"character","schema":"other","category":null,"name":null},"var_notes":null,"var_val_range":{"min":null,"max":null},"fid":"F1","sid":"107","survey_idno":"DANE-DIRPEN-ECC-2008"}

y con qué frecuencia?

No se generó ningún proceso de imputación.

El acceso a microdatos y Mam-up se considera como de tratamiento especial respecto a la reserva estadística por tanto estará sujeto a la reglamentación que para el efecto defina el Comité de Aseguramiento de la reserva estadística. Resolución 173 de 2008.

Informante directo para las personas de 12 años y más. En el caso de los menores entre los 5 y 11 años, la información será suministrada por los padres o acudientes (informante idóneo).

En los últimos 12 meses, ¿asistió a ferias y exposiciones artesanales?

a. Si
b. No

y con qué frecuencia?

1- Por lo menos una vez a la semana
2- Una vez al mes
3- Una vez cada tres meses
4- Una vez cada seis meses
5- Una vez al año

¿Por qué no fue a ferias y exposiciones artesanales? 

a. Problemas de salud
b. Falta de dinero
c. No sabe que existen este tipo de ferias y exposiciones
d. Están lejos los sitios y espacios donde los realizan
e. Falta de tiempo 
f. Desinterés/no le gusta 
g. No hay/no existen estas actividades

Población de 5 años y más que haya contestado SI en e22_asea.

Una vez al año

No hubo recodificación de las variables y categorias.
