{"file_id":"F1","vid":"V119","name":"e23a_nasi","var_intrvl":"discrete","var_dcml":null,"var_wgt":null,"var_is_wgt":null,"loc_start_pos":null,"loc_end_pos":null,"loc_width":"1","loc_rec_seg_no":null,"labl":"Problemas de salud o discapacidad","var_imputation":"No se gener\u00f3 ning\u00fan proceso de imputaci\u00f3n.","var_security":"El acceso a microdatos y Mam-up se considera como de tratamiento especial respecto a la reserva estad\u00edstica por tanto estar\u00e1 sujeto a la reglamentaci\u00f3n que para el efecto defina el Comit\u00e9 de Aseguramiento de la reserva estad\u00edstica. Resoluci\u00f3n 173 de 2008.","var_resp_unit":"Informante directo.","var_analysis_unit":null,"var_qstn_preqtxt":"y con qu\u00e9 frecuencia?\n\n1. Por lo menos una vez a la semana \n2. Una vez al mes \n3. Una vez cada tres meses\n4. Una vez cada seis meses \n5. Una vez cada a\u00f1o","var_qstn_qstnlit":"\u00bfPor qu\u00e9 no fue a ferias y exposiciones artesanales? \n\na. problemas de salud o discapacidad","var_qstn_postqtxt":"\u00bfPag\u00f3 usted por entradas en los \u00faltimos 12 meses?\n\n1. Informa\n2. No sabe, no responde","var_qstn_ivuinstr":"TENER EN CUENTA\u2026\n\n!\tQue las opciones de respuesta c y g en este caso (pregunta No. 14) son excluyentes entre ellas y por lo tanto no pueden diligenciarse a su vez. Lo que implica que si la persona dice que no sabe si existen ese tipo de presentaciones y espect\u00e1culos, no puede expresar a la vez que no hay o no existen, pues esta segunda es una afirmaci\u00f3n mientras que la primera pone en duda la existencia de estos lugares y posiblemente la persona encuestada no tiene mucha informaci\u00f3n al respecto.","var_universe":"Poblaci\u00f3n de 12 a\u00f1os y m\u00e1s, excepto que hayan contestado NO en e22_asea .","var_universe_clusion":"I","var_sumstat":[],"var_txt":null,"var_catgry":[],"var_codinstr":"No hubo recodificaci\u00f3n de las variables y categorias.","var_concept":[],"var_format":{"type":"character","schema":"other","category":null,"name":null},"var_notes":null,"var_val_range":{"min":null,"max":null},"fid":"F1","sid":"107","survey_idno":"DANE-DIRPEN-ECC-2008"}

No se generó ningún proceso de imputación.

El acceso a microdatos y Mam-up se considera como de tratamiento especial respecto a la reserva estadística por tanto estará sujeto a la reglamentación que para el efecto defina el Comité de Aseguramiento de la reserva estadística. Resolución 173 de 2008.

y con qué frecuencia?

1. Por lo menos una vez a la semana 
2. Una vez al mes 
3. Una vez cada tres meses
4. Una vez cada seis meses 
5. Una vez cada año

¿Por qué no fue a ferias y exposiciones artesanales? 

a. problemas de salud o discapacidad

¿Pagó usted por entradas en los últimos 12 meses?

1. Informa
2. No sabe, no responde

TENER EN CUENTA…

!	Que las opciones de respuesta c y g en este caso (pregunta No. 14) son excluyentes entre ellas y por lo tanto no pueden diligenciarse a su vez. Lo que implica que si la persona dice que no sabe si existen ese tipo de presentaciones y espectáculos, no puede expresar a la vez que no hay o no existen, pues esta segunda es una afirmación mientras que la primera pone en duda la existencia de estos lugares y posiblemente la persona encuestada no tiene mucha información al respecto.

Población de 12 años y más, excepto que hayan contestado NO en e22_asea .

No hubo recodificación de las variables y categorias.
