{"file_id":"F1","vid":"V213","name":"f39_frep","var_intrvl":"discrete","var_dcml":null,"var_wgt":null,"var_is_wgt":null,"loc_start_pos":null,"loc_end_pos":null,"loc_width":"1","loc_rec_seg_no":null,"labl":"y con qu\u00e9 frecuencia?","var_imputation":"No se gener\u00f3 ning\u00fan proceso de imputaci\u00f3n.","var_security":"El acceso a microdatos y Mam-up se considera como de tratamiento especial respecto a la reserva estad\u00edstica por tanto estar\u00e1 sujeto a la reglamentaci\u00f3n que para el efecto defina el Comit\u00e9 de Aseguramiento de la reserva estad\u00edstica. Resoluci\u00f3n 173 de 2008.","var_resp_unit":"Informante directo para las personas de 12 a\u00f1os y m\u00e1s. En el caso de los menores entre los 5 y 11 a\u00f1os, la informaci\u00f3n ser\u00e1 suministrada por los padres o acudientes (informante id\u00f3neo).","var_analysis_unit":null,"var_qstn_preqtxt":"En el \u00faltimo mes, \u00bfley\u00f3 periodicos?\n\na. Si\nb. No","var_qstn_qstnlit":"En el \u00faltimo mes, \u00bfley\u00f3 periodicos?\n\ncon que frecuencia?\n\n1- Todos los d\u00edas\n2- Varias veces a la semana \n3- Una vez a la semana\n4- Una vez al mes","var_qstn_postqtxt":"Usted no ley\u00f3 peri\u00f3dicos en el \u00faltimo mes por: \n\na. Tiene otro tipo de preferencias\nb. Desinter\u00e9s\/no le gusta\nc.Problemas de salud o discapacidad\nd. Falta de tiempo\ne. Prefiere leer libros\nf. Los espacios donde se connsiguen est\u00e1n lejos\ng. Prefiere leer revistas\nh. Falta de dinero","var_qstn_ivuinstr":null,"var_universe":"Poblaci\u00f3n de 5 a\u00f1os y m\u00e1s, que contestaron SI en f39_frep.","var_universe_clusion":"I","var_sumstat":[],"var_txt":null,"var_catgry":[{"value":"1","labl":"Todos los d\u00edas","is_missing":null,"stats":[]},{"value":"2","labl":"Varias veces a la semana","is_missing":null,"stats":[]},{"value":"3","labl":"Una vez a la semana","is_missing":null,"stats":[]},{"value":"4","labl":"Una vez al mes","is_missing":null,"stats":[]}],"var_codinstr":"No hubo recodificaci\u00f3n de las variables y categorias.","var_concept":[],"var_format":{"type":"character","schema":"other","category":null,"name":null},"var_notes":null,"var_val_range":{"min":null,"max":null},"fid":"F1","sid":"107","survey_idno":"DANE-DIRPEN-ECC-2008"}

y con qué frecuencia?

No se generó ningún proceso de imputación.

El acceso a microdatos y Mam-up se considera como de tratamiento especial respecto a la reserva estadística por tanto estará sujeto a la reglamentación que para el efecto defina el Comité de Aseguramiento de la reserva estadística. Resolución 173 de 2008.

Informante directo para las personas de 12 años y más. En el caso de los menores entre los 5 y 11 años, la información será suministrada por los padres o acudientes (informante idóneo).

En el último mes, ¿leyó periodicos?

a. Si
b. No

En el último mes, ¿leyó periodicos?

con que frecuencia?

1- Todos los días
2- Varias veces a la semana 
3- Una vez a la semana
4- Una vez al mes

Usted no leyó periódicos en el último mes por: 

a. Tiene otro tipo de preferencias
b. Desinterés/no le gusta
c.Problemas de salud o discapacidad
d. Falta de tiempo
e. Prefiere leer libros
f. Los espacios donde se connsiguen están lejos
g. Prefiere leer revistas
h. Falta de dinero

Población de 5 años y más, que contestaron SI en f39_frep.

Todos los días

No hubo recodificación de las variables y categorias.
