{"file_id":"F1","vid":"V222","name":"f41a_spl","var_intrvl":"discrete","var_dcml":null,"var_wgt":null,"var_is_wgt":null,"loc_start_pos":null,"loc_end_pos":null,"loc_width":"1","loc_rec_seg_no":null,"labl":"Todo el peri\u00f3dico","var_imputation":"No se gener\u00f3 ning\u00fan proceso de imputaci\u00f3n.","var_security":"El acceso a microdatos y Mam-up se considera como de tratamiento especial respecto a la reserva estad\u00edstica por tanto estar\u00e1 sujeto a la reglamentaci\u00f3n que para el efecto defina el Comit\u00e9 de Aseguramiento de la reserva estad\u00edstica. Resoluci\u00f3n 173 de 2008.","var_resp_unit":"Informante directo.","var_analysis_unit":null,"var_qstn_preqtxt":"con que frecuencia?\n\n1. Todos los d\u00edas \n2. Varias veces a la semana\n3. Una vez a la semana\n4. Una vez al mes","var_qstn_qstnlit":"\u00bfLey\u00f3 el peri\u00f3dico? \n\na. Todo el peri\u00f3dico\n\n1- S\u00ed\n2- No","var_qstn_postqtxt":"\u00bfQu\u00e9 secciones consult\u00f3?\n\nb. Noticias internacionales\nc. Clasificados\nd. Cartelera\ne. Cultura\nf. Deportes\ng. Economia\/finanzas\nh. Editoriales\/opini\u00f3n\ni  Espect\u00e1culo, far\u00e1ndula\nj. Judicial\nk. Sociales \nl. Tiras c\u00f3micas\nm. Complmentos \nn. Noticias \no. locales\/regionales\np. Politica\nq. Nacionales","var_qstn_ivuinstr":null,"var_universe":"Poblaci\u00f3n de 12 a\u00f1os y m\u00e1s, y que hayan contestado f39_frep.","var_universe_clusion":"I","var_sumstat":[],"var_txt":null,"var_catgry":[{"value":"1","labl":"S\u00ed","is_missing":null,"stats":[]},{"value":"2","labl":"No","is_missing":null,"stats":[]}],"var_codinstr":"No hubo recodificaci\u00f3n de las variables y categorias.","var_concept":[],"var_format":{"type":"character","schema":"other","category":null,"name":null},"var_notes":null,"var_val_range":{"min":null,"max":null},"fid":"F1","sid":"107","survey_idno":"DANE-DIRPEN-ECC-2008"}

Todo el periódico

No se generó ningún proceso de imputación.

El acceso a microdatos y Mam-up se considera como de tratamiento especial respecto a la reserva estadística por tanto estará sujeto a la reglamentación que para el efecto defina el Comité de Aseguramiento de la reserva estadística. Resolución 173 de 2008.

con que frecuencia?

1. Todos los días 
2. Varias veces a la semana
3. Una vez a la semana
4. Una vez al mes

¿Leyó el periódico? 

a. Todo el periódico

1- Sí
2- No

¿Qué secciones consultó?

b. Noticias internacionales
c. Clasificados
d. Cartelera
e. Cultura
f. Deportes
g. Economia/finanzas
h. Editoriales/opinión
i  Espectáculo, farándula
j. Judicial
k. Sociales 
l. Tiras cómicas
m. Complmentos 
n. Noticias 
o. locales/regionales
p. Politica
q. Nacionales

Población de 12 años y más, y que hayan contestado f39_frep.

Sí

No hubo recodificación de las variables y categorias.
