{"file_id":"F1","vid":"V255","name":"f45g_pnc","var_intrvl":"discrete","var_dcml":null,"var_wgt":null,"var_is_wgt":null,"loc_start_pos":null,"loc_end_pos":null,"loc_width":"1","loc_rec_seg_no":null,"labl":"Porque ve las pel\u00edculas por televisi\u00f3n","var_imputation":"No se gener\u00f3 ning\u00fan proceso de imputaci\u00f3n.","var_security":"El acceso a microdatos y Mam-up se considera como de tratamiento especial respecto a la reserva estad\u00edstica por tanto estar\u00e1 sujeto a la reglamentaci\u00f3n que para el efecto defina el Comit\u00e9 de Aseguramiento de la reserva estad\u00edstica. Resoluci\u00f3n 173 de 2008.","var_resp_unit":"Informante directo","var_analysis_unit":null,"var_qstn_preqtxt":"En los \u00faltimos 12 meses, \u00bfusted fue a cine?\n\na) S\u00ed\nb) No","var_qstn_qstnlit":"\u00bfUsted por qu\u00e9 no asisti\u00f3 a cine en los \u00faltimos 12 meses? \n\ng. Porque ve las pel\u00edculas por televisi\u00f3n","var_qstn_postqtxt":"Cuando fue a cine, \u00bfqu\u00e9 g\u00e9nero de pel\u00edculas vio\n\na. Acci\u00f3n\nb. Ciencia ficci\u00f3n\nc. Cine arte\nd. Comedia \/ humor\ne. Drama\nf. Hist\u00f3rico\ng. Animaci\u00f3n (diferente a infantil)\nh. Documental","var_qstn_ivuinstr":null,"var_universe":"Poblaci\u00f3n de 12 a\u00f1os y m\u00e1s.","var_universe_clusion":"I","var_sumstat":[],"var_txt":null,"var_catgry":[],"var_codinstr":"No hubo recodificaci\u00f3n de las variables y categorias.","var_concept":[],"var_format":{"type":"character","schema":"other","category":null,"name":null},"var_notes":null,"var_val_range":{"min":null,"max":null},"fid":"F1","sid":"107","survey_idno":"DANE-DIRPEN-ECC-2008"}

Porque ve las películas por televisión

No se generó ningún proceso de imputación.

El acceso a microdatos y Mam-up se considera como de tratamiento especial respecto a la reserva estadística por tanto estará sujeto a la reglamentación que para el efecto defina el Comité de Aseguramiento de la reserva estadística. Resolución 173 de 2008.

En los últimos 12 meses, ¿usted fue a cine?

a) Sí
b) No

¿Usted por qué no asistió a cine en los últimos 12 meses? 

g. Porque ve las películas por televisión

Cuando fue a cine, ¿qué género de películas vio

a. Acción
b. Ciencia ficción
c. Cine arte
d. Comedia / humor
e. Drama
f. Histórico
g. Animación (diferente a infantil)
h. Documental

Población de 12 años y más.

No hubo recodificación de las variables y categorias.
