{"file_id":"F1","vid":"V275","name":"f48vv","var_intrvl":"discrete","var_dcml":null,"var_wgt":null,"var_is_wgt":null,"loc_start_pos":null,"loc_end_pos":null,"loc_width":"1","loc_rec_seg_no":null,"labl":"\u00bfUsted vio videos en el \u00faltimo mes?","var_imputation":"No se gener\u00f3 ning\u00fan proceso de imputaci\u00f3n.","var_security":"El acceso a microdatos y Mam-up se considera como de tratamiento especial respecto a la reserva estad\u00edstica por tanto estar\u00e1 sujeto a la reglamentaci\u00f3n que para el efecto defina el Comit\u00e9 de Aseguramiento de la reserva estad\u00edstica. Resoluci\u00f3n 173 de 2008.","var_resp_unit":"Informante directo para las personas de 12 a\u00f1os y m\u00e1s. En el caso de los menores entre los 5 y 11 a\u00f1os, la informaci\u00f3n ser\u00e1 suministrada por los padres o acudientes (informante id\u00f3neo).","var_analysis_unit":null,"var_qstn_preqtxt":"\u00bfUsted por qu\u00e9 no asisti\u00f3 a cine en los \u00faltimos 12 meses? \n\na. Las salas y espacios quedan muy lejos \nb. Prefiere ver pel\u00edculas en video en su DVD, VHS, \nBETAMAX y otros equipos de reproducci\u00f3n  \nc. Falta de dinero \nd. Problemas de salud o discapacidad \ne. Desinter\u00e9s\/no le gusta \nf. No hay o no existen espacios d\u00f3nde ver cine \ng. Porque ve las pel\u00edculas por televisi\u00f3n \nh. Falta de tiempo \ni. No sabe si hay espacios y salas de proyecci\u00f3n","var_qstn_qstnlit":"\u00bfUsted vio videos en el \u00faltimo mes?\n\n1- S\u00ed\n2- No","var_qstn_postqtxt":"con que frecuencia?\n\n1. Todos los d\u00edas\n2. Casi todos los d\u00edas de la semana\n3. Varias veces a la semana \n4. Una vez a la semana\n5. Una vez al mes","var_qstn_ivuinstr":null,"var_universe":"Poblaci\u00f3n de 5 a\u00f1os y m\u00e1s, y que hayan escogido algunas de las categorias de (f45a_pnc a f45i_pnc) .","var_universe_clusion":"I","var_sumstat":[],"var_txt":null,"var_catgry":[{"value":"1","labl":"S\u00ed","is_missing":null,"stats":[]},{"value":"2","labl":"No","is_missing":null,"stats":[]}],"var_codinstr":"No hubo recodificaci\u00f3n de las variables y categorias.","var_concept":[],"var_format":{"type":"character","schema":"other","category":null,"name":null},"var_notes":null,"var_val_range":{"min":null,"max":null},"fid":"F1","sid":"107","survey_idno":"DANE-DIRPEN-ECC-2008"}

¿Usted vio videos en el último mes?

No se generó ningún proceso de imputación.

El acceso a microdatos y Mam-up se considera como de tratamiento especial respecto a la reserva estadística por tanto estará sujeto a la reglamentación que para el efecto defina el Comité de Aseguramiento de la reserva estadística. Resolución 173 de 2008.

Informante directo para las personas de 12 años y más. En el caso de los menores entre los 5 y 11 años, la información será suministrada por los padres o acudientes (informante idóneo).

¿Usted por qué no asistió a cine en los últimos 12 meses? 

a. Las salas y espacios quedan muy lejos 
b. Prefiere ver películas en video en su DVD, VHS, 
BETAMAX y otros equipos de reproducción  
c. Falta de dinero 
d. Problemas de salud o discapacidad 
e. Desinterés/no le gusta 
f. No hay o no existen espacios dónde ver cine 
g. Porque ve las películas por televisión 
h. Falta de tiempo 
i. No sabe si hay espacios y salas de proyección

¿Usted vio videos en el último mes?

1- Sí
2- No

con que frecuencia?

1. Todos los días
2. Casi todos los días de la semana
3. Varias veces a la semana 
4. Una vez a la semana
5. Una vez al mes

Población de 5 años y más, y que hayan escogido algunas de las categorias de (f45a_pnc a f45i_pnc) .

Sí

No hubo recodificación de las variables y categorias.
