{"file_id":"F1","vid":"V334","name":"f62b_pre","var_intrvl":"discrete","var_dcml":null,"var_wgt":null,"var_is_wgt":null,"loc_start_pos":null,"loc_end_pos":null,"loc_width":"1","loc_rec_seg_no":null,"labl":"De opini\u00f3n\/entrevistas","var_imputation":"No se gener\u00f3 ning\u00fan proceso de imputaci\u00f3n.","var_security":"El acceso a microdatos y Mam-up se considera como de tratamiento especial respecto a la reserva estad\u00edstica por tanto estar\u00e1 sujeto a la reglamentaci\u00f3n que para el efecto defina el Comit\u00e9 de Aseguramiento de la reserva estad\u00edstica. Resoluci\u00f3n 173 de 2008.","var_resp_unit":"Informante directo.","var_analysis_unit":null,"var_qstn_preqtxt":"En la \u00faltima semana, \u00bfqu\u00e9 tipo de emisoras escuch\u00f3?\n \na. Privadas\/comerciales \nb. Universitarias (p\u00fablicadas y privadas)\nc. Indigenas\nd. Ej\u00e9rcito y Pol\u00edcia Nacional\ne. Estatales (gobernaciones, alcald\u00edas y otras entidades del Estado)    \nf. comunitarias \ng. No sabes\/no responde","var_qstn_qstnlit":"\u00bfQu\u00e9 programas de radio escuch\u00f3 en la \u00faltima semana? \n\nb. De opini\u00f3n\/entrevistas","var_qstn_postqtxt":"\u00bfUsted escuch\u00f3 m\u00fasica grabada en la \u00faltima semana?\n\na. Si\nb. No","var_qstn_ivuinstr":null,"var_universe":"Poblaci\u00f3n de 12 a\u00f1os y m\u00e1s.","var_universe_clusion":"I","var_sumstat":[],"var_txt":null,"var_catgry":[],"var_codinstr":"No hubo recodificaci\u00f3n de las variables y categorias.","var_concept":[],"var_format":{"type":"character","schema":"other","category":null,"name":null},"var_notes":null,"var_val_range":{"min":null,"max":null},"fid":"F1","sid":"107","survey_idno":"DANE-DIRPEN-ECC-2008"}

De opinión/entrevistas

No se generó ningún proceso de imputación.

El acceso a microdatos y Mam-up se considera como de tratamiento especial respecto a la reserva estadística por tanto estará sujeto a la reglamentación que para el efecto defina el Comité de Aseguramiento de la reserva estadística. Resolución 173 de 2008.

En la última semana, ¿qué tipo de emisoras escuchó?
 
a. Privadas/comerciales 
b. Universitarias (públicadas y privadas)
c. Indigenas
d. Ejército y Polícia Nacional
e. Estatales (gobernaciones, alcaldías y otras entidades del Estado)    
f. comunitarias 
g. No sabes/no responde

¿Qué programas de radio escuchó en la última semana? 

b. De opinión/entrevistas

¿Usted escuchó música grabada en la última semana?

a. Si
b. No

Población de 12 años y más.

No hubo recodificación de las variables y categorias.
