{"file_id":"F1","vid":"V443","name":"h81d_tc","var_intrvl":"discrete","var_dcml":null,"var_wgt":null,"var_is_wgt":null,"loc_start_pos":null,"loc_end_pos":null,"loc_width":"1","loc_rec_seg_no":null,"labl":"Cuenter\u00eda y t\u00edteres","var_imputation":"No se gener\u00f3 ning\u00fan proceso de imputaci\u00f3n.","var_security":"El acceso a microdatos y Mam-up se considera como de tratamiento especial respecto a la reserva estad\u00edstica por tanto estar\u00e1 sujeto a la reglamentaci\u00f3n que para el efecto defina el Comit\u00e9 de Aseguramiento de la reserva estad\u00edstica. Resoluci\u00f3n 173 de 2008.","var_resp_unit":"Informante directo para las personas de 12 a\u00f1os y m\u00e1s. En el caso de los menores entre los 5 y 11 a\u00f1os, la informaci\u00f3n ser\u00e1 suministrada por los padres o acudientes (informante id\u00f3neo).","var_analysis_unit":null,"var_qstn_preqtxt":"\u00bfUsted tom\u00f3 cursos o talleres en los \u00faltimos 12 meses y en qu\u00e9 \u00e1reas?\n\n1. Si\n2. No","var_qstn_qstnlit":"\u00bfUsted tom\u00f3 cursos o talleres en los \u00faltimos 12 meses y en qu\u00e9 \u00e1reas?\n\nd. Cuenter\u00eda y t\u00edteres","var_qstn_postqtxt":"En los \u00faltimos 12 meses \u00bfhizo alguna pr\u00e1ctica cultural?\n\n1. Si\n2. No","var_qstn_ivuinstr":null,"var_universe":"Poblaci\u00f3n de 5 a\u00f1os y m\u00e1s, si contest\u00f3 SI en h81_cta.","var_universe_clusion":"I","var_sumstat":[],"var_txt":null,"var_catgry":[],"var_codinstr":"No hubo recodificaci\u00f3n de las variables y categorias.","var_concept":[],"var_format":{"type":"character","schema":"other","category":null,"name":null},"var_notes":null,"var_val_range":{"min":null,"max":null},"fid":"F1","sid":"107","survey_idno":"DANE-DIRPEN-ECC-2008"}

Cuentería y títeres

No se generó ningún proceso de imputación.

El acceso a microdatos y Mam-up se considera como de tratamiento especial respecto a la reserva estadística por tanto estará sujeto a la reglamentación que para el efecto defina el Comité de Aseguramiento de la reserva estadística. Resolución 173 de 2008.

Informante directo para las personas de 12 años y más. En el caso de los menores entre los 5 y 11 años, la información será suministrada por los padres o acudientes (informante idóneo).

¿Usted tomó cursos o talleres en los últimos 12 meses y en qué áreas?

1. Si
2. No

¿Usted tomó cursos o talleres en los últimos 12 meses y en qué áreas?

d. Cuentería y títeres

En los últimos 12 meses ¿hizo alguna práctica cultural?

1. Si
2. No

Población de 5 años y más, si contestó SI en h81_cta.

No hubo recodificación de las variables y categorias.
