{"file_id":"F1","vid":"V499","name":"c07_nve","var_intrvl":"discrete","var_dcml":null,"var_wgt":null,"var_is_wgt":null,"loc_start_pos":null,"loc_end_pos":null,"loc_width":"1","loc_rec_seg_no":null,"labl":"\u00bfCu\u00e1l es el nivel educativo m\u00e1s alto alcanzado por usted?","var_imputation":"No se gener\u00f3 ning\u00fan proceso de imputaci\u00f3n.","var_security":"El acceso a microdatos y Mam-up se considera como de tratamiento especial respecto a la reserva estad\u00edstica por tanto estar\u00e1 sujeto a la reglamentaci\u00f3n que para el efecto defina el Comit\u00e9 de Aseguramiento de la reserva estad\u00edstica. Resoluci\u00f3n 173 de 2008.","var_resp_unit":"Informante directo.","var_analysis_unit":null,"var_qstn_preqtxt":"De acuerdo con su cultura, pueblo o rasgos f\u00edsicos usted se reconoce como:\n\na. Indigena\nb. Gitano - rom\nc. Raizal del Archipi\u00e9lago de San Andres y Providencia\nd. Palenquero de San Basilo o descendiente\ne. Negro(a), mulato(a), afrocolombiano(a) o afrodescendiente\nf. Mestizo\ng. Blanco\nh. Otro\ni. No sabe, no responde","var_qstn_qstnlit":"\u00bfCu\u00e1l es el nivel educativo m\u00e1s alto alcanzado por usted?\n\na.\tPreescolar - b\u00e1sica\nb.\tSecundaria\nc.\tT\u00e9cnico o tecnol\u00f3go-a-\nd.\tUniversitario \/ Superior\ne.\tPosgrado\nf.\tNinguno\ng.\tNo sabe \/ No responde","var_qstn_postqtxt":"Actualmente su actividad principal es:\n\na. (Estudiar)\nb. (Trabajar)\nc. (Oficios del hogar)\nd. (Buscar trabajo)\ne. (Incapacitado permanentemente para trabajar)\nf. Otra actividad","var_qstn_ivuinstr":"Digitamos el punto f (ninguno) cuando la persona no ha realizado ninguno de los niveles educativos indicados en la lista.","var_universe":"Poblaci\u00f3n de 5 a\u00f1os y m\u00e1s.","var_universe_clusion":"I","var_sumstat":[],"var_txt":"El preescolar tiene como objetivo promover y estimular el desarrollo f\u00edsico, afectivo y espiritual del ni\u00f1o, su integraci\u00f3n social, su percepci\u00f3n sensible y el aprestamiento para las actividades escolares, en acci\u00f3n coordinada con los padres de familia. Como preescolar se consideran los cursos maternales, pre-jard\u00edn, jard\u00edn y transici\u00f3n.\n\nLa educaci\u00f3n b\u00e1sica obligatoria corresponde a los niveles de primaria y de secundaria. Comprende nueve (9) grados y se estructura en torno a las \u00e1reas fundamentales del conocimiento y de la actividad humana:\n\u00b7\tLa educaci\u00f3n b\u00e1sica en el ciclo de primaria comprende los cinco (5) primeros grados (1\u00ba a 5\u00ba).\n\u00b7\tLa educaci\u00f3n b\u00e1sica en el ciclo de secundaria la constituyen los cuatro (4) grados (6\u00ba a 9\u00ba), subsiguientes de la educaci\u00f3n b\u00e1sica primaria.\n\nLa educaci\u00f3n media tiene por objeto la comprensi\u00f3n de las ideas y los valores universales y la preparaci\u00f3n para el ingreso del estudiante a la educaci\u00f3n superior y al trabajo. Comprende dos grados: d\u00e9cimo (10\u00ba) y und\u00e9cimo (11\u00ba). \n\nEl pregrado, la educaci\u00f3n superior o universitaria comprende los estudios que imparten las instituciones de educaci\u00f3n superior, y que conducen a la obtenci\u00f3n de un t\u00edtulo t\u00e9cnico, tecnol\u00f3gico o profesional.\n\nEn el postgrado se incluyen las especializaciones, maestr\u00edas o doctorados que realizados por la persona encuestada.","var_catgry":[{"value":"a","labl":"Preescolar - b\u00e1sica primaria","is_missing":null,"stats":[]},{"value":"b","labl":"Secundaria","is_missing":null,"stats":[]},{"value":"c","labl":"T\u00e9cnico o tecn\u00f3logo-a-","is_missing":null,"stats":[]},{"value":"d","labl":"Universitario \/ Superior","is_missing":null,"stats":[]},{"value":"e","labl":"Posgrado","is_missing":null,"stats":[]},{"value":"f","labl":"Ninguno","is_missing":null,"stats":[]},{"value":"g","labl":"No sabe \/ No responde","is_missing":null,"stats":[]}],"var_codinstr":"No hubo recodificaci\u00f3n de las variables y categorias.","var_concept":[],"var_format":{"type":"character","schema":"other","category":null,"name":null},"var_notes":null,"var_val_range":{"min":null,"max":null},"fid":"F1","sid":"107","survey_idno":"DANE-DIRPEN-ECC-2008"}

¿Cuál es el nivel educativo más alto alcanzado por usted?

No se generó ningún proceso de imputación.

El acceso a microdatos y Mam-up se considera como de tratamiento especial respecto a la reserva estadística por tanto estará sujeto a la reglamentación que para el efecto defina el Comité de Aseguramiento de la reserva estadística. Resolución 173 de 2008.

De acuerdo con su cultura, pueblo o rasgos físicos usted se reconoce como:

a. Indigena
b. Gitano - rom
c. Raizal del Archipiélago de San Andres y Providencia
d. Palenquero de San Basilo o descendiente
e. Negro(a), mulato(a), afrocolombiano(a) o afrodescendiente
f. Mestizo
g. Blanco
h. Otro
i. No sabe, no responde

¿Cuál es el nivel educativo más alto alcanzado por usted?

a.	Preescolar - básica
b.	Secundaria
c.	Técnico o tecnológo-a-
d.	Universitario / Superior
e.	Posgrado
f.	Ninguno
g.	No sabe / No responde

Población de 5 años y más.

El preescolar tiene como objetivo promover y estimular el desarrollo físico, afectivo y espiritual del niño, su integración social, su percepción sensible y el aprestamiento para las actividades escolares, en acción coordinada con los padres de familia. Como preescolar se consideran los cursos maternales, pre-jardín, jardín y transición.

La educación básica obligatoria corresponde a los niveles de primaria y de secundaria. Comprende nueve (9) grados y se estructura en torno a las áreas fundamentales del conocimiento y de la actividad humana:
·	La educación básica en el ciclo de primaria comprende los cinco (5) primeros grados (1º a 5º).
·	La educación básica en el ciclo de secundaria la constituyen los cuatro (4) grados (6º a 9º), subsiguientes de la educación básica primaria.

La educación media tiene por objeto la comprensión de las ideas y los valores universales y la preparación para el ingreso del estudiante a la educación superior y al trabajo. Comprende dos grados: décimo (10º) y undécimo (11º). 

El pregrado, la educación superior o universitaria comprende los estudios que imparten las instituciones de educación superior, y que conducen a la obtención de un título técnico, tecnológico o profesional.

En el postgrado se incluyen las especializaciones, maestrías o doctorados que realizados por la persona encuestada.

Preescolar - básica primaria

Técnico o tecnólogo-a-

No hubo recodificación de las variables y categorias.
