{"file_id":"F1","vid":"V96","name":"e16_fre","var_intrvl":"discrete","var_dcml":null,"var_wgt":null,"var_is_wgt":null,"loc_start_pos":null,"loc_end_pos":null,"loc_width":"1","loc_rec_seg_no":null,"labl":"y con qu\u00e9 frecuencia?","var_imputation":"No se gener\u00f3 ning\u00fan proceso de imputaci\u00f3n.","var_security":"El acceso a microdatos y Mam-up se considera como de tratamiento especial respecto a la reserva estad\u00edstica por tanto estar\u00e1 sujeto a la reglamentaci\u00f3n que para el efecto defina el Comit\u00e9 de Aseguramiento de la reserva estad\u00edstica. Resoluci\u00f3n 173 de 2008.","var_resp_unit":"Informante directo para las personas de 12 a\u00f1os y m\u00e1s. En el caso de los menores entre los 5 y 11 a\u00f1os, la informaci\u00f3n ser\u00e1 suministrada por los padres o acudientes (informante id\u00f3neo).","var_analysis_unit":null,"var_qstn_preqtxt":"En los \u00faltimos 12 meses, \u00bfusted asisti\u00f3 a conciertos, recitales, presentaciones de m\u00fasica en espacios abiertos y cerrados (en vivo) ?\n\na. Si\nb. No","var_qstn_qstnlit":"y con qu\u00e9 frecuencia?\n\n1- Por lo menos una vez a la semana\n2- Una vez al mes\n3- Una vez cada tres meses\n4- Una vez cada seis meses\n5- Una vez al a\u00f1o","var_qstn_postqtxt":"\u00bfPor qu\u00e9 no fue a conciertos, recitales y presentaciones de m\u00fasica en vivo?\n\na. Falta de tiempo\nb. Las salas y espacios donde los presentan est\u00e1n lejos\nc. No hay\/existenestas presentaciones\nd. Problemas de salud o discapacidad\ne. Desinter\u00e9s\/no le gusta\nf. Falta de dinero \ng. No sabe que existen estas presentaciones de m\u00fasica","var_qstn_ivuinstr":null,"var_universe":"Poblaci\u00f3n de 5 a\u00f1os y m\u00e1s, y contest\u00f3 SI en e16_asmv.","var_universe_clusion":"I","var_sumstat":[],"var_txt":null,"var_catgry":[{"value":"1","labl":"Por lo menos una vez a la semana","is_missing":null,"stats":[]},{"value":"2","labl":"Una vez al mes","is_missing":null,"stats":[]},{"value":"3","labl":"Una vez cada tres meses","is_missing":null,"stats":[]},{"value":"4","labl":"Una vez cada seis meses","is_missing":null,"stats":[]},{"value":"5","labl":"Una vez al a\u00f1o","is_missing":null,"stats":[]}],"var_codinstr":"No hubo recodificaci\u00f3n de las variables y categorias.","var_concept":[],"var_format":{"type":"character","schema":"other","category":null,"name":null},"var_notes":null,"var_val_range":{"min":null,"max":null},"fid":"F1","sid":"107","survey_idno":"DANE-DIRPEN-ECC-2008"}

y con qué frecuencia?

No se generó ningún proceso de imputación.

El acceso a microdatos y Mam-up se considera como de tratamiento especial respecto a la reserva estadística por tanto estará sujeto a la reglamentación que para el efecto defina el Comité de Aseguramiento de la reserva estadística. Resolución 173 de 2008.

Informante directo para las personas de 12 años y más. En el caso de los menores entre los 5 y 11 años, la información será suministrada por los padres o acudientes (informante idóneo).

En los últimos 12 meses, ¿usted asistió a conciertos, recitales, presentaciones de música en espacios abiertos y cerrados (en vivo) ?

a. Si
b. No

y con qué frecuencia?

1- Por lo menos una vez a la semana
2- Una vez al mes
3- Una vez cada tres meses
4- Una vez cada seis meses
5- Una vez al año

¿Por qué no fue a conciertos, recitales y presentaciones de música en vivo?

a. Falta de tiempo
b. Las salas y espacios donde los presentan están lejos
c. No hay/existenestas presentaciones
d. Problemas de salud o discapacidad
e. Desinterés/no le gusta
f. Falta de dinero 
g. No sabe que existen estas presentaciones de música

Población de 5 años y más, y contestó SI en e16_asmv.

Una vez al año

No hubo recodificación de las variables y categorias.
