{"file_id":"F48","vid":"V1212","name":"P57a","var_intrvl":"discrete","var_dcml":null,"var_wgt":null,"var_is_wgt":null,"loc_start_pos":"43","loc_end_pos":"43","loc_width":"1","loc_rec_seg_no":"1","labl":"Por que motivo o raz\u00f3n principal ....dej\u00f3 ese trabajo","var_imputation":null,"var_security":"El acceso a microdatos y Mam-up se considera como de tratamiento especial respecto a la reserva estad\u00edstica por tanto estar\u00e1 sujeto a la reglamentaci\u00f3n que para el efecto defina el Comit\u00e9 de Aseguramiento de la reserva estad\u00edstica. Resoluci\u00f3n 173 de 2008.","var_resp_unit":"Informante Id\u00f3neo","var_analysis_unit":null,"var_qstn_preqtxt":"57.   En este \u00faltimo trabajo... era:\n\n1\tObrero o empleado de empresa particular\n2\tObrero o empleado del gobierno\n3\tEmpleado dom\u00e9stico\n4\tJornalero o pe\u00f3n\n5      Trabajador por cuenta propia\n6\tPatr\u00f3n o empleador\n7\tTrabajador familiar sin remuneraci\u00f3n","var_qstn_qstnlit":"57.A. \u00bf Por que motivo o raz\u00f3n principal ....dej\u00f3 ese trabajo?\n\n1\tPor despido\n2\tPara dedicarse a estudiar\n3\tResponsabilidades familiares\n4\tEnfermedad o accidente\n5\tJubilaci\u00f3n o retiro\n6\tCondiciones de trabajo insatisfactorias\n7\tCierre o dificultad de la empresa\n8\tTrabajo temporal terminado\n0\tOtro \u00bfcu\u00e1l?","var_qstn_postqtxt":"58. Cu\u00e1nto recibi\u00f3 ...... el mes pasado por concepto de:\n\nTrabajo\n$____","var_qstn_ivuinstr":"El objetivo de esta pregunta es indagar  los motivos por los cuales las personas dejan  los empleos.\n\nOtra finalidad de la pregunta es analizar la calidad del empleo, asociada a las alternativas: condiciones del trabajo insatisfactorias, trabajo temporal, etc.\n\nEsta pregunta es excluyente. Marque alternativa 0 (Otro, \u00bfcu\u00e1l?), cuando la respuesta del informante no se asimile a las alternativas anteriores","var_universe":"En el caso de la Encuesta Continua de Hogares, el universo est\u00e1 conformado por la poblaci\u00f3n civil no institucional residente en viviendas particulares.  Dentro de este contexto, es importante tener en cuenta los siguientes conceptos:\n\n- Segmento. Es un \u00e1rea con l\u00edmites definidos en la cual se encuentran ubicadas las viviendas seleccionadas. Cada segmento tiene doce (12) viviendas en promedio.\n\n- Unidades de la muestra. Son aquellos elementos b\u00e1sicos utilizados para la selecci\u00f3n de la muestra. En este caso es la unidad de vivienda y todos los hogares que viven en una unidad de vivienda se incluyen en la muestra, es decir, se deben investigar.\n\n- Unidades de observaci\u00f3n. Son aquellos conjuntos de elementos que componen el universo con una caracter\u00edstica espec\u00edfica. En este caso la unidad b\u00e1sica de observaci\u00f3n es el hogar.","var_universe_clusion":"I","var_sumstat":[{"value":"139","type":"vald","wgtd":null},{"value":"0","type":"invd","wgtd":null}],"var_txt":null,"var_catgry":[{"value":"8","labl":"Trabajo temporal terminado","is_missing":null,"stats":[{"value":"83","type":"freq","wgtd":null}]},{"value":"3","labl":"Responsabilidades familiares","is_missing":null,"stats":[{"value":"17","type":"freq","wgtd":null}]},{"value":"6","labl":"Condiciones de trabajo insatisfactorias","is_missing":null,"stats":[{"value":"13","type":"freq","wgtd":null}]},{"value":"7","labl":"Cierre o dificultad de la empresa","is_missing":null,"stats":[{"value":"9","type":"freq","wgtd":null}]},{"value":"4","labl":"Enfermedad o accidente","is_missing":null,"stats":[{"value":"6","type":"freq","wgtd":null}]},{"value":"1","labl":"Por despido","is_missing":null,"stats":[{"value":"5","type":"freq","wgtd":null}]},{"value":"0","labl":"Otro \u00bfcu\u00e1l?","is_missing":null,"stats":[{"value":"4","type":"freq","wgtd":null}]},{"value":"5","labl":"Jubilaci\u00f3n o retiro","is_missing":null,"stats":[{"value":"2","type":"freq","wgtd":null}]},{"value":"2","labl":"Para dedicarse a estudiar","is_missing":null,"stats":[{"value":"0","type":"freq","wgtd":null}]}],"var_codinstr":null,"var_concept":[],"var_format":{"type":"character","schema":"other","category":null,"name":null},"var_notes":null,"var_val_range":{"min":null,"max":null},"fid":"F48","sid":"116","survey_idno":"DANE-DIMPE-ECH-2006"}

Por que motivo o razón principal ....dejó ese trabajo

El acceso a microdatos y Mam-up se considera como de tratamiento especial respecto a la reserva estadística por tanto estará sujeto a la reglamentación que para el efecto defina el Comité de Aseguramiento de la reserva estadística. Resolución 173 de 2008.

Informante Idóneo

57.   En este último trabajo... era:

1	Obrero o empleado de empresa particular
2	Obrero o empleado del gobierno
3	Empleado doméstico
4	Jornalero o peón
5      Trabajador por cuenta propia
6	Patrón o empleador
7	Trabajador familiar sin remuneración

57.A. ¿ Por que motivo o razón principal ....dejó ese trabajo?

1	Por despido
2	Para dedicarse a estudiar
3	Responsabilidades familiares
4	Enfermedad o accidente
5	Jubilación o retiro
6	Condiciones de trabajo insatisfactorias
7	Cierre o dificultad de la empresa
8	Trabajo temporal terminado
0	Otro ¿cuál?

58. Cuánto recibió ...... el mes pasado por concepto de:

Trabajo
$____

El objetivo de esta pregunta es indagar  los motivos por los cuales las personas dejan  los empleos.

Otra finalidad de la pregunta es analizar la calidad del empleo, asociada a las alternativas: condiciones del trabajo insatisfactorias, trabajo temporal, etc.

Esta pregunta es excluyente. Marque alternativa 0 (Otro, ¿cuál?), cuando la respuesta del informante no se asimile a las alternativas anteriores

En el caso de la Encuesta Continua de Hogares, el universo está conformado por la población civil no institucional residente en viviendas particulares.  Dentro de este contexto, es importante tener en cuenta los siguientes conceptos:

- Segmento. Es un área con límites definidos en la cual se encuentran ubicadas las viviendas seleccionadas. Cada segmento tiene doce (12) viviendas en promedio.

- Unidades de la muestra. Son aquellos elementos básicos utilizados para la selección de la muestra. En este caso es la unidad de vivienda y todos los hogares que viven en una unidad de vivienda se incluyen en la muestra, es decir, se deben investigar.

- Unidades de observación. Son aquellos conjuntos de elementos que componen el universo con una característica específica. En este caso la unidad básica de observación es el hogar.

Otro ¿cuál?

Jubilación o retiro
