{"file_id":"F5","vid":"V2507","name":"N93_CTA","var_intrvl":"discrete","var_dcml":"0","var_wgt":null,"var_is_wgt":null,"loc_start_pos":null,"loc_end_pos":null,"loc_width":"1","loc_rec_seg_no":null,"labl":"\u00bfUsted tom\u00f3 cursos o talleres en los \u00faltimos 12 meses en \u00e1reas art\u00edsticas y culturales?","var_imputation":null,"var_security":"El acceso a microdatos y Mam-up se considera como de tratamiento especial respecto a la reserva estad\u00edstica por tanto estar\u00e1 sujeto a la reglamentaci\u00f3n que para el efecto defina el Comit\u00e9 de Aseguramiento de la reserva estad\u00edstica. Resoluci\u00f3n 173 de 2008","var_resp_unit":"Directo","var_analysis_unit":null,"var_qstn_preqtxt":"y con qu\u00e9 frecuencia?\n\n1 Por lo menos una vez a la semana\n2 Una vez al mes\n3 Una vez cada tres meses\n4 Una vez cada seis meses\n5 Una vez al a\u00f1o","var_qstn_qstnlit":"\u00bfUsted tom\u00f3 cursos o talleres en los \u00faltimos 12 meses en \u00e1reas art\u00edsticas y culturales?","var_qstn_postqtxt":"\u00bfEn los \u00faltimos 12 meses, \u00bfhizo alguna pr\u00e1ctica cultural?\n\n1\tS\u00ed\n2\tNo","var_qstn_ivuinstr":"Si la persona de 12 a\u00f1os y m\u00e1s, contesta la opci\u00f3n NO debe pasar a la pregunta 94.\n\nEn el caso de los ni\u00f1os entre los 5 y 11 a\u00f1os, si responde NO, contin\u00faa con la pregunta 93.","var_universe":"Todas las personas de 5 a\u00f1os y m\u00e1s","var_universe_clusion":"I","var_sumstat":[],"var_txt":"Los cursos y talleres, de acuerdo con la Ley General de Educaci\u00f3n, integran la categor\u00eda \u2018Educaci\u00f3n informal\u2019. Por definici\u00f3n no conducen a la obtenci\u00f3n de un t\u00edtulo, sino que sirven para desarrollar un saber o una t\u00e9cnica espec\u00edfica o para complementar los conocimientos de un campo determinado. Estos cursos o talleres pueden ser impartidos por cualquier persona o instituci\u00f3n, sin necesidad de un aval de alguna autoridad educativa.\n\nEn tal sentido, no deben confundirse con la educaci\u00f3n formal, que est\u00e1 destinada a la obtenci\u00f3n de t\u00edtulos (t\u00e9cnicos, tecnol\u00f3gicos, universitarios, entre otros) o la no formal (diplomados, por ejemplo).","var_catgry":[{"value":"1","labl":"S\u00ed","is_missing":null,"stats":[]},{"value":"2","labl":"No","is_missing":null,"stats":[]}],"var_codinstr":null,"var_concept":[],"var_format":{"type":"numeric","schema":"other","category":null,"name":null},"var_notes":null,"var_val_range":{"min":null,"max":null},"fid":"F5","sid":"173","survey_idno":"DANE-DIRPEN-ECC-2009"}

¿Usted tomó cursos o talleres en los últimos 12 meses en áreas artísticas y culturales?

El acceso a microdatos y Mam-up se considera como de tratamiento especial respecto a la reserva estadística por tanto estará sujeto a la reglamentación que para el efecto defina el Comité de Aseguramiento de la reserva estadística. Resolución 173 de 2008

y con qué frecuencia?

1 Por lo menos una vez a la semana
2 Una vez al mes
3 Una vez cada tres meses
4 Una vez cada seis meses
5 Una vez al año

¿En los últimos 12 meses, ¿hizo alguna práctica cultural?

1	Sí
2	No

Si la persona de 12 años y más, contesta la opción NO debe pasar a la pregunta 94.

En el caso de los niños entre los 5 y 11 años, si responde NO, continúa con la pregunta 93.

Todas las personas de 5 años y más

Los cursos y talleres, de acuerdo con la Ley General de Educación, integran la categoría ‘Educación informal’. Por definición no conducen a la obtención de un título, sino que sirven para desarrollar un saber o una técnica específica o para complementar los conocimientos de un campo determinado. Estos cursos o talleres pueden ser impartidos por cualquier persona o institución, sin necesidad de un aval de alguna autoridad educativa.

En tal sentido, no deben confundirse con la educación formal, que está destinada a la obtención de títulos (técnicos, tecnológicos, universitarios, entre otros) o la no formal (diplomados, por ejemplo).

Sí
