{"file_id":"F21","vid":"V1469","name":"P8855S3","var_intrvl":"discrete","var_dcml":"0","var_wgt":null,"var_is_wgt":null,"loc_start_pos":"29","loc_end_pos":"29","loc_width":"1","loc_rec_seg_no":"1","labl":"Comercializaci\u00f3n de productos de la finca","var_imputation":null,"var_security":"El acceso a microdatos y Mam-up se considera como de tratamiento especial respecto a la reserva estad\u00edstica por tanto estar\u00e1 sujeto a la reglamentaci\u00f3n que para el efecto defina el Comit\u00e9 de Aseguramiento de la reserva estad\u00edstica. Resoluci\u00f3n 173 de 2008.","var_resp_unit":"Informante directo","var_analysis_unit":null,"var_qstn_preqtxt":"4. La asistencia t\u00e9cnica se concentr\u00f3 en aspectos de:\n\n- Administraci\u00f3n de la finca","var_qstn_qstnlit":"4. La asistencia t\u00e9cnica se concentr\u00f3 en aspectos de:\n\n- Comercializaci\u00f3n de productos de la finca","var_qstn_postqtxt":"4. La asistencia t\u00e9cnica se concentr\u00f3 en aspectos de:\n\n- Asociatividad","var_qstn_ivuinstr":"Se busca establecer cu\u00e1l es el aspecto o \u00e1rea donde se concentra la mayor oferta de asistencia t\u00e9cnica a las cuales pueden tener acceso los hogares del sector agropecuario.","var_universe":"Est\u00e1 conformado por la poblaci\u00f3n civil no institucional resi\u00addente en todo el territorio nacional. Este cap\u00edtulo es solo para el componente rural.\n\nEste cap\u00edtulo va dirigido a todos y cada uno de los hogares existentes en la vivienda.","var_universe_clusion":"I","var_sumstat":[{"value":"59","type":"vald","wgtd":null},{"value":"25305","type":"invd","wgtd":null},{"value":"1","type":"min","wgtd":null},{"value":"1","type":"max","wgtd":null},{"value":"1","type":"mean","wgtd":null},{"value":"0","type":"stdev","wgtd":null}],"var_txt":null,"var_catgry":[{"value":"1","labl":null,"is_missing":null,"stats":[{"value":"59","type":"freq","wgtd":null}]},{"value":"Sysmiss","labl":null,"is_missing":"Y","stats":[{"value":"25305","type":"freq","wgtd":null}]}],"var_codinstr":null,"var_concept":[],"var_format":{"type":"numeric","schema":"other","category":null,"name":null},"var_notes":null,"var_val_range":{"min":"1","max":"1"},"fid":"F21","sid":"196","survey_idno":"DANE-DIRPEN-ENCV-2011"}

Comercialización de productos de la finca

El acceso a microdatos y Mam-up se considera como de tratamiento especial respecto a la reserva estadística por tanto estará sujeto a la reglamentación que para el efecto defina el Comité de Aseguramiento de la reserva estadística. Resolución 173 de 2008.

4. La asistencia técnica se concentró en aspectos de:

- Administración de la finca

4. La asistencia técnica se concentró en aspectos de:

- Comercialización de productos de la finca

4. La asistencia técnica se concentró en aspectos de:

- Asociatividad

Se busca establecer cuál es el aspecto o área donde se concentra la mayor oferta de asistencia técnica a las cuales pueden tener acceso los hogares del sector agropecuario.

Está conformado por la población civil no institucional resi­dente en todo el territorio nacional. Este capítulo es solo para el componente rural.

Este capítulo va dirigido a todos y cada uno de los hogares existentes en la vivienda.
