{"file_id":"F30","vid":"V2280","name":"P8552","var_intrvl":"discrete","var_dcml":"0","var_wgt":null,"var_is_wgt":null,"loc_start_pos":"216","loc_end_pos":"216","loc_width":"1","loc_rec_seg_no":"1","labl":"Sin Estar Enfermo(A) Y Por Prevenci\u00f3n ______Consulta Por Lo Menos Una Vez Al A\u00f1o?","var_imputation":null,"var_security":"El acceso a microdatos y Mam-up se considera como de tratamiento especial respecto a la reserva estad\u00edstica por tanto estar\u00e1 sujeto a la reglamentaci\u00f3n que para el efecto defina el Comit\u00e9 de Aseguramiento de la reserva estad\u00edstica. Resoluci\u00f3n 173 de 2008","var_resp_unit":"Directo.","var_analysis_unit":null,"var_qstn_preqtxt":"11. El estado de salud de ___ en general, es:\n\na.\tMuy bueno\nb.\tBueno\nc.\tRegular\nd.\tMalo","var_qstn_qstnlit":"12. Sin estar enfermo(a) y por prevenci\u00f3n \u00bf ____ consulta por lo menos una vez al a\u00f1o?\n\na. S\u00f3lo al m\u00e9dico\nb. S\u00f3lo al odont\u00f3logo\nc. Al m\u00e9dico y al odont\u00f3logo\nd. A ninguno","var_qstn_postqtxt":"13. En los \u00faltimos 30 d\u00edas, <...> \u00bftuvo que acudir al servicio de urgencias en una instituci\u00f3n prestadora de servicios (hospital o cl\u00ednica) p\u00fablica o privada?\n\n1.\tS\u00ed\n2.\tNo","var_qstn_ivuinstr":"Lea las alternativas","var_universe":"El universo para la Encuesta de Calidad de Vida est\u00e1 conformado por la poblaci\u00f3n civil no institucional residente en todo el territorio nacional. \n\nEste cap\u00edtulo va dirigido a todas las personas del hogar.","var_universe_clusion":"I","var_sumstat":[{"value":"92188","type":"vald","wgtd":null},{"value":"0","type":"invd","wgtd":null}],"var_txt":null,"var_catgry":[{"value":"4","labl":"A ninguno","is_missing":null,"stats":[{"value":"42109","type":"freq","wgtd":null}]},{"value":"1","labl":"S\u00f3lo al m\u00e9dico","is_missing":null,"stats":[{"value":"23180","type":"freq","wgtd":null}]},{"value":"3","labl":"Al m\u00e9dico y al odont\u00f3logo","is_missing":null,"stats":[{"value":"22163","type":"freq","wgtd":null}]},{"value":"2","labl":"S\u00f3lo al odont\u00f3logo","is_missing":null,"stats":[{"value":"4736","type":"freq","wgtd":null}]}],"var_codinstr":null,"var_concept":[],"var_format":{"type":"numeric","schema":"other","category":null,"name":null},"var_notes":null,"var_val_range":{"min":null,"max":null},"fid":"F30","sid":"196","survey_idno":"DANE-DIRPEN-ENCV-2011"}

Sin Estar Enfermo(A) Y Por Prevención ______Consulta Por Lo Menos Una Vez Al Año?

El acceso a microdatos y Mam-up se considera como de tratamiento especial respecto a la reserva estadística por tanto estará sujeto a la reglamentación que para el efecto defina el Comité de Aseguramiento de la reserva estadística. Resolución 173 de 2008

12. Sin estar enfermo(a) y por prevención ¿ ____ consulta por lo menos una vez al año?

a. Sólo al médico
b. Sólo al odontólogo
c. Al médico y al odontólogo
d. A ninguno

13. En los últimos 30 días, <...> ¿tuvo que acudir al servicio de urgencias en una institución prestadora de servicios (hospital o clínica) pública o privada?

1.	Sí
2.	No

El universo para la Encuesta de Calidad de Vida está conformado por la población civil no institucional residente en todo el territorio nacional. 

Este capítulo va dirigido a todas las personas del hogar.

Sólo al médico

Al médico y al odontólogo

Sólo al odontólogo
