{"file_id":"F30","vid":"V2301","name":"P6192S6","var_intrvl":"discrete","var_dcml":"0","var_wgt":null,"var_is_wgt":null,"loc_start_pos":"199","loc_end_pos":"199","loc_width":"1","loc_rec_seg_no":"1","labl":"Derechos y obligaciones como usuario","var_imputation":null,"var_security":"El acceso a microdatos y Mam-up se considera como de tratamiento especial respecto a la reserva estad\u00edstica por tanto estar\u00e1 sujeto a la reglamentaci\u00f3n que para el efecto defina el Comit\u00e9 de Aseguramiento de la reserva estad\u00edstica. Resoluci\u00f3n 173 de 2008","var_resp_unit":"Directo.","var_analysis_unit":null,"var_qstn_preqtxt":"8. La entidad de seguridad social en salud a la que se encuentra afiliado(a) le ha dado informaci\u00f3n sobre:\n\nProgramas de promoci\u00f3n y prevenci\u00f3n en salud a los cuales puede acceder","var_qstn_qstnlit":"8. La entidad de seguridad social en salud a la que se encuentra afiliado(a) le ha dado informaci\u00f3n sobre:\n\nDerechos y obligaciones como usuario","var_qstn_postqtxt":"8. La entidad de seguridad social en salud a la que se encuentra afiliado(a) le ha dado informaci\u00f3n sobre:\n\nNo le han dado informaci\u00f3n","var_qstn_ivuinstr":"Solo para personas de 18 a\u00f1os y m\u00e1s","var_universe":"El universo para la Encuesta de Calidad de Vida est\u00e1 conformado por la poblaci\u00f3n civil no institucional residente en todo el territorio nacional. \n\nEste cap\u00edtulo va dirigido a todas las personas del hogar.","var_universe_clusion":"I","var_sumstat":[{"value":"7865","type":"vald","wgtd":null},{"value":"84323","type":"invd","wgtd":null},{"value":"1","type":"min","wgtd":null},{"value":"1","type":"max","wgtd":null},{"value":"1","type":"mean","wgtd":null},{"value":"0","type":"stdev","wgtd":null}],"var_txt":null,"var_catgry":[{"value":"1","labl":null,"is_missing":null,"stats":[{"value":"7865","type":"freq","wgtd":null}]},{"value":"Sysmiss","labl":null,"is_missing":"Y","stats":[{"value":"84323","type":"freq","wgtd":null}]}],"var_codinstr":null,"var_concept":[],"var_format":{"type":"numeric","schema":"other","category":null,"name":null},"var_notes":null,"var_val_range":{"min":"1","max":"1"},"fid":"F30","sid":"196","survey_idno":"DANE-DIRPEN-ENCV-2011"}

El acceso a microdatos y Mam-up se considera como de tratamiento especial respecto a la reserva estadística por tanto estará sujeto a la reglamentación que para el efecto defina el Comité de Aseguramiento de la reserva estadística. Resolución 173 de 2008

8. La entidad de seguridad social en salud a la que se encuentra afiliado(a) le ha dado información sobre:

Programas de promoción y prevención en salud a los cuales puede acceder

8. La entidad de seguridad social en salud a la que se encuentra afiliado(a) le ha dado información sobre:

Derechos y obligaciones como usuario

8. La entidad de seguridad social en salud a la que se encuentra afiliado(a) le ha dado información sobre:

No le han dado información

Solo para personas de 18 años y más

El universo para la Encuesta de Calidad de Vida está conformado por la población civil no institucional residente en todo el territorio nacional. 

Este capítulo va dirigido a todas las personas del hogar.
