{"file_id":"F30","vid":"V2355","name":"P8583","var_intrvl":"discrete","var_dcml":"0","var_wgt":null,"var_is_wgt":null,"loc_start_pos":"539","loc_end_pos":"539","loc_width":"1","loc_rec_seg_no":"1","labl":"\u00bfAlgunas de estas situaciones le ocurrieron durante su estancia en el hospital?","var_imputation":null,"var_security":"El acceso a microdatos y Mam-up se considera como de tratamiento especial respecto a la reserva estad\u00edstica por tanto estar\u00e1 sujeto a la reglamentaci\u00f3n que para el efecto defina el Comit\u00e9 de Aseguramiento de la reserva estad\u00edstica. Resoluci\u00f3n 173 de 2008","var_resp_unit":"Directo.","var_analysis_unit":null,"var_qstn_preqtxt":"38. Por este problema de salud, \u00bfdurante cu\u00e1ntos d\u00edas en total dej\u00f3 ____de realizar sus actividades normales?\n\nN\u00famero de d\u00edas _____","var_qstn_qstnlit":"39. \u00bfAlgunas de estas situaciones le ocurrieron durante su estancia en el hospital?","var_qstn_postqtxt":"39. \u00bfAlgunas de estas situaciones le ocurrieron durante su estancia en el hospital? \n\n- Ca\u00eddas de la cama, camilla o silla de ruedas","var_qstn_ivuinstr":"Esta pregunta indaga por la ocurrencia de algunas situaciones durante el tiempo que la persona estuvo hospitalizado.","var_universe":"El universo para la Encuesta de Calidad de Vida est\u00e1 conformado por la poblaci\u00f3n civil no institucional residente en todo el territorio nacional. \n\nEste cap\u00edtulo va dirigido a todas las personas del hogar.","var_universe_clusion":"I","var_sumstat":[{"value":"0","type":"vald","wgtd":null},{"value":"92188","type":"invd","wgtd":null}],"var_txt":null,"var_catgry":[{"value":"Sysmiss","labl":null,"is_missing":"Y","stats":[{"value":"92188","type":"freq","wgtd":null}]}],"var_codinstr":null,"var_concept":[],"var_format":{"type":"numeric","schema":"other","category":null,"name":null},"var_notes":null,"var_val_range":{"min":null,"max":null},"fid":"F30","sid":"196","survey_idno":"DANE-DIRPEN-ENCV-2011"}

El acceso a microdatos y Mam-up se considera como de tratamiento especial respecto a la reserva estadística por tanto estará sujeto a la reglamentación que para el efecto defina el Comité de Aseguramiento de la reserva estadística. Resolución 173 de 2008

38. Por este problema de salud, ¿durante cuántos días en total dejó ____de realizar sus actividades normales?

Número de días _____

39. ¿Algunas de estas situaciones le ocurrieron durante su estancia en el hospital? 

- Caídas de la cama, camilla o silla de ruedas

El universo para la Encuesta de Calidad de Vida está conformado por la población civil no institucional residente en todo el territorio nacional. 

Este capítulo va dirigido a todas las personas del hogar.
