{"file_id":"F30","vid":"V2367","name":"P6199S1","var_intrvl":"contin","var_dcml":"0","var_wgt":null,"var_is_wgt":null,"loc_start_pos":"229","loc_end_pos":"230","loc_width":"2","loc_rec_seg_no":"1","labl":"No. de d\u00edas","var_imputation":null,"var_security":"El acceso a microdatos y Mam-up se considera como de tratamiento especial respecto a la reserva estad\u00edstica por tanto estar\u00e1 sujeto a la reglamentaci\u00f3n que para el efecto defina el Comit\u00e9 de Aseguramiento de la reserva estad\u00edstica. Resoluci\u00f3n 173 de 2008","var_resp_unit":"Directo.","var_analysis_unit":null,"var_qstn_preqtxt":"22. \u00bfCuantos d\u00edas transcurrieron entre el momento de pedir la cita y el momento de la consulta con el m\u00e9dico general u odont\u00f3logo?","var_qstn_qstnlit":"22. \u00bfCuantos d\u00edas transcurrieron entre el momento de pedir la cita y el momento de la consulta con el m\u00e9dico general u odont\u00f3logo?\n\n- N\u00famero de d\u00edas _______","var_qstn_postqtxt":"23. \u00bf__ fue remitido a especialista?\n\na.\tS\u00ed\nb.\tNo","var_qstn_ivuinstr":"Busca establecer el n\u00famero de d\u00edas que la persona debi\u00f3 esperar para recibir atenci\u00f3n de un m\u00e9dico general u odont\u00f3logo, contando desde el momento de solicitud de la cita hasta el d\u00eda en el que lo atendi\u00f3 el m\u00e9dico general u odont\u00f3logo.","var_universe":"El universo para la Encuesta de Calidad de Vida est\u00e1 conformado por la poblaci\u00f3n civil no institucional residente en todo el territorio nacional. \n\nEste cap\u00edtulo va dirigido a todas las personas del hogar.","var_universe_clusion":"I","var_sumstat":[{"value":"4972","type":"vald","wgtd":null},{"value":"87216","type":"invd","wgtd":null},{"value":"0","type":"min","wgtd":null},{"value":"88","type":"max","wgtd":null},{"value":"2.941","type":"mean","wgtd":null},{"value":"5.373","type":"stdev","wgtd":null}],"var_txt":null,"var_catgry":[],"var_codinstr":null,"var_concept":[],"var_format":{"type":"numeric","schema":"other","category":null,"name":null},"var_notes":null,"var_val_range":{"min":"0","max":"88"},"fid":"F30","sid":"196","survey_idno":"DANE-DIRPEN-ENCV-2011"}

No. de días

El acceso a microdatos y Mam-up se considera como de tratamiento especial respecto a la reserva estadística por tanto estará sujeto a la reglamentación que para el efecto defina el Comité de Aseguramiento de la reserva estadística. Resolución 173 de 2008

22. ¿Cuantos días transcurrieron entre el momento de pedir la cita y el momento de la consulta con el médico general u odontólogo?

22. ¿Cuantos días transcurrieron entre el momento de pedir la cita y el momento de la consulta con el médico general u odontólogo?

- Número de días _______

23. ¿__ fue remitido a especialista?

a.	Sí
b.	No

Busca establecer el número de días que la persona debió esperar para recibir atención de un médico general u odontólogo, contando desde el momento de solicitud de la cita hasta el día en el que lo atendió el médico general u odontólogo.

El universo para la Encuesta de Calidad de Vida está conformado por la población civil no institucional residente en todo el territorio nacional. 

Este capítulo va dirigido a todas las personas del hogar.
