{"file_id":"F35","vid":"V2694","name":"P7909S7A1","var_intrvl":"discrete","var_dcml":null,"var_wgt":null,"var_is_wgt":null,"loc_start_pos":"119","loc_end_pos":"198","loc_width":"80","loc_rec_seg_no":"1","labl":"\u00bfCu\u00e1l?","var_imputation":null,"var_security":"El acceso a microdatos y Mam-up se considera como de tratamiento especial respecto a la reserva estad\u00edstica por tanto estar\u00e1 sujeto a la reglamentaci\u00f3n que para el efecto defina el Comit\u00e9 de Aseguramiento de la reserva estad\u00edstica. Resoluci\u00f3n 173 de 2008.","var_resp_unit":"Directo.","var_analysis_unit":null,"var_qstn_preqtxt":"42. De la cantidad total cosechada de  <...> qu\u00e9 cantidad fue destinada a:\n\n- Otro","var_qstn_qstnlit":"42. De la cantidad total cosechada de  <...> qu\u00e9 cantidad fue destinada a:\n\n- Otro\n\n- \u00bfCu\u00e1l?","var_qstn_postqtxt":"42. De la cantidad total cosechada de  <...> qu\u00e9 cantidad fue destinada a:\n\n- Otro\n\n- Cantidad","var_qstn_ivuinstr":"Escriba la cantidad en la misma unidad de medida utilizada para la cantidad total cosechada.\nEsta pregunta tiene como objeto valorar la producci\u00f3n agr\u00edcola en cuanto a: ventas, autoconsumo, regalo, intercambio, pago en especie, semillas y alimentos para animales u otra causa.","var_universe":"El universo para la Encuesta de Calidad de Vida est\u00e1 conformado por la poblaci\u00f3n civil no institucional residente en todo el territorio nacional.\n\nVa dirigido a todos los hogares con fincas, tierras o parcelas propias, en arriendo, en aparcer\u00eda, en usufructo o poseci\u00f3n de hecho, que cosecharon durante los \u00faltimos 12 meses alg\u00fan producto agr\u00edcola o forestal.","var_universe_clusion":"I","var_sumstat":[{"value":"15","type":"vald","wgtd":null},{"value":"0","type":"invd","wgtd":null}],"var_txt":"Otro, \u00bfCu\u00e1l? Si el hogar manifiesta que cosecho alg\u00fan producto agr\u00edcola o aprovecho alg\u00fan producto forestal y lo perdieron en su totalidad o parte de ella se debe seleccionar la opci\u00f3n otro cual relacionar como perdida y asignar la cantidad respectiva.","var_catgry":[{"value":"APENAS ESTA EN COSECHA EL SE\u00d1OR TIENE 5 MESES DE ESTAR EN ESTA FINCA","labl":null,"is_missing":null,"stats":[{"value":"1","type":"freq","wgtd":null}]},{"value":"AUN NO HA SALIDO LA COSECHA","labl":null,"is_missing":null,"stats":[{"value":"1","type":"freq","wgtd":null}]},{"value":"EL PASTO NO LO CONSUME NINGUN ANIMAL","labl":null,"is_missing":null,"stats":[{"value":"1","type":"freq","wgtd":null}]},{"value":"ESTA EN COSECHA LLEVA 5 MESES EN ESTA FINCA Y AUN NOHA SACADO LA PRIMERA COSECHA","labl":null,"is_missing":null,"stats":[{"value":"1","type":"freq","wgtd":null}]},{"value":"ESTA EN COSECHA POR PRIMERA VEZ.","labl":null,"is_missing":null,"stats":[{"value":"1","type":"freq","wgtd":null}]},{"value":"ESTAN PEQUE\u00d1O LAS  CIEMBRA LA HIZO A MEDIADOS DEL A\u00d1O 2010, TODAVIA NO HA RECOGI","labl":null,"is_missing":null,"stats":[{"value":"1","type":"freq","wgtd":null}]},{"value":"ESTAN PEQUE\u00d1OS TODAVIA NO HA RECOGIDO COSECHA","labl":null,"is_missing":null,"stats":[{"value":"1","type":"freq","wgtd":null}]},{"value":"NO LA HA CONSUMIDO NI VENDIDO","labl":null,"is_missing":null,"stats":[{"value":"1","type":"freq","wgtd":null}]},{"value":"PERDIDA POR INVIERNO","labl":null,"is_missing":null,"stats":[{"value":"1","type":"freq","wgtd":null}]},{"value":"PERDIDA POR OLA INVERNAL","labl":null,"is_missing":null,"stats":[{"value":"1","type":"freq","wgtd":null}]},{"value":"PRODUCTO DA\u00d1ADO","labl":null,"is_missing":null,"stats":[{"value":"1","type":"freq","wgtd":null}]},{"value":"SE PERDIO LA COSECHA EN SU TOTALIDAD","labl":null,"is_missing":null,"stats":[{"value":"1","type":"freq","wgtd":null}]},{"value":"SE VA A VENDER  EN EL MES DE ENERO DE 2012","labl":null,"is_missing":null,"stats":[{"value":"1","type":"freq","wgtd":null}]},{"value":"TODVIA NO SE HA RECOJIDO ES EN ENERO DE 2012","labl":null,"is_missing":null,"stats":[{"value":"1","type":"freq","wgtd":null}]},{"value":"para llevar al negocio del hogar","labl":null,"is_missing":null,"stats":[{"value":"1","type":"freq","wgtd":null}]}],"var_codinstr":null,"var_concept":[],"var_format":{"type":"character","schema":"other","category":null,"name":null},"var_notes":null,"var_val_range":{"min":null,"max":null},"fid":"F35","sid":"196","survey_idno":"DANE-DIRPEN-ENCV-2011"}

¿Cuál?

El acceso a microdatos y Mam-up se considera como de tratamiento especial respecto a la reserva estadística por tanto estará sujeto a la reglamentación que para el efecto defina el Comité de Aseguramiento de la reserva estadística. Resolución 173 de 2008.

42. De la cantidad total cosechada de  <...> qué cantidad fue destinada a:

- Otro

42. De la cantidad total cosechada de  <...> qué cantidad fue destinada a:

- Otro

- ¿Cuál?

42. De la cantidad total cosechada de  <...> qué cantidad fue destinada a:

- Otro

- Cantidad

Escriba la cantidad en la misma unidad de medida utilizada para la cantidad total cosechada.
Esta pregunta tiene como objeto valorar la producción agrícola en cuanto a: ventas, autoconsumo, regalo, intercambio, pago en especie, semillas y alimentos para animales u otra causa.

El universo para la Encuesta de Calidad de Vida está conformado por la población civil no institucional residente en todo el territorio nacional.

Va dirigido a todos los hogares con fincas, tierras o parcelas propias, en arriendo, en aparcería, en usufructo o poseción de hecho, que cosecharon durante los últimos 12 meses algún producto agrícola o forestal.

Otro, ¿Cuál? Si el hogar manifiesta que cosecho algún producto agrícola o aprovecho algún producto forestal y lo perdieron en su totalidad o parte de ella se debe seleccionar la opción otro cual relacionar como perdida y asignar la cantidad respectiva.

APENAS ESTA EN COSECHA EL SEÑOR TIENE 5 MESES DE ESTAR EN ESTA FINCA

ESTAN PEQUEÑO LAS  CIEMBRA LA HIZO A MEDIADOS DEL AÑO 2010, TODAVIA NO HA RECOGI

ESTAN PEQUEÑOS TODAVIA NO HA RECOGIDO COSECHA

PRODUCTO DAÑADO
