{"file_id":"F39","vid":"V3071","name":"P6165","var_intrvl":"discrete","var_dcml":"0","var_wgt":null,"var_is_wgt":null,"loc_start_pos":"161","loc_end_pos":"161","loc_width":"1","loc_rec_seg_no":"1","labl":"A qu\u00e9 tipo de jard\u00edn infantil, hogar comunitario, guarder\u00eda o jard\u00edn asiste?","var_imputation":null,"var_security":"El acceso a microdatos y Mam-up se considera como de tratamiento especial respecto a la reserva estad\u00edstica por tanto estar\u00e1 sujeto a la reglamentaci\u00f3n que para el efecto defina el Comit\u00e9 de Aseguramiento de la reserva estad\u00edstica. Resoluci\u00f3n 173 de 2008.","var_resp_unit":"Directo.","var_analysis_unit":null,"var_qstn_preqtxt":"2. \u00bfCu\u00e1l es la raz\u00f3n principal por la que _____ no asiste a una guarder\u00eda, hogar comunitario o jardin? - g. Otra,\n\n- \u00bfcu\u00e1l? _________________","var_qstn_qstnlit":"3. \u00bfA qu\u00e9 tipo de hogar comunitario, guarder\u00eda o jard\u00edn asiste?\n\na. Hogar comunitario de Bienestar Familiar\nb. Guarder\u00eda hogar infantil o jard\u00edn de Bienestar Familiar\nc. Otra guarder\u00eda \u00f3 jard\u00edn oficial\nd. Guarder\u00eda o jard\u00edn privado","var_qstn_postqtxt":"4. Qu\u00e9 medio de transporte utiliza <...> Para ir a la instituci\u00f3n a la que asiste?\n\n1. Veh\u00edculo particular\t\t\t\n2. Transporte escolar (ruta escolar)\t\n3. Transporte p\u00fablico\t\t\t\n4. A pie\t\t\t\t\t\n5. Otro","var_qstn_ivuinstr":"Nota: En los Municipios donde no funcione el grado 0 organizado por la Secretar\u00eda de Educaci\u00f3n, se atienden los ni\u00f1os y ni\u00f1as hasta los 7 a\u00f1os.","var_universe":"Calidad de Vida est\u00e1 conformado por la poblaci\u00f3n civil no institucional residente en todo el territorio nacional.\n\nEste cap\u00edtulo esta dirigido a los ni\u00f1os y ni\u00f1as menores de cinco a\u00f1os.","var_universe_clusion":"I","var_sumstat":[{"value":"2585","type":"vald","wgtd":null},{"value":"5811","type":"invd","wgtd":null}],"var_txt":"- Hogar comunitario de Bienestar Familiar: es un centro que funciona en la vivienda de la madre comunitaria que lo atiende. En \u00e9l se atiende prioritariamente a ni\u00f1os y ni\u00f1as menores de 5 a\u00f1os con vulnerabilidad econ\u00f3mica, social, cultural, nutricional y psicoafectiva. \n\n- Guarder\u00eda o jard\u00edn de Bienestar Familiar: Bienestar Familiar ha creado guarder\u00edas y jardines con el fin de garantizar el cuidado de los ni\u00f1os y ni\u00f1as de familias en situaci\u00f3n de vulnerabilidad. \n\n- Otra guarder\u00eda o jard\u00edn oficial: Algunas entidades oficiales han creado jardines y\/o preescolares para garantizar el cuidado de los hijos de los empleados. \n\n- Guarder\u00eda o jard\u00edn privado: Son todas aquellas guarder\u00edas o jardines que se financian con recursos provenientes de personas y\/o entidades privadas.","var_catgry":[{"value":"1","labl":"Hogar comunitario de Bienestar Familiar","is_missing":null,"stats":[{"value":"1415","type":"freq","wgtd":null}]},{"value":"2","labl":"Guarder\u00eda, hogar infantil o jard\u00edn de Bienestar familiar","is_missing":null,"stats":[{"value":"607","type":"freq","wgtd":null}]},{"value":"3","labl":"Otra guarder\u00eda o jard\u00edn oficial","is_missing":null,"stats":[{"value":"164","type":"freq","wgtd":null}]},{"value":"4","labl":"Guarder\u00eda o jard\u00edn privado","is_missing":null,"stats":[{"value":"399","type":"freq","wgtd":null}]},{"value":"Sysmiss","labl":null,"is_missing":"Y","stats":[{"value":"5811","type":"freq","wgtd":null}]}],"var_codinstr":null,"var_concept":[],"var_format":{"type":"numeric","schema":"other","category":null,"name":null},"var_notes":null,"var_val_range":{"min":null,"max":null},"fid":"F39","sid":"196","survey_idno":"DANE-DIRPEN-ENCV-2011"}

A qué tipo de jardín infantil, hogar comunitario, guardería o jardín asiste?

El acceso a microdatos y Mam-up se considera como de tratamiento especial respecto a la reserva estadística por tanto estará sujeto a la reglamentación que para el efecto defina el Comité de Aseguramiento de la reserva estadística. Resolución 173 de 2008.

2. ¿Cuál es la razón principal por la que _____ no asiste a una guardería, hogar comunitario o jardin? - g. Otra,

- ¿cuál? _________________

3. ¿A qué tipo de hogar comunitario, guardería o jardín asiste?

a. Hogar comunitario de Bienestar Familiar
b. Guardería hogar infantil o jardín de Bienestar Familiar
c. Otra guardería ó jardín oficial
d. Guardería o jardín privado

4. Qué medio de transporte utiliza <...> Para ir a la institución a la que asiste?

1. Vehículo particular			
2. Transporte escolar (ruta escolar)	
3. Transporte público			
4. A pie					
5. Otro

Nota: En los Municipios donde no funcione el grado 0 organizado por la Secretaría de Educación, se atienden los niños y niñas hasta los 7 años.

Calidad de Vida está conformado por la población civil no institucional residente en todo el territorio nacional.

Este capítulo esta dirigido a los niños y niñas menores de cinco años.

- Hogar comunitario de Bienestar Familiar: es un centro que funciona en la vivienda de la madre comunitaria que lo atiende. En él se atiende prioritariamente a niños y niñas menores de 5 años con vulnerabilidad económica, social, cultural, nutricional y psicoafectiva. 

- Guardería o jardín de Bienestar Familiar: Bienestar Familiar ha creado guarderías y jardines con el fin de garantizar el cuidado de los niños y niñas de familias en situación de vulnerabilidad. 

- Otra guardería o jardín oficial: Algunas entidades oficiales han creado jardines y/o preescolares para garantizar el cuidado de los hijos de los empleados. 

- Guardería o jardín privado: Son todas aquellas guarderías o jardines que se financian con recursos provenientes de personas y/o entidades privadas.

Guardería, hogar infantil o jardín de Bienestar familiar

Otra guardería o jardín oficial

Guardería o jardín privado
