{"file_id":"F39","vid":"V3132","name":"P6176S1","var_intrvl":"discrete","var_dcml":null,"var_wgt":null,"var_is_wgt":null,"loc_start_pos":"16","loc_end_pos":"80","loc_width":"65","loc_rec_seg_no":"1","labl":"\u00bfCu\u00e1l?","var_imputation":null,"var_security":"El acceso a microdatos y Mam-up se considera como de tratamiento especial respecto a la reserva estad\u00edstica por tanto estar\u00e1 sujeto a la reglamentaci\u00f3n que para el efecto defina el Comit\u00e9 de Aseguramiento de la reserva estad\u00edstica. Resoluci\u00f3n 173 de 2008.","var_resp_unit":"Directo.","var_analysis_unit":null,"var_qstn_preqtxt":"1. \u00bfD\u00f3nde o con qui\u00e9n permanece ..... durante la mayor parte del tiempo entre semana?\n\na. Asiste a un hogar comunitario, guarder\u00eda o jard\u00edn\nb. Con su padre o madre en la casa\nc. Con su padre o madre en el trabajo\nd. Con la empleada o ni\u00f1era en la casa\ne. Al cuidado de un pariente de 18 a\u00f1os o m\u00e1s\nf. Al cuidado de un pariente menor de 18 a\u00f1os\ng. En casa solo\nh. Otro, \u00bfcu\u00e1l?","var_qstn_qstnlit":"\u00bfCu\u00e1l?","var_qstn_postqtxt":"2. \u00bfCu\u00e1l es la raz\u00f3n principal por la que _____ no asiste a una guarder\u00eda, hogar comunitario o jardin?\n\na. No hay una instituci\u00f3n cercana\nb. Es muy costoso\nc. No encontr\u00f3 cupo\nd. Prefiere que no asista todav\u00eda\ne. Tiene un familiar en la casa que lo cuida\nf. Considera que no est\u00e1 en edad de asistir o es recien nacido\ng. Otra, \u00bfcu\u00e1l?","var_qstn_ivuinstr":null,"var_universe":"Calidad de Vida est\u00e1 conformado por la poblaci\u00f3n civil no institucional residente en todo el territorio nacional.\n\nEste cap\u00edtulo esta dirigido a los ni\u00f1os y ni\u00f1as menores de cinco a\u00f1os.","var_universe_clusion":"I","var_sumstat":[{"value":"54","type":"vald","wgtd":null},{"value":"0","type":"invd","wgtd":null}],"var_txt":null,"var_catgry":[{"value":"AL CUIDADO DE UN  PARIENTE MAYOR DE 18 A\u00d1OS","labl":null,"is_missing":null,"stats":[{"value":"1","type":"freq","wgtd":null}]},{"value":"AL NI\u00d1O LO CUIDA UNA SE\u00d1ORA QUE NO ES FAMILIAR","labl":null,"is_missing":null,"stats":[{"value":"1","type":"freq","wgtd":null}]},{"value":"AMIGA DE LA FAMILIA","labl":null,"is_missing":null,"stats":[{"value":"1","type":"freq","wgtd":null}]},{"value":"ASISTE AL COLEGIO","labl":null,"is_missing":null,"stats":[{"value":"1","type":"freq","wgtd":null}]},{"value":"ASISTENTE EN EL COLEGIO","labl":null,"is_missing":null,"stats":[{"value":"1","type":"freq","wgtd":null}]},{"value":"ASISTENTE EN ESCUELA","labl":null,"is_missing":null,"stats":[{"value":"1","type":"freq","wgtd":null}]},{"value":"ATENCION A LA PRIMERA INFANCIA CADA 8 DIAS","labl":null,"is_missing":null,"stats":[{"value":"1","type":"freq","wgtd":null}]},{"value":"BIENESTAR FAMILIAR","labl":null,"is_missing":null,"stats":[{"value":"1","type":"freq","wgtd":null}]},{"value":"COLEGIO","labl":null,"is_missing":null,"stats":[{"value":"3","type":"freq","wgtd":null}]},{"value":"COLEGIO COMFAMILIAR LOS LAGOS","labl":null,"is_missing":null,"stats":[{"value":"1","type":"freq","wgtd":null}]},{"value":"COLEGIO PRIVADO","labl":null,"is_missing":null,"stats":[{"value":"2","type":"freq","wgtd":null}]},{"value":"COLEGIO SAGRADO CORAZON DE JESUS","labl":null,"is_missing":null,"stats":[{"value":"1","type":"freq","wgtd":null}]},{"value":"CON LA HIJASTRA DE JIRA","labl":null,"is_missing":null,"stats":[{"value":"1","type":"freq","wgtd":null}]},{"value":"CON LA HIJATRA DE LA MADRE","labl":null,"is_missing":null,"stats":[{"value":"1","type":"freq","wgtd":null}]},{"value":"CON PERSONA MAYOR DE 18 A\u00d1OS EN OTRO HOGAR","labl":null,"is_missing":null,"stats":[{"value":"1","type":"freq","wgtd":null}]},{"value":"CON UNA AMIGA EN MI CASA","labl":null,"is_missing":null,"stats":[{"value":"1","type":"freq","wgtd":null}]},{"value":"CON UNA VECINA","labl":null,"is_missing":null,"stats":[{"value":"1","type":"freq","wgtd":null}]},{"value":"CUIDADO DE NO PARIENTE MAYOR DE 18 A\u00d1OS","labl":null,"is_missing":null,"stats":[{"value":"1","type":"freq","wgtd":null}]},{"value":"EN CASA DE LA NI\u00d1ERA","labl":null,"is_missing":null,"stats":[{"value":"1","type":"freq","wgtd":null}]},{"value":"EN CASA DE UNA AMIGA DE LA FAMILIA","labl":null,"is_missing":null,"stats":[{"value":"1","type":"freq","wgtd":null}]},{"value":"EN EL COLEGIO","labl":null,"is_missing":null,"stats":[{"value":"2","type":"freq","wgtd":null}]},{"value":"EN EL HOSPITAL ACABO DE NACER","labl":null,"is_missing":null,"stats":[{"value":"1","type":"freq","wgtd":null}]},{"value":"ES CUIDADO POR UN FAMILIAR DE OTRA VIVIENDA","labl":null,"is_missing":null,"stats":[{"value":"1","type":"freq","wgtd":null}]},{"value":"ESCUELA","labl":null,"is_missing":null,"stats":[{"value":"2","type":"freq","wgtd":null}]},{"value":"ESTA EN UN COLEGIO LOS ANDES","labl":null,"is_missing":null,"stats":[{"value":"1","type":"freq","wgtd":null}]},{"value":"ESTA MATRICULADA EN UN COLEGIO PUBLICO Y HACE PRIMERO DE PRIMARIA","labl":null,"is_missing":null,"stats":[{"value":"1","type":"freq","wgtd":null}]},{"value":"ESTUDIA COLEGIO TRANSICION","labl":null,"is_missing":null,"stats":[{"value":"1","type":"freq","wgtd":null}]},{"value":"GUARDERIA","labl":null,"is_missing":null,"stats":[{"value":"1","type":"freq","wgtd":null}]},{"value":"H C","labl":null,"is_missing":null,"stats":[{"value":"1","type":"freq","wgtd":null}]},{"value":"HERMANA DE RELIGION","labl":null,"is_missing":null,"stats":[{"value":"1","type":"freq","wgtd":null}]},{"value":"HOGAR SUSTITUTO","labl":null,"is_missing":null,"stats":[{"value":"2","type":"freq","wgtd":null}]},{"value":"JUGAR","labl":null,"is_missing":null,"stats":[{"value":"1","type":"freq","wgtd":null}]},{"value":"JUGAR CON LAS MU\u00d1ECAS DE PALOS","labl":null,"is_missing":null,"stats":[{"value":"1","type":"freq","wgtd":null}]},{"value":"LA  CUIDA  LA VECINA","labl":null,"is_missing":null,"stats":[{"value":"1","type":"freq","wgtd":null}]},{"value":"LA JEFA DEL HOGAR","labl":null,"is_missing":null,"stats":[{"value":"1","type":"freq","wgtd":null}]},{"value":"LA NI\u00d1A ES ASISTENTE EN UNA ESCUELA.","labl":null,"is_missing":null,"stats":[{"value":"1","type":"freq","wgtd":null}]},{"value":"LO CUIDAN PARTICULARMENTE UNA SE\u00d1ORA","labl":null,"is_missing":null,"stats":[{"value":"1","type":"freq","wgtd":null}]},{"value":"MADRE SUSTITUTA","labl":null,"is_missing":null,"stats":[{"value":"2","type":"freq","wgtd":null}]},{"value":"MAYOR DE 18 A\u00d1OS NO PARIENTE","labl":null,"is_missing":null,"stats":[{"value":"1","type":"freq","wgtd":null}]},{"value":"PREESCOLAR LICEO NACIONAL MAX SEIDEN","labl":null,"is_missing":null,"stats":[{"value":"1","type":"freq","wgtd":null}]},{"value":"SAMUEL LO CUIDA UNA PERSONAMAYOR DE 18 A\u00d1OS EN OTRA VIVIENDA","labl":null,"is_missing":null,"stats":[{"value":"1","type":"freq","wgtd":null}]},{"value":"SRA ANA EN OTRA CASA","labl":null,"is_missing":null,"stats":[{"value":"1","type":"freq","wgtd":null}]},{"value":"SRA ANA LA CUIDA EN SU CASA","labl":null,"is_missing":null,"stats":[{"value":"1","type":"freq","wgtd":null}]},{"value":"UNA SEMANA EN  CASA DE LA MAMA Y OTRA CON EL  PAPA","labl":null,"is_missing":null,"stats":[{"value":"1","type":"freq","wgtd":null}]},{"value":"UNA SE\u00d1ORA QUE LO CUIDA  EN CASA DE ELLA","labl":null,"is_missing":null,"stats":[{"value":"1","type":"freq","wgtd":null}]},{"value":"UNA VECINA  LA CUIDA","labl":null,"is_missing":null,"stats":[{"value":"1","type":"freq","wgtd":null}]},{"value":"VA A LA ESCUELA","labl":null,"is_missing":null,"stats":[{"value":"1","type":"freq","wgtd":null}]}],"var_codinstr":null,"var_concept":[],"var_format":{"type":"character","schema":"other","category":null,"name":null},"var_notes":null,"var_val_range":{"min":null,"max":null},"fid":"F39","sid":"196","survey_idno":"DANE-DIRPEN-ENCV-2011"}

¿Cuál?

El acceso a microdatos y Mam-up se considera como de tratamiento especial respecto a la reserva estadística por tanto estará sujeto a la reglamentación que para el efecto defina el Comité de Aseguramiento de la reserva estadística. Resolución 173 de 2008.

1. ¿Dónde o con quién permanece ..... durante la mayor parte del tiempo entre semana?

a. Asiste a un hogar comunitario, guardería o jardín
b. Con su padre o madre en la casa
c. Con su padre o madre en el trabajo
d. Con la empleada o niñera en la casa
e. Al cuidado de un pariente de 18 años o más
f. Al cuidado de un pariente menor de 18 años
g. En casa solo
h. Otro, ¿cuál?

2. ¿Cuál es la razón principal por la que _____ no asiste a una guardería, hogar comunitario o jardin?

a. No hay una institución cercana
b. Es muy costoso
c. No encontró cupo
d. Prefiere que no asista todavía
e. Tiene un familiar en la casa que lo cuida
f. Considera que no está en edad de asistir o es recien nacido
g. Otra, ¿cuál?

Calidad de Vida está conformado por la población civil no institucional residente en todo el territorio nacional.

Este capítulo esta dirigido a los niños y niñas menores de cinco años.

AL CUIDADO DE UN  PARIENTE MAYOR DE 18 AÑOS

AL NIÑO LO CUIDA UNA SEÑORA QUE NO ES FAMILIAR

CON PERSONA MAYOR DE 18 AÑOS EN OTRO HOGAR

CUIDADO DE NO PARIENTE MAYOR DE 18 AÑOS

EN CASA DE LA NIÑERA

JUGAR CON LAS MUÑECAS DE PALOS

LA NIÑA ES ASISTENTE EN UNA ESCUELA.

LO CUIDAN PARTICULARMENTE UNA SEÑORA

MAYOR DE 18 AÑOS NO PARIENTE

SAMUEL LO CUIDA UNA PERSONAMAYOR DE 18 AÑOS EN OTRA VIVIENDA

UNA SEÑORA QUE LO CUIDA  EN CASA DE ELLA
