{"file_id":"F40","vid":"V3148","name":"P6300","var_intrvl":"discrete","var_dcml":"0","var_wgt":null,"var_is_wgt":null,"loc_start_pos":"102","loc_end_pos":"102","loc_width":"1","loc_rec_seg_no":"1","labl":"\u00bfDesea_______conseguir un trabajo remunerado o instalar un negocio?","var_imputation":null,"var_security":"El acceso a microdatos y Mam-up se considera como de tratamiento especial respecto a la reserva estad\u00edstica por tanto estar\u00e1 sujeto a la reglamentaci\u00f3n que para el efecto defina el Comit\u00e9 de Aseguramiento de la reserva estad\u00edstica. Resoluci\u00f3n 173 de 2008.","var_resp_unit":"Informante Directo","var_analysis_unit":null,"var_qstn_preqtxt":"En las \u00daLTIMAS 4 SEMANAS \u00bf.....hizo alguna diligencia para conseguir un trabajo o instalar un negocio?\n\n1. S\u00ed\n2. No","var_qstn_qstnlit":"\u00bfDesea_______conseguir un trabajo remunerado o instalar un negocio? \n\n1. S\u00ed\n2. No","var_qstn_postqtxt":"Aunque..... desea trabajar, \u00bfpor qu\u00e9 motivo  principal no hizo  diligencias para buscar un trabajo o instalar un negocio en las \u00daLTIMAS 4 SEMANAS?\n\na. Ya encontr\u00f3 trabajo\nb. No hay trabajo disponible en la ciudad o regi\u00f3n\nc. Est\u00e1 esperando que lo llamen\nd. No sabe c\u00f3mo buscarlo\ne. Est\u00e1 cansado de buscar\nf. No encuentra trabajo en su oficio o profesi\u00f3n.\ng. Est\u00e1 esperando la temporada alta\nh. Carece de la experiencia necesaria\ni. No tiene recursos para instalar un negocio\nj. Los empleadores lo consideran muy joven o muy viejo\nk. Usted se considera muy joven o muy viejo\nl. Responsabilidades familiares o embarazo\nm.Problemas de salud\nn. Est\u00e1 estudiando\n\u00f1. Otro, \u00bfcu\u00e1l?","var_qstn_ivuinstr":"La pregunta se formula a las personas que no tienen trabajo y no hicieron diligencias para conseguirlo en las \u00faltimas 4 semanas, su objetivo es filtrar a aquellas personas que no desean trabajar.","var_universe":"El universo para la ECV est\u00e1 conformado por la poblaci\u00f3n civil no institucional resi\u00addente en todo el territorio nacional.\n\nEste cap\u00edtulo va dirigido a personas de 12 a\u00f1os y m\u00e1s.","var_universe_clusion":"I","var_sumstat":[{"value":"27787","type":"vald","wgtd":null},{"value":"42505","type":"invd","wgtd":null},{"value":"1","type":"min","wgtd":null},{"value":"2","type":"max","wgtd":null},{"value":"1.837","type":"mean","wgtd":null},{"value":"0.37","type":"stdev","wgtd":null}],"var_txt":null,"var_catgry":[{"value":"2","labl":"No","is_missing":null,"stats":[{"value":"23253","type":"freq","wgtd":null}]},{"value":"1","labl":"S\u00ed","is_missing":null,"stats":[{"value":"4534","type":"freq","wgtd":null}]},{"value":"Sysmiss","labl":null,"is_missing":"Y","stats":[{"value":"42505","type":"freq","wgtd":null}]}],"var_codinstr":null,"var_concept":[],"var_format":{"type":"numeric","schema":"other","category":null,"name":null},"var_notes":null,"var_val_range":{"min":null,"max":null},"fid":"F40","sid":"196","survey_idno":"DANE-DIRPEN-ENCV-2011"}

El acceso a microdatos y Mam-up se considera como de tratamiento especial respecto a la reserva estadística por tanto estará sujeto a la reglamentación que para el efecto defina el Comité de Aseguramiento de la reserva estadística. Resolución 173 de 2008.

En las ÚLTIMAS 4 SEMANAS ¿.....hizo alguna diligencia para conseguir un trabajo o instalar un negocio?

1. Sí
2. No

¿Desea_______conseguir un trabajo remunerado o instalar un negocio? 

1. Sí
2. No

Aunque..... desea trabajar, ¿por qué motivo  principal no hizo  diligencias para buscar un trabajo o instalar un negocio en las ÚLTIMAS 4 SEMANAS?

a. Ya encontró trabajo
b. No hay trabajo disponible en la ciudad o región
c. Está esperando que lo llamen
d. No sabe cómo buscarlo
e. Está cansado de buscar
f. No encuentra trabajo en su oficio o profesión.
g. Está esperando la temporada alta
h. Carece de la experiencia necesaria
i. No tiene recursos para instalar un negocio
j. Los empleadores lo consideran muy joven o muy viejo
k. Usted se considera muy joven o muy viejo
l. Responsabilidades familiares o embarazo
m.Problemas de salud
n. Está estudiando
ñ. Otro, ¿cuál?

La pregunta se formula a las personas que no tienen trabajo y no hicieron diligencias para conseguirlo en las últimas 4 semanas, su objetivo es filtrar a aquellas personas que no desean trabajar.

El universo para la ECV está conformado por la población civil no institucional resi­dente en todo el territorio nacional.

Este capítulo va dirigido a personas de 12 años y más.

Sí
