{"file_id":"F40","vid":"V3149","name":"P6320","var_intrvl":"discrete","var_dcml":"0","var_wgt":null,"var_is_wgt":null,"loc_start_pos":"103","loc_end_pos":"103","loc_width":"1","loc_rec_seg_no":"1","labl":"Durante los \u00faltimos 12 MESES (\u00faltimas 52 semanas)  \u00bf\u2026ha hecho alguna diligencia para conseguir trabajo o instalar un negocio?","var_imputation":null,"var_security":"El acceso a microdatos y Mam-up se considera como de tratamiento especial respecto a la reserva estad\u00edstica por tanto estar\u00e1 sujeto a la reglamentaci\u00f3n que para el efecto defina el Comit\u00e9 de Aseguramiento de la reserva estad\u00edstica. Resoluci\u00f3n 173 de 2008.","var_resp_unit":"Informante Directo","var_analysis_unit":null,"var_qstn_preqtxt":"\u00bfDesea_______conseguir un trabajo remunerado o instalar un negocio? \n\n1. S\u00ed\n2. No","var_qstn_qstnlit":"Durante los \u00faltimos 12 MESES(\u00faltimas 52 semanas) \u00bf\u2026trabaj\u00f3 por lo menos 2 semanas consecutivas?\n\n1. S\u00ed\n2. No","var_qstn_postqtxt":"Despu\u00e9s de su \u00faltimo empleo, \u00bf\u2026..ha hecho alguna diligencia para conseguir trabajo o instalar un negocio?\n\n1. S\u00ed\n2. No","var_qstn_ivuinstr":"Con esta pregunta se quiere saber si en los \u00faltimos 12 meses las personas realizaron alguna actividad en la producci\u00f3n de bienes y servicios por lo menos durante dos semanas consecutivas.\n\nEl t\u00e9rmino \u201cdos semanas consecutivas\u201d hace referencia a la continuidad del trabajo sin tener en cuenta la jornada diaria o semanal.","var_universe":"El universo para la ECV est\u00e1 conformado por la poblaci\u00f3n civil no institucional resi\u00addente en todo el territorio nacional.\n\nEste cap\u00edtulo va dirigido a personas de 12 a\u00f1os y m\u00e1s.","var_universe_clusion":"I","var_sumstat":[{"value":"27787","type":"vald","wgtd":null},{"value":"42505","type":"invd","wgtd":null},{"value":"1","type":"min","wgtd":null},{"value":"2","type":"max","wgtd":null},{"value":"1.925","type":"mean","wgtd":null},{"value":"0.263","type":"stdev","wgtd":null}],"var_txt":"El t\u00e9rmino \u201cdos semanas consecutivas\u201d: hace referencia a la continuidad del trabajo sin tener en cuenta la jornada diaria o semanal.","var_catgry":[{"value":"2","labl":"No","is_missing":null,"stats":[{"value":"25712","type":"freq","wgtd":null}]},{"value":"1","labl":"S\u00ed","is_missing":null,"stats":[{"value":"2075","type":"freq","wgtd":null}]},{"value":"Sysmiss","labl":null,"is_missing":"Y","stats":[{"value":"42505","type":"freq","wgtd":null}]}],"var_codinstr":null,"var_concept":[],"var_format":{"type":"numeric","schema":"other","category":null,"name":null},"var_notes":null,"var_val_range":{"min":null,"max":null},"fid":"F40","sid":"196","survey_idno":"DANE-DIRPEN-ENCV-2011"}

Durante los últimos 12 MESES (últimas 52 semanas)  ¿…ha hecho alguna diligencia para conseguir trabajo o instalar un negocio?

El acceso a microdatos y Mam-up se considera como de tratamiento especial respecto a la reserva estadística por tanto estará sujeto a la reglamentación que para el efecto defina el Comité de Aseguramiento de la reserva estadística. Resolución 173 de 2008.

¿Desea_______conseguir un trabajo remunerado o instalar un negocio? 

1. Sí
2. No

Durante los últimos 12 MESES(últimas 52 semanas) ¿…trabajó por lo menos 2 semanas consecutivas?

1. Sí
2. No

Después de su último empleo, ¿…..ha hecho alguna diligencia para conseguir trabajo o instalar un negocio?

1. Sí
2. No

Con esta pregunta se quiere saber si en los últimos 12 meses las personas realizaron alguna actividad en la producción de bienes y servicios por lo menos durante dos semanas consecutivas.

El término “dos semanas consecutivas” hace referencia a la continuidad del trabajo sin tener en cuenta la jornada diaria o semanal.

El universo para la ECV está conformado por la población civil no institucional resi­dente en todo el territorio nacional.

Este capítulo va dirigido a personas de 12 años y más.

El término “dos semanas consecutivas”: hace referencia a la continuidad del trabajo sin tener en cuenta la jornada diaria o semanal.

Sí
