{"file_id":"F40","vid":"V3152","name":"P6351","var_intrvl":"discrete","var_dcml":"0","var_wgt":null,"var_is_wgt":null,"loc_start_pos":"106","loc_end_pos":"106","loc_width":"1","loc_rec_seg_no":"1","labl":"Si le hubiera resultado alg\u00fan trabajo a \u2026. \u00bfestaba disponible LA SEMANA PASADA para empezar a trabajar?","var_imputation":null,"var_security":"El acceso a microdatos y Mam-up se considera como de tratamiento especial respecto a la reserva estad\u00edstica por tanto estar\u00e1 sujeto a la reglamentaci\u00f3n que para el efecto defina el Comit\u00e9 de Aseguramiento de la reserva estad\u00edstica. Resoluci\u00f3n 173 de 2008.","var_resp_unit":"Informante Directo","var_analysis_unit":null,"var_qstn_preqtxt":"Durante los \u00faltimos 12 MESES (\u00faltimas 52 semanas)  \u00bf\u2026ha hecho alguna diligencia para conseguir trabajo o instalar un negocio?\n\n1. S\u00ed\n2. No","var_qstn_qstnlit":"Si le hubiera resultado alg\u00fan trabajo a \u2026. \u00bfestaba disponible LA SEMANA PASADA para empezar a trabajar?\n\t\t\t\t\t\t\t\t\t\n1. S\u00ed\n2. NO","var_qstn_postqtxt":"\u00bfQu\u00e9 hace\u2026\u2026en este trabajo?","var_qstn_ivuinstr":"La disponibilidad actual para trabajar significa actitud y disposici\u00f3n en el momento actual para trabajar, si se presenta la oportunidad para ello. \nLa importancia de este criterio es que ciertas personas pueden estar buscando empleo para una \u00e9poca posterior, por ejemplo estudiantes que se encuentran buscando empleo para el per\u00edodo de vacaciones, o personas que buscan trabajo pero actualmente no podr\u00edan desempe\u00f1arlo por responsabilidades familiares. Esta pregunta permite diferenciar entre las personas que actualmente est\u00e1n disponibles (desocupados) de aquellos que no lo est\u00e1n (inactivos).\n\nNotas: Para el diligenciamiento de las preguntas 12 a 42 tenga en cuenta que en el caso de las personas, se hacer referencia a OCUPACI\u00d3N para indicar la profesi\u00f3n u oficio que desarrollan en un trabajo. En el caso de los establecimientos, hablamos de ACTIVIDAD para se\u00f1alar lo que producen o fabrican, lo que venden o revenden, o, los servicios que prestan.\nUna vez definido el empleo principal, el recolector explicar\u00e1 claramente al encuestado a cu\u00e1l de sus empleos se referir\u00e1 en las siguientes preguntas.","var_universe":"El universo para la ECV est\u00e1 conformado por la poblaci\u00f3n civil no institucional resi\u00addente en todo el territorio nacional.\n\nEste cap\u00edtulo va dirigido a personas de 12 a\u00f1os y m\u00e1s.","var_universe_clusion":"I","var_sumstat":[{"value":"3714","type":"vald","wgtd":null},{"value":"66578","type":"invd","wgtd":null},{"value":"1","type":"min","wgtd":null},{"value":"2","type":"max","wgtd":null},{"value":"1.099","type":"mean","wgtd":null},{"value":"0.299","type":"stdev","wgtd":null}],"var_txt":null,"var_catgry":[{"value":"1","labl":"S\u00ed","is_missing":null,"stats":[{"value":"3345","type":"freq","wgtd":null}]},{"value":"2","labl":"No","is_missing":null,"stats":[{"value":"369","type":"freq","wgtd":null}]},{"value":"Sysmiss","labl":null,"is_missing":"Y","stats":[{"value":"66578","type":"freq","wgtd":null}]}],"var_codinstr":null,"var_concept":[],"var_format":{"type":"numeric","schema":"other","category":null,"name":null},"var_notes":null,"var_val_range":{"min":null,"max":null},"fid":"F40","sid":"196","survey_idno":"DANE-DIRPEN-ENCV-2011"}

Si le hubiera resultado algún trabajo a …. ¿estaba disponible LA SEMANA PASADA para empezar a trabajar?

El acceso a microdatos y Mam-up se considera como de tratamiento especial respecto a la reserva estadística por tanto estará sujeto a la reglamentación que para el efecto defina el Comité de Aseguramiento de la reserva estadística. Resolución 173 de 2008.

Durante los últimos 12 MESES (últimas 52 semanas)  ¿…ha hecho alguna diligencia para conseguir trabajo o instalar un negocio?

1. Sí
2. No

Si le hubiera resultado algún trabajo a …. ¿estaba disponible LA SEMANA PASADA para empezar a trabajar?
									
1. Sí
2. NO

¿Qué hace……en este trabajo?

La disponibilidad actual para trabajar significa actitud y disposición en el momento actual para trabajar, si se presenta la oportunidad para ello. 
La importancia de este criterio es que ciertas personas pueden estar buscando empleo para una época posterior, por ejemplo estudiantes que se encuentran buscando empleo para el período de vacaciones, o personas que buscan trabajo pero actualmente no podrían desempeñarlo por responsabilidades familiares. Esta pregunta permite diferenciar entre las personas que actualmente están disponibles (desocupados) de aquellos que no lo están (inactivos).

Notas: Para el diligenciamiento de las preguntas 12 a 42 tenga en cuenta que en el caso de las personas, se hacer referencia a OCUPACIÓN para indicar la profesión u oficio que desarrollan en un trabajo. En el caso de los establecimientos, hablamos de ACTIVIDAD para señalar lo que producen o fabrican, lo que venden o revenden, o, los servicios que prestan.
Una vez definido el empleo principal, el recolector explicará claramente al encuestado a cuál de sus empleos se referirá en las siguientes preguntas.

El universo para la ECV está conformado por la población civil no institucional resi­dente en todo el territorio nacional.

Este capítulo va dirigido a personas de 12 años y más.

Sí
