{"file_id":"F40","vid":"V3156","name":"P6440","var_intrvl":"discrete","var_dcml":"0","var_wgt":null,"var_is_wgt":null,"loc_start_pos":"115","loc_end_pos":"115","loc_width":"1","loc_rec_seg_no":"1","labl":"\u00bfPara realizar este trabajo tiene... alg\u00fan tipo de contrato?","var_imputation":null,"var_security":"El acceso a microdatos y Mam-up se considera como de tratamiento especial respecto a la reserva estad\u00edstica por tanto estar\u00e1 sujeto a la reglamentaci\u00f3n que para el efecto defina el Comit\u00e9 de Aseguramiento de la reserva estad\u00edstica. Resoluci\u00f3n 173 de 2008.","var_resp_unit":"Informante Directo","var_analysis_unit":null,"var_qstn_preqtxt":"En este trabajo ... es:\n\na. Obrero o empleado de empresa particular\nb. Obrero o empleado del gobierno\nc. Empleado dom\u00e9stico\nd. Profesional independiente\ne. Trabajador independiente o por cuenta propia\nf. Patr\u00f3n o empleador\ng. Trabajador de finca, tierra o parcela propia en arriendo, aparcer\u00eda, usufructo o posesi\u00f3n\nh. Trabajador sin remuneraci\u00f3n\ni. Ayudante sin remuneraci\u00f3n (hijo o familiar de empleados\ndom\u00e9sticos, mayordomos, jornaleros, etc.)\nj. Jornalero o pe\u00f3n","var_qstn_qstnlit":"\u00bfPara realizar este trabajo tiene... alg\u00fan tipo de contrato?\n\n1. S\u00ed\n2. No","var_qstn_postqtxt":"Que tipo de contrato tiene, verbal o escrito?\n\n1. Verbal\n2. Escrito","var_qstn_ivuinstr":"Esta pregunta busca determinar las condiciones de contrataci\u00f3n de los empleados asalariados, lo cual indica estabilidad y calidad del empleo que poseen.","var_universe":"El universo para la ECV est\u00e1 conformado por la poblaci\u00f3n civil no institucional resi\u00addente en todo el territorio nacional.\n\nEste cap\u00edtulo va dirigido a personas de 12 a\u00f1os y m\u00e1s.","var_universe_clusion":"I","var_sumstat":[{"value":"17074","type":"vald","wgtd":null},{"value":"53218","type":"invd","wgtd":null},{"value":"1","type":"min","wgtd":null},{"value":"2","type":"max","wgtd":null},{"value":"1.924","type":"mean","wgtd":null},{"value":"0.266","type":"stdev","wgtd":null}],"var_txt":"Contrato de trabajo: es aquel por el cual una persona natural se obliga a prestar un servicio personal a otra persona natural o jur\u00eddica, bajo la dependencia o subordinaci\u00f3n de la segunda y mediante remuneraci\u00f3n. El contrato puede ser verbal o escrito","var_catgry":[{"value":"2","labl":"No","is_missing":null,"stats":[{"value":"15770","type":"freq","wgtd":null}]},{"value":"1","labl":"S\u00ed","is_missing":null,"stats":[{"value":"1304","type":"freq","wgtd":null}]},{"value":"Sysmiss","labl":null,"is_missing":"Y","stats":[{"value":"53218","type":"freq","wgtd":null}]}],"var_codinstr":null,"var_concept":[],"var_format":{"type":"numeric","schema":"other","category":null,"name":null},"var_notes":null,"var_val_range":{"min":null,"max":null},"fid":"F40","sid":"196","survey_idno":"DANE-DIRPEN-ENCV-2011"}

¿Para realizar este trabajo tiene... algún tipo de contrato?

El acceso a microdatos y Mam-up se considera como de tratamiento especial respecto a la reserva estadística por tanto estará sujeto a la reglamentación que para el efecto defina el Comité de Aseguramiento de la reserva estadística. Resolución 173 de 2008.

En este trabajo ... es:

a. Obrero o empleado de empresa particular
b. Obrero o empleado del gobierno
c. Empleado doméstico
d. Profesional independiente
e. Trabajador independiente o por cuenta propia
f. Patrón o empleador
g. Trabajador de finca, tierra o parcela propia en arriendo, aparcería, usufructo o posesión
h. Trabajador sin remuneración
i. Ayudante sin remuneración (hijo o familiar de empleados
domésticos, mayordomos, jornaleros, etc.)
j. Jornalero o peón

¿Para realizar este trabajo tiene... algún tipo de contrato?

1. Sí
2. No

Esta pregunta busca determinar las condiciones de contratación de los empleados asalariados, lo cual indica estabilidad y calidad del empleo que poseen.

El universo para la ECV está conformado por la población civil no institucional resi­dente en todo el territorio nacional.

Este capítulo va dirigido a personas de 12 años y más.

Contrato de trabajo: es aquel por el cual una persona natural se obliga a prestar un servicio personal a otra persona natural o jurídica, bajo la dependencia o subordinación de la segunda y mediante remuneración. El contrato puede ser verbal o escrito

Sí
