{"file_id":"F40","vid":"V3186","name":"P6630S3","var_intrvl":"discrete","var_dcml":"0","var_wgt":null,"var_is_wgt":null,"loc_start_pos":"217","loc_end_pos":"217","loc_width":"1","loc_rec_seg_no":"1","labl":"Durante los \u00daLTIMOS 12 MESES recibi\u00f3: - Prima de vacaciones?","var_imputation":null,"var_security":"El acceso a microdatos y Mam-up se considera como de tratamiento especial respecto a la reserva estad\u00edstica por tanto estar\u00e1 sujeto a la reglamentaci\u00f3n que para el efecto defina el Comit\u00e9 de Aseguramiento de la reserva estad\u00edstica. Resoluci\u00f3n 173 de 2008.","var_resp_unit":"Informante Directo","var_analysis_unit":null,"var_qstn_preqtxt":"Valor $________","var_qstn_qstnlit":"Durante los \u00daLTIMOS 12 MESES recibi\u00f3: - Prima de vacaciones?\n\n1\tS\u00ed\n2\tNo\n3\tNo sabe, no informa","var_qstn_postqtxt":"Valor $_________","var_qstn_ivuinstr":"Si la persona marca alternativa 1 (SI), se debe registrar el valor recibido por cada concepto.","var_universe":"El universo para la ECV est\u00e1 conformado por la poblaci\u00f3n civil no institucional resi\u00addente en todo el territorio nacional.\n\nEste cap\u00edtulo va dirigido a personas de 12 a\u00f1os y m\u00e1s.","var_universe_clusion":"I","var_sumstat":[{"value":"15784","type":"vald","wgtd":null},{"value":"54508","type":"invd","wgtd":null},{"value":"1","type":"min","wgtd":null},{"value":"9","type":"max","wgtd":null},{"value":"1.905","type":"mean","wgtd":null},{"value":"0.703","type":"stdev","wgtd":null}],"var_txt":"Primas: Es un pago adicional a sueldos y salarios que las empresas hacen a sus trabajadores en reconocimiento a sus servicios. No se consideran como salario pero equivalen a un salario o parte de \u00e9ste, por a\u00f1o.\n\nPrima de vacaciones: Pago en dinero a que tienen derecho los empleados p\u00fablicos que prestan sus servicios durante un a\u00f1o y corresponde a 15 d\u00edas h\u00e1biles consecutivos, se liquida con base al salario que se devengue el d\u00eda en que se inicie el disfrute de sus vacaciones, en los contratos a t\u00e9rmino fijo inferior aun a\u00f1o se paga en proporci\u00f3n al tiempo de servicio.","var_catgry":[{"value":"2","labl":"No","is_missing":null,"stats":[{"value":"13359","type":"freq","wgtd":null}]},{"value":"1","labl":"S\u00ed","is_missing":null,"stats":[{"value":"2310","type":"freq","wgtd":null}]},{"value":"9","labl":"No sabe, no informa","is_missing":null,"stats":[{"value":"115","type":"freq","wgtd":null}]},{"value":"Sysmiss","labl":null,"is_missing":"Y","stats":[{"value":"54508","type":"freq","wgtd":null}]}],"var_codinstr":null,"var_concept":[],"var_format":{"type":"numeric","schema":"other","category":null,"name":null},"var_notes":null,"var_val_range":{"min":null,"max":null},"fid":"F40","sid":"196","survey_idno":"DANE-DIRPEN-ENCV-2011"}

Durante los ÚLTIMOS 12 MESES recibió: - Prima de vacaciones?

El acceso a microdatos y Mam-up se considera como de tratamiento especial respecto a la reserva estadística por tanto estará sujeto a la reglamentación que para el efecto defina el Comité de Aseguramiento de la reserva estadística. Resolución 173 de 2008.

Durante los ÚLTIMOS 12 MESES recibió: - Prima de vacaciones?

1	Sí
2	No
3	No sabe, no informa

El universo para la ECV está conformado por la población civil no institucional resi­dente en todo el territorio nacional.

Este capítulo va dirigido a personas de 12 años y más.

Primas: Es un pago adicional a sueldos y salarios que las empresas hacen a sus trabajadores en reconocimiento a sus servicios. No se consideran como salario pero equivalen a un salario o parte de éste, por año.

Prima de vacaciones: Pago en dinero a que tienen derecho los empleados públicos que prestan sus servicios durante un año y corresponde a 15 días hábiles consecutivos, se liquida con base al salario que se devengue el día en que se inicie el disfrute de sus vacaciones, en los contratos a término fijo inferior aun año se paga en proporción al tiempo de servicio.

Sí
