{"file_id":"F40","vid":"V3196","name":"P6885","var_intrvl":"discrete","var_dcml":"0","var_wgt":null,"var_is_wgt":null,"loc_start_pos":"262","loc_end_pos":"263","loc_width":"2","loc_rec_seg_no":"1","labl":"El medio de transporte que usted utiliza principalmente para ir a su sitio de trabajo es:","var_imputation":null,"var_security":"El acceso a microdatos y Mam-up se considera como de tratamiento especial respecto a la reserva estad\u00edstica por tanto estar\u00e1 sujeto a la reglamentaci\u00f3n que para el efecto defina el Comit\u00e9 de Aseguramiento de la reserva estad\u00edstica. Resoluci\u00f3n 173 de 2008.","var_resp_unit":"Informante Directo","var_analysis_unit":null,"var_qstn_preqtxt":"Fundamentalmente, donde realiza usted su trabajo principal:\n\na. Local fijo, oficina, fabrica, etc.\nb. En la vivienda que habita\nc. En otras viviendas\nd. En quiosco o caseta\ne. En un veh\u00edculo (taxi, carro, bus, lancha, barco)\nf. Puerta a puerta\ng. Sitio al descubierto en la calle (ambulante o estacionario)\nh. En el campo o \u00e1rea rural, mar, o rio\ni. En una obra de construcci\u00f3n\nj. En una mina o cantera\nn. En finca o terreno ajeno","var_qstn_qstnlit":"El medio de transporte que usted utiliza principalmente para ir a su sitio de trabajo es:\n\na. Bus intermunicipal\nb. Bus urbano\nc. A pie\nd. Metro\ne. Transporte articulado ( transmilenio, MIO, y otros)\nf. Taxi\ng. Transporte de la empresa\nh. Autom\u00f3vil de uso particular\ni. Lancha, planch\u00f3n, canoa\nj. Caballo\nk. Moto o bicicleta\nl. Otro","var_qstn_postqtxt":"\u00bfCu\u00e1nto tiempo se demora ..... en su viaje de ida al trabajo (incluya tiempo de espera del medio de transporte)?\n\n-Minutos","var_qstn_ivuinstr":"Si utiliza m\u00e1s de un medio de transporte pregunte por el medio utilizado en el trayecto m\u00e1s largo. Para el caso de las personas que trabajan en un veh\u00edculo, y lo guardan en la casa donde viven, registre la alternativa: a pie y en la pregunta H38 escriba 00.","var_universe":"El universo para la ECV est\u00e1 conformado por la poblaci\u00f3n civil no institucional resi\u00addente en todo el territorio nacional.\n\nEste cap\u00edtulo va dirigido a personas de 12 a\u00f1os y m\u00e1s.","var_universe_clusion":"I","var_sumstat":[{"value":"32452","type":"vald","wgtd":null},{"value":"37840","type":"invd","wgtd":null},{"value":"1","type":"min","wgtd":null},{"value":"12","type":"max","wgtd":null},{"value":"5.224","type":"mean","wgtd":null},{"value":"3.516","type":"stdev","wgtd":null}],"var_txt":null,"var_catgry":[{"value":"3","labl":"A pie","is_missing":null,"stats":[{"value":"16975","type":"freq","wgtd":null}]},{"value":"11","labl":"Moto o bicicleta","is_missing":null,"stats":[{"value":"6354","type":"freq","wgtd":null}]},{"value":"2","labl":"Bus urbano","is_missing":null,"stats":[{"value":"3151","type":"freq","wgtd":null}]},{"value":"8","labl":"Autom\u00f3vil particular","is_missing":null,"stats":[{"value":"1328","type":"freq","wgtd":null}]},{"value":"7","labl":"Transporte de la empresa","is_missing":null,"stats":[{"value":"1156","type":"freq","wgtd":null}]},{"value":"9","labl":"Lancha, planch\u00f3n, canoa","is_missing":null,"stats":[{"value":"1043","type":"freq","wgtd":null}]},{"value":"1","labl":"Bus intermunicipal","is_missing":null,"stats":[{"value":"829","type":"freq","wgtd":null}]},{"value":"12","labl":"Otro","is_missing":null,"stats":[{"value":"417","type":"freq","wgtd":null}]},{"value":"6","labl":"Taxi","is_missing":null,"stats":[{"value":"416","type":"freq","wgtd":null}]},{"value":"10","labl":"Caballo","is_missing":null,"stats":[{"value":"414","type":"freq","wgtd":null}]},{"value":"5","labl":"Transporte articulado ( transmilenio, MIO, y otros)","is_missing":null,"stats":[{"value":"345","type":"freq","wgtd":null}]},{"value":"4","labl":"Metro","is_missing":null,"stats":[{"value":"24","type":"freq","wgtd":null}]},{"value":"Sysmiss","labl":null,"is_missing":"Y","stats":[{"value":"37840","type":"freq","wgtd":null}]}],"var_codinstr":null,"var_concept":[],"var_format":{"type":"numeric","schema":"other","category":null,"name":null},"var_notes":null,"var_val_range":{"min":null,"max":null},"fid":"F40","sid":"196","survey_idno":"DANE-DIRPEN-ENCV-2011"}

El acceso a microdatos y Mam-up se considera como de tratamiento especial respecto a la reserva estadística por tanto estará sujeto a la reglamentación que para el efecto defina el Comité de Aseguramiento de la reserva estadística. Resolución 173 de 2008.

Fundamentalmente, donde realiza usted su trabajo principal:

a. Local fijo, oficina, fabrica, etc.
b. En la vivienda que habita
c. En otras viviendas
d. En quiosco o caseta
e. En un vehículo (taxi, carro, bus, lancha, barco)
f. Puerta a puerta
g. Sitio al descubierto en la calle (ambulante o estacionario)
h. En el campo o área rural, mar, o rio
i. En una obra de construcción
j. En una mina o cantera
n. En finca o terreno ajeno

El medio de transporte que usted utiliza principalmente para ir a su sitio de trabajo es:

a. Bus intermunicipal
b. Bus urbano
c. A pie
d. Metro
e. Transporte articulado ( transmilenio, MIO, y otros)
f. Taxi
g. Transporte de la empresa
h. Automóvil de uso particular
i. Lancha, planchón, canoa
j. Caballo
k. Moto o bicicleta
l. Otro

¿Cuánto tiempo se demora ..... en su viaje de ida al trabajo (incluya tiempo de espera del medio de transporte)?

-Minutos

Si utiliza más de un medio de transporte pregunte por el medio utilizado en el trayecto más largo. Para el caso de las personas que trabajan en un vehículo, y lo guardan en la casa donde viven, registre la alternativa: a pie y en la pregunta H38 escriba 00.

El universo para la ECV está conformado por la población civil no institucional resi­dente en todo el territorio nacional.

Este capítulo va dirigido a personas de 12 años y más.

Automóvil particular

Lancha, planchón, canoa
