{"file_id":"F40","vid":"V3205","name":"P7310","var_intrvl":"discrete","var_dcml":"0","var_wgt":null,"var_is_wgt":null,"loc_start_pos":"366","loc_end_pos":"366","loc_width":"1","loc_rec_seg_no":"1","labl":"\u00bf________-Ha buscado trabajo por primera vez o hab\u00eda trabajado antes, por lo menos durante dos semanas consecutivas?","var_imputation":null,"var_security":"El acceso a microdatos y Mam-up se considera como de tratamiento especial respecto a la reserva estad\u00edstica por tanto estar\u00e1 sujeto a la reglamentaci\u00f3n que para el efecto defina el Comit\u00e9 de Aseguramiento de la reserva estad\u00edstica. Resoluci\u00f3n 173 de 2008.","var_resp_unit":"Informante Directo","var_analysis_unit":null,"var_qstn_preqtxt":"Durante cu\u00e1nto tiempo ha estado o estuvo_______buscando trabajo?\n\n-No. de semanas","var_qstn_qstnlit":"\u00bf________-Ha buscado trabajo por primera vez o hab\u00eda trabajado antes, por lo menos durante dos semanas consecutivas?\n\n1. Por primera vez\n2. Trabajo antes","var_qstn_postqtxt":null,"var_qstn_ivuinstr":"El objeto de esta pregunta es clasificar a los desocupados en cesantes y aspirantes.\nEl t\u00e9rmino \"durante dos semanas consecutivas\" hace referencia a la continuidad en el mismo trabajo sin tener en cuenta la jornada diaria o semanal de trabajo.","var_universe":"El universo para la ECV est\u00e1 conformado por la poblaci\u00f3n civil no institucional resi\u00addente en todo el territorio nacional.\n\nEste cap\u00edtulo va dirigido a personas de 12 a\u00f1os y m\u00e1s.","var_universe_clusion":"I","var_sumstat":[{"value":"3345","type":"vald","wgtd":null},{"value":"66947","type":"invd","wgtd":null},{"value":"1","type":"min","wgtd":null},{"value":"2","type":"max","wgtd":null},{"value":"1.733","type":"mean","wgtd":null},{"value":"0.443","type":"stdev","wgtd":null}],"var_txt":"El t\u00e9rmino \"durante dos semanas consecutivas\" hace referencia a la continuidad en el mismo trabajo sin tener en cuenta la jornada diaria o semanal de trabajo.","var_catgry":[{"value":"2","labl":"Trabaj\u00f3 antes","is_missing":null,"stats":[{"value":"2451","type":"freq","wgtd":null}]},{"value":"1","labl":"Por primera vez","is_missing":null,"stats":[{"value":"894","type":"freq","wgtd":null}]},{"value":"Sysmiss","labl":null,"is_missing":"Y","stats":[{"value":"66947","type":"freq","wgtd":null}]}],"var_codinstr":null,"var_concept":[],"var_format":{"type":"numeric","schema":"other","category":null,"name":null},"var_notes":null,"var_val_range":{"min":null,"max":null},"fid":"F40","sid":"196","survey_idno":"DANE-DIRPEN-ENCV-2011"}

¿________-Ha buscado trabajo por primera vez o había trabajado antes, por lo menos durante dos semanas consecutivas?

El acceso a microdatos y Mam-up se considera como de tratamiento especial respecto a la reserva estadística por tanto estará sujeto a la reglamentación que para el efecto defina el Comité de Aseguramiento de la reserva estadística. Resolución 173 de 2008.

Durante cuánto tiempo ha estado o estuvo_______buscando trabajo?

-No. de semanas

¿________-Ha buscado trabajo por primera vez o había trabajado antes, por lo menos durante dos semanas consecutivas?

1. Por primera vez
2. Trabajo antes

El objeto de esta pregunta es clasificar a los desocupados en cesantes y aspirantes.
El término "durante dos semanas consecutivas" hace referencia a la continuidad en el mismo trabajo sin tener en cuenta la jornada diaria o semanal de trabajo.

El universo para la ECV está conformado por la población civil no institucional resi­dente en todo el territorio nacional.

Este capítulo va dirigido a personas de 12 años y más.

El término "durante dos semanas consecutivas" hace referencia a la continuidad en el mismo trabajo sin tener en cuenta la jornada diaria o semanal de trabajo.

Trabajó antes
