{"file_id":"F40","vid":"V3217","name":"P8648","var_intrvl":"discrete","var_dcml":"0","var_wgt":null,"var_is_wgt":null,"loc_start_pos":"408","loc_end_pos":"408","loc_width":"1","loc_rec_seg_no":"1","labl":"Durante los \u00daLTIMOS 12 MESES _____recibi\u00f3 \u00bfprimas por pensi\u00f3n de jubilaci\u00f3n o por sustituci\u00f3n pensional?","var_imputation":null,"var_security":"El acceso a microdatos y Mam-up se considera como de tratamiento especial respecto a la reserva estad\u00edstica por tanto estar\u00e1 sujeto a la reglamentaci\u00f3n que para el efecto defina el Comit\u00e9 de Aseguramiento de la reserva estad\u00edstica. Resoluci\u00f3n 173 de 2008.","var_resp_unit":"Informante Directo","var_analysis_unit":null,"var_qstn_preqtxt":"Valor $ _______________","var_qstn_qstnlit":"Durante los \u00daLTIMOS 12 MESES _____recibi\u00f3 \u00bfprimas por pensi\u00f3n de jubilaci\u00f3n o por sustituci\u00f3n pensional?\n\n1. S\u00ed\n2. No\n9. No sabe, no informa","var_qstn_postqtxt":"Valor $ _______________","var_qstn_ivuinstr":null,"var_universe":"El universo para la ECV est\u00e1 conformado por la poblaci\u00f3n civil no institucional resi\u00addente en todo el territorio nacional.\n\nEste cap\u00edtulo va dirigido a personas de 12 a\u00f1os y m\u00e1s.","var_universe_clusion":"I","var_sumstat":[{"value":"70292","type":"vald","wgtd":null},{"value":"0","type":"invd","wgtd":null},{"value":"1","type":"min","wgtd":null},{"value":"9","type":"max","wgtd":null},{"value":"1.982","type":"mean","wgtd":null},{"value":"0.219","type":"stdev","wgtd":null}],"var_txt":"Primas por pensi\u00f3n de jubilaci\u00f3n o por sustituci\u00f3n pensional: es el pago adicional que los fondos de pensiones deben hacer anualmente a los pensionados por un valor equivalente a un mes de pensi\u00f3n.","var_catgry":[{"value":"2","labl":"No","is_missing":null,"stats":[{"value":"68737","type":"freq","wgtd":null}]},{"value":"1","labl":"S\u00ed","is_missing":null,"stats":[{"value":"1517","type":"freq","wgtd":null}]},{"value":"9","labl":"No sabe, no informa","is_missing":null,"stats":[{"value":"38","type":"freq","wgtd":null}]}],"var_codinstr":null,"var_concept":[],"var_format":{"type":"numeric","schema":"other","category":null,"name":null},"var_notes":null,"var_val_range":{"min":null,"max":null},"fid":"F40","sid":"196","survey_idno":"DANE-DIRPEN-ENCV-2011"}

Durante los ÚLTIMOS 12 MESES _____recibió ¿primas por pensión de jubilación o por sustitución pensional?

El acceso a microdatos y Mam-up se considera como de tratamiento especial respecto a la reserva estadística por tanto estará sujeto a la reglamentación que para el efecto defina el Comité de Aseguramiento de la reserva estadística. Resolución 173 de 2008.

Durante los ÚLTIMOS 12 MESES _____recibió ¿primas por pensión de jubilación o por sustitución pensional?

1. Sí
2. No
9. No sabe, no informa

El universo para la ECV está conformado por la población civil no institucional resi­dente en todo el territorio nacional.

Este capítulo va dirigido a personas de 12 años y más.

Primas por pensión de jubilación o por sustitución pensional: es el pago adicional que los fondos de pensiones deben hacer anualmente a los pensionados por un valor equivalente a un mes de pensión.

Sí
