{"file_id":"F41","vid":"V3260","name":"P8700S1A11","var_intrvl":"discrete","var_dcml":null,"var_wgt":null,"var_is_wgt":null,"loc_start_pos":"41","loc_end_pos":"92","loc_width":"52","loc_rec_seg_no":"1","labl":"\u00bfCu\u00e1l?","var_imputation":null,"var_security":"El acceso a microdatos y Mam-up se considera como de tratamiento especial respecto a la reserva estad\u00edstica por tanto estar\u00e1 sujeto a la reglamentaci\u00f3n que para el efecto defina el Comit\u00e9 de Aseguramiento de la reserva estad\u00edstica. Resoluci\u00f3n 173 de 2008.","var_resp_unit":"informante Directo.","var_analysis_unit":null,"var_qstn_preqtxt":"11. En este hogar, \u00bfc\u00f3mo corrigen o reprenden los padres a los hijos menores de 18 a\u00f1os, cuando se portan mal?\n\n- Padre\n\n1. De otra forma,","var_qstn_qstnlit":"11. En este hogar, \u00bfc\u00f3mo corrigen o reprenden los padres a los hijos menores de 18 a\u00f1os, cuando se portan mal?\n\n- Padre\n\n1. De otra forma, \u00bfcu\u00e1l?_____________","var_qstn_postqtxt":"11. En este hogar, \u00bfc\u00f3mo corrigen o reprenden los padres a los hijos menores de 18 a\u00f1os, cuando se portan mal?\n\n- Padre\n\n2. No los castigan","var_qstn_ivuinstr":"Permite varias alternativas de respuesta \n\nEsta pregunta busca medir los niveles de violencia intrafamiliar y las maneras de educar y corregir a los hijos menores de 18 a\u00f1os. \n\nObserve que el diligenciamiento de esta pregunta debe realizarse en forma separada para Padre y Madre.","var_universe":"El universo para la Encuesta de Calidad de Vida est\u00e1 conformado por la poblaci\u00f3n civil no institucional residente en todo el territorio nacional. \n\nEste cap\u00edtulo va dirigido a todos y cada uno de los hogares existentes en la vivienda.","var_universe_clusion":"I","var_sumstat":[{"value":"37","type":"vald","wgtd":null},{"value":"0","type":"invd","wgtd":null}],"var_txt":null,"var_catgry":[{"value":"DIALOGO","labl":null,"is_missing":null,"stats":[{"value":"3","type":"freq","wgtd":null}]},{"value":"DIALOGANDO","labl":null,"is_missing":null,"stats":[{"value":"2","type":"freq","wgtd":null}]},{"value":"SENTARLA EN UNA SILLA","labl":null,"is_missing":null,"stats":[{"value":"1","type":"freq","wgtd":null}]},{"value":"SEGUN SEA LA FALTA ASI SERA EL CASTIGO","labl":null,"is_missing":null,"stats":[{"value":"1","type":"freq","wgtd":null}]},{"value":"SE LES QUITA LO QUE MAS LES  GUSTA","labl":null,"is_missing":null,"stats":[{"value":"1","type":"freq","wgtd":null}]},{"value":"SE LE DAN PALMADAS","labl":null,"is_missing":null,"stats":[{"value":"1","type":"freq","wgtd":null}]},{"value":"REMEDIOS CON PLANTAS (ARMONIZACION)","labl":null,"is_missing":null,"stats":[{"value":"1","type":"freq","wgtd":null}]},{"value":"QUITANDOLES LO QUE LES GUSTA","labl":null,"is_missing":null,"stats":[{"value":"1","type":"freq","wgtd":null}]},{"value":"QUITANDO LO QUE MAS LESGUSTA","labl":null,"is_missing":null,"stats":[{"value":"1","type":"freq","wgtd":null}]},{"value":"PONE HACER OFICIOS","labl":null,"is_missing":null,"stats":[{"value":"1","type":"freq","wgtd":null}]},{"value":"PALMADAS Y CORREASOS","labl":null,"is_missing":null,"stats":[{"value":"1","type":"freq","wgtd":null}]},{"value":"NO PUEDEN SALIR DE LA CASA POR UN TIEMPO DETERMINADO","labl":null,"is_missing":null,"stats":[{"value":"1","type":"freq","wgtd":null}]},{"value":"NO LOS DEJA SALIR AJUGAR","labl":null,"is_missing":null,"stats":[{"value":"1","type":"freq","wgtd":null}]},{"value":"NO LOS DEJA SALIR","labl":null,"is_missing":null,"stats":[{"value":"1","type":"freq","wgtd":null}]},{"value":"NO HAY PAPA EN EL HOGAR","labl":null,"is_missing":null,"stats":[{"value":"1","type":"freq","wgtd":null}]},{"value":"NO  DEJANDOLA JUGAR  CON SU  JUGUETE FAVORITO","labl":null,"is_missing":null,"stats":[{"value":"1","type":"freq","wgtd":null}]},{"value":"MMMM","labl":null,"is_missing":null,"stats":[{"value":"1","type":"freq","wgtd":null}]},{"value":"LOS METEN EN UN CALABOSO","labl":null,"is_missing":null,"stats":[{"value":"1","type":"freq","wgtd":null}]},{"value":"LOS DEJA EN LA CALLE","labl":null,"is_missing":null,"stats":[{"value":"1","type":"freq","wgtd":null}]},{"value":"LO PONEN A LEER LIBROS YA QUE NO LE GUSTA","labl":null,"is_missing":null,"stats":[{"value":"1","type":"freq","wgtd":null}]},{"value":"LO CARGA HASTA QUE SE CALMA","labl":null,"is_missing":null,"stats":[{"value":"1","type":"freq","wgtd":null}]},{"value":"LA NI\u00d1A  ESTA DE MESES TODAVIA","labl":null,"is_missing":null,"stats":[{"value":"1","type":"freq","wgtd":null}]},{"value":"LA MENOR  ES UNA BEBE DE 14 MESES","labl":null,"is_missing":null,"stats":[{"value":"1","type":"freq","wgtd":null}]},{"value":"HABLANDOLES","labl":null,"is_missing":null,"stats":[{"value":"1","type":"freq","wgtd":null}]},{"value":"ESTA MUY PEQUE\u00d1A","labl":null,"is_missing":null,"stats":[{"value":"1","type":"freq","wgtd":null}]},{"value":"ES UN BEBE NO LO CORRIGEN","labl":null,"is_missing":null,"stats":[{"value":"1","type":"freq","wgtd":null}]},{"value":"EL BEBE TIENE UN A\u00d1O","labl":null,"is_missing":null,"stats":[{"value":"1","type":"freq","wgtd":null}]},{"value":"DEJA DE COMPRARLE ALGO QUE EELOS QUIEREN","labl":null,"is_missing":null,"stats":[{"value":"1","type":"freq","wgtd":null}]},{"value":"DANDOLES CONSEJO","labl":null,"is_missing":null,"stats":[{"value":"1","type":"freq","wgtd":null}]},{"value":"CUANDO SE PORTAN MUY MAL CON UNA PALMADA","labl":null,"is_missing":null,"stats":[{"value":"1","type":"freq","wgtd":null}]},{"value":"CON EL CEPO, CALABOZO Y TRABAJO","labl":null,"is_missing":null,"stats":[{"value":"1","type":"freq","wgtd":null}]},{"value":"CON AGUA","labl":null,"is_missing":null,"stats":[{"value":"1","type":"freq","wgtd":null}]},{"value":"CHARLAS","labl":null,"is_missing":null,"stats":[{"value":"1","type":"freq","wgtd":null}]},{"value":"BA\u00d1ANDOLOS CON AGUA FRIA","labl":null,"is_missing":null,"stats":[{"value":"1","type":"freq","wgtd":null}]}],"var_codinstr":null,"var_concept":[],"var_format":{"type":"character","schema":"other","category":null,"name":null},"var_notes":null,"var_val_range":{"min":null,"max":null},"fid":"F41","sid":"196","survey_idno":"DANE-DIRPEN-ENCV-2011"}

¿Cuál?

El acceso a microdatos y Mam-up se considera como de tratamiento especial respecto a la reserva estadística por tanto estará sujeto a la reglamentación que para el efecto defina el Comité de Aseguramiento de la reserva estadística. Resolución 173 de 2008.

11. En este hogar, ¿cómo corrigen o reprenden los padres a los hijos menores de 18 años, cuando se portan mal?

- Padre

1. De otra forma,

11. En este hogar, ¿cómo corrigen o reprenden los padres a los hijos menores de 18 años, cuando se portan mal?

- Padre

1. De otra forma, ¿cuál?_____________

11. En este hogar, ¿cómo corrigen o reprenden los padres a los hijos menores de 18 años, cuando se portan mal?

- Padre

2. No los castigan

Permite varias alternativas de respuesta 

Esta pregunta busca medir los niveles de violencia intrafamiliar y las maneras de educar y corregir a los hijos menores de 18 años. 

Observe que el diligenciamiento de esta pregunta debe realizarse en forma separada para Padre y Madre.

El universo para la Encuesta de Calidad de Vida está conformado por la población civil no institucional residente en todo el territorio nacional. 

Este capítulo va dirigido a todos y cada uno de los hogares existentes en la vivienda.

LA NIÑA  ESTA DE MESES TODAVIA

ESTA MUY PEQUEÑA

EL BEBE TIENE UN AÑO

BAÑANDOLOS CON AGUA FRIA
