{"file_id":"F41","vid":"V3265","name":"P8700S1A3","var_intrvl":"discrete","var_dcml":"0","var_wgt":null,"var_is_wgt":null,"loc_start_pos":"34","loc_end_pos":"34","loc_width":"1","loc_rec_seg_no":"1","labl":"Pu\u00f1os, patadas, palmadas, pellizcos, tir\u00f3n de orejas","var_imputation":null,"var_security":"El acceso a microdatos y Mam-up se considera como de tratamiento especial respecto a la reserva estad\u00edstica por tanto estar\u00e1 sujeto a la reglamentaci\u00f3n que para el efecto defina el Comit\u00e9 de Aseguramiento de la reserva estad\u00edstica. Resoluci\u00f3n 173 de 2008.","var_resp_unit":"informante Directo.","var_analysis_unit":null,"var_qstn_preqtxt":"11. En este hogar, \u00bfc\u00f3mo corrigen o reprenden los padres a los hijos menores de 18 a\u00f1os, cuando se portan mal?\n\n- Padre\n\n1. Prohibi\u00e9ndoles lo que les gusta","var_qstn_qstnlit":"11. En este hogar, \u00bfc\u00f3mo corrigen o reprenden los padres a los hijos menores de 18 a\u00f1os, cuando se portan mal?\n\n- Padre\n\n1. Pu\u00f1os, patedas, palmadas, pellizcos, tir\u00f3n de orejas","var_qstn_postqtxt":"11. En este hogar, \u00bfc\u00f3mo corrigen o reprenden los padres a los hijos menores de 18 a\u00f1os, cuando se portan mal?\n\n- Padre\n\n1. Golpes con objetos (correas, cables, palos, etc.)","var_qstn_ivuinstr":"Permite varias alternativas de respuesta \n\nEsta pregunta busca medir los niveles de violencia intrafamiliar y las maneras de educar y corregir a los hijos menores de 18 a\u00f1os. \n\nObserve que el diligenciamiento de esta pregunta debe realizarse en forma separada para Padre y Madre.","var_universe":"El universo para la Encuesta de Calidad de Vida est\u00e1 conformado por la poblaci\u00f3n civil no institucional residente en todo el territorio nacional. \n\nEste cap\u00edtulo va dirigido a todos y cada uno de los hogares existentes en la vivienda.","var_universe_clusion":"I","var_sumstat":[{"value":"292","type":"vald","wgtd":null},{"value":"25072","type":"invd","wgtd":null}],"var_txt":null,"var_catgry":[{"value":"1","labl":null,"is_missing":null,"stats":[{"value":"292","type":"freq","wgtd":null}]},{"value":"Sysmiss","labl":null,"is_missing":"Y","stats":[{"value":"25072","type":"freq","wgtd":null}]}],"var_codinstr":null,"var_concept":[],"var_format":{"type":"numeric","schema":"other","category":null,"name":null},"var_notes":null,"var_val_range":{"min":null,"max":null},"fid":"F41","sid":"196","survey_idno":"DANE-DIRPEN-ENCV-2011"}

Puños, patadas, palmadas, pellizcos, tirón de orejas

El acceso a microdatos y Mam-up se considera como de tratamiento especial respecto a la reserva estadística por tanto estará sujeto a la reglamentación que para el efecto defina el Comité de Aseguramiento de la reserva estadística. Resolución 173 de 2008.

11. En este hogar, ¿cómo corrigen o reprenden los padres a los hijos menores de 18 años, cuando se portan mal?

- Padre

1. Prohibiéndoles lo que les gusta

11. En este hogar, ¿cómo corrigen o reprenden los padres a los hijos menores de 18 años, cuando se portan mal?

- Padre

1. Puños, patedas, palmadas, pellizcos, tirón de orejas

11. En este hogar, ¿cómo corrigen o reprenden los padres a los hijos menores de 18 años, cuando se portan mal?

- Padre

1. Golpes con objetos (correas, cables, palos, etc.)

Permite varias alternativas de respuesta 

Esta pregunta busca medir los niveles de violencia intrafamiliar y las maneras de educar y corregir a los hijos menores de 18 años. 

Observe que el diligenciamiento de esta pregunta debe realizarse en forma separada para Padre y Madre.

El universo para la Encuesta de Calidad de Vida está conformado por la población civil no institucional residente en todo el territorio nacional. 

Este capítulo va dirigido a todos y cada uno de los hogares existentes en la vivienda.
