{"file_id":"F41","vid":"V3328","name":"P9120S5","var_intrvl":"discrete","var_dcml":"0","var_wgt":null,"var_is_wgt":null,"loc_start_pos":"301","loc_end_pos":"301","loc_width":"1","loc_rec_seg_no":"1","labl":"Se Fueron A Vivir Con Familiares","var_imputation":null,"var_security":"El acceso a microdatos y Mam-up se considera como de tratamiento especial respecto a la reserva estad\u00edstica por tanto estar\u00e1 sujeto a la reglamentaci\u00f3n que para el efecto defina el Comit\u00e9 de Aseguramiento de la reserva estad\u00edstica. Resoluci\u00f3n 173 de 2008.","var_resp_unit":"informante Directo.","var_analysis_unit":null,"var_qstn_preqtxt":"15. \u00bfQu\u00e9 medidas tomaron para hacerle frente a estos eventos?\n\nd. Alg\u00fan miembro del hogar sali\u00f3 del pa\u00eds","var_qstn_qstnlit":"15. \u00bfQu\u00e9 medidas tomaron para hacerle frente a estos eventos?\n\ne. Se fueron a vivir con familiares","var_qstn_postqtxt":"15. \u00bfQu\u00e9 medidas tomaron para hacerle frente a estos eventos?\n\nf. Gastaron los ahorros","var_qstn_ivuinstr":"Lea la pregunta y espere respuesta \n\nEsta pregunta busca identificar las soluciones a que han recurrido los hogares para hacerle frente eventos ocurridos en los \u00faltimos 2 a\u00f1os.","var_universe":"El universo para la Encuesta de Calidad de Vida est\u00e1 conformado por la poblaci\u00f3n civil no institucional residente en todo el territorio nacional. \n\nEste cap\u00edtulo va dirigido a todos y cada uno de los hogares existentes en la vivienda.","var_universe_clusion":"I","var_sumstat":[{"value":"171","type":"vald","wgtd":null},{"value":"25193","type":"invd","wgtd":null}],"var_txt":null,"var_catgry":[{"value":"1","labl":null,"is_missing":null,"stats":[{"value":"171","type":"freq","wgtd":null}]},{"value":"Sysmiss","labl":null,"is_missing":"Y","stats":[{"value":"25193","type":"freq","wgtd":null}]}],"var_codinstr":null,"var_concept":[],"var_format":{"type":"numeric","schema":"other","category":null,"name":null},"var_notes":null,"var_val_range":{"min":null,"max":null},"fid":"F41","sid":"196","survey_idno":"DANE-DIRPEN-ENCV-2011"}

El acceso a microdatos y Mam-up se considera como de tratamiento especial respecto a la reserva estadística por tanto estará sujeto a la reglamentación que para el efecto defina el Comité de Aseguramiento de la reserva estadística. Resolución 173 de 2008.

15. ¿Qué medidas tomaron para hacerle frente a estos eventos?

d. Algún miembro del hogar salió del país

15. ¿Qué medidas tomaron para hacerle frente a estos eventos?

e. Se fueron a vivir con familiares

15. ¿Qué medidas tomaron para hacerle frente a estos eventos?

f. Gastaron los ahorros

Lea la pregunta y espere respuesta 

Esta pregunta busca identificar las soluciones a que han recurrido los hogares para hacerle frente eventos ocurridos en los últimos 2 años.

El universo para la Encuesta de Calidad de Vida está conformado por la población civil no institucional residente en todo el territorio nacional. 

Este capítulo va dirigido a todos y cada uno de los hogares existentes en la vivienda.
