{"file_id":"F41","vid":"V3367","name":"P8724","var_intrvl":"discrete","var_dcml":"0","var_wgt":null,"var_is_wgt":null,"loc_start_pos":"522","loc_end_pos":"522","loc_width":"1","loc_rec_seg_no":"1","labl":"\u00bfUsted o alg\u00fan miembro del hogar saben si la secretar\u00eda o el municipio en el que habitan ha realizado acciones de Promoci\u00f3n de la salud y prevenci\u00f3n de la enfermedad?","var_imputation":null,"var_security":"El acceso a microdatos y Mam-up se considera como de tratamiento especial respecto a la reserva estad\u00edstica por tanto estar\u00e1 sujeto a la reglamentaci\u00f3n que para el efecto defina el Comit\u00e9 de Aseguramiento de la reserva estad\u00edstica. Resoluci\u00f3n 173 de 2008.","var_resp_unit":"informante Directo.","var_analysis_unit":null,"var_qstn_preqtxt":"23. \u00bfEl resultado de su queja fue?\n\na. Le dieron respuesta y se resolvi\u00f3 la queja\nb. Le dieron respuesta pero no se resolvi\u00f3 la queja\nc. No le dieron respuesta\nd. No sabe que pas\u00f3","var_qstn_qstnlit":"24. \u00bfusted o alg\u00fan miembro del hogar saben si la secretar\u00eda o municipio en el que habitan ha realizado acciones de promoci\u00f3n de la salud y prevenci\u00f3n de la enfermedad? \n\n\n1\tS\u00ed\n2\tNo","var_qstn_postqtxt":"25. \u00bfEn los \u00faltimos doce meses ha tenido que presentar una Tutela para poder acceder a los servicios de salud?\n\n1\tS\u00ed\n2\tNo","var_qstn_ivuinstr":null,"var_universe":"El universo para la Encuesta de Calidad de Vida est\u00e1 conformado por la poblaci\u00f3n civil no institucional residente en todo el territorio nacional. \n\nEste cap\u00edtulo va dirigido a todos y cada uno de los hogares existentes en la vivienda.","var_universe_clusion":"I","var_sumstat":[{"value":"25327","type":"vald","wgtd":null},{"value":"37","type":"invd","wgtd":null}],"var_txt":"Promoci\u00f3n de la salud: La promoci\u00f3n de la salud es el proceso que permite a las personas incrementar el control sobre los determinantes de la salud y en consecuencia, mejorarla. La participaci\u00f3n es esencial para sostener la acci\u00f3n en materia de promoci\u00f3n de la salud.\n\nPrevenci\u00f3n de la enfermedad: La prevenci\u00f3n de la enfermedad est\u00e1 dirigida a evitar la aparici\u00f3n inicial de una enfermedad o dolencia, a detener o retardar la enfermedad ya presente y sus efectos mediante la detecci\u00f3n temprana y el tratamiento adecuado o reducir los casos de enfermedades cr\u00f3nicas, por ejemplo, mediante una rehabilitaci\u00f3n eficaz.","var_catgry":[{"value":"2","labl":"No","is_missing":null,"stats":[{"value":"20711","type":"freq","wgtd":null}]},{"value":"1","labl":"S\u00ed","is_missing":null,"stats":[{"value":"4616","type":"freq","wgtd":null}]},{"value":"Sysmiss","labl":null,"is_missing":"Y","stats":[{"value":"37","type":"freq","wgtd":null}]}],"var_codinstr":null,"var_concept":[],"var_format":{"type":"numeric","schema":"other","category":null,"name":null},"var_notes":null,"var_val_range":{"min":null,"max":null},"fid":"F41","sid":"196","survey_idno":"DANE-DIRPEN-ENCV-2011"}

¿Usted o algún miembro del hogar saben si la secretaría o el municipio en el que habitan ha realizado acciones de Promoción de la salud y prevención de la enfermedad?

El acceso a microdatos y Mam-up se considera como de tratamiento especial respecto a la reserva estadística por tanto estará sujeto a la reglamentación que para el efecto defina el Comité de Aseguramiento de la reserva estadística. Resolución 173 de 2008.

23. ¿El resultado de su queja fue?

a. Le dieron respuesta y se resolvió la queja
b. Le dieron respuesta pero no se resolvió la queja
c. No le dieron respuesta
d. No sabe que pasó

24. ¿usted o algún miembro del hogar saben si la secretaría o municipio en el que habitan ha realizado acciones de promoción de la salud y prevención de la enfermedad? 


1	Sí
2	No

25. ¿En los últimos doce meses ha tenido que presentar una Tutela para poder acceder a los servicios de salud?

1	Sí
2	No

El universo para la Encuesta de Calidad de Vida está conformado por la población civil no institucional residente en todo el territorio nacional. 

Este capítulo va dirigido a todos y cada uno de los hogares existentes en la vivienda.

Promoción de la salud: La promoción de la salud es el proceso que permite a las personas incrementar el control sobre los determinantes de la salud y en consecuencia, mejorarla. La participación es esencial para sostener la acción en materia de promoción de la salud.

Prevención de la enfermedad: La prevención de la enfermedad está dirigida a evitar la aparición inicial de una enfermedad o dolencia, a detener o retardar la enfermedad ya presente y sus efectos mediante la detección temprana y el tratamiento adecuado o reducir los casos de enfermedades crónicas, por ejemplo, mediante una rehabilitación eficaz.

Sí
