{"file_id":"F42","vid":"V3451","name":"P6202S1","var_intrvl":"discrete","var_dcml":null,"var_wgt":null,"var_is_wgt":null,"loc_start_pos":"304","loc_end_pos":"358","loc_width":"55","loc_rec_seg_no":"1","labl":"\u00bfCu\u00e1l?","var_imputation":null,"var_security":"El acceso a microdatos y Mam-up se considera como de tratamiento especial respecto a la reserva estad\u00edstica por tanto estar\u00e1 sujeto a la reglamentaci\u00f3n que para el efecto defina el Comit\u00e9 de Aseguramiento de la reserva estad\u00edstica. Resoluci\u00f3n 173 de 2008.","var_resp_unit":"Directo.","var_analysis_unit":null,"var_qstn_preqtxt":"28. \u00bfQui\u00e9n le concedi\u00f3 el cr\u00e9dito educativo?\n\na. ICETEX\nb. Fondo Nacional de Ahorro\nc. Banco o corporaci\u00f3n\nd. Otra entidad p\u00fablica\ne. Establecimiento educativo\nf. Fundaci\u00f3n (ONG)\ng. Otra entidad, \u00bfcu\u00e1l?___","var_qstn_qstnlit":"28. \u00bfQui\u00e9n le concedi\u00f3 el cr\u00e9dito educativo? - g. Otra entidad, \n\n- \u00bfcu\u00e1l?____________","var_qstn_postqtxt":"29. \u00bfEn su tiempo libre, cu\u00e1les de las siguientes actividades realiz\u00f3 ____ la SEMANA PASADA?","var_qstn_ivuinstr":"Nota: La alternativa 5. Establecimiento educativo, se refiere al caso en el que el plantel educativo en el que estudia la persona, le otorga un pr\u00e9stamo al estudiante para que cubra parcialmente los gastos educativos en los que debe incurrir. \n\nNo se deben considerar como cr\u00e9dito educativo los plazos para pago de matr\u00edcula y\/o pensiones que conceden algunas instituciones educativas a los estudiantes puesto que esto no representa un desembolso de dinero por parte de la instituci\u00f3n, sino una facilidad para el pago de la misma.","var_universe":"El universo para la Encuesta de Calidad de Vida est\u00e1 conformado por la poblaci\u00f3n civil no institucional residente en todo el territorio nacional. \n\nEste cap\u00edtulo va dirigido a todas las personas las personas de 5 a\u00f1os y m\u00e1s.","var_universe_clusion":"I","var_sumstat":[{"value":"38","type":"vald","wgtd":null},{"value":"0","type":"invd","wgtd":null}],"var_txt":null,"var_catgry":[{"value":"PICHINCHA","labl":null,"is_missing":null,"stats":[{"value":"3","type":"freq","wgtd":null}]},{"value":"PERSONA PARTICULAR","labl":null,"is_missing":null,"stats":[{"value":"2","type":"freq","wgtd":null}]},{"value":"INVERSORA PICHINCHA","labl":null,"is_missing":null,"stats":[{"value":"2","type":"freq","wgtd":null}]},{"value":"IGLESIA DE JESUCRISTO DE LOS SANTOS DE LOS ULTIMOS DIAS","labl":null,"is_missing":null,"stats":[{"value":"2","type":"freq","wgtd":null}]},{"value":"FINCOMERCIO","labl":null,"is_missing":null,"stats":[{"value":"2","type":"freq","wgtd":null}]},{"value":"FENALCO","labl":null,"is_missing":null,"stats":[{"value":"2","type":"freq","wgtd":null}]},{"value":"COMUNA","labl":null,"is_missing":null,"stats":[{"value":"2","type":"freq","wgtd":null}]},{"value":"CANAPRO","labl":null,"is_missing":null,"stats":[{"value":"2","type":"freq","wgtd":null}]},{"value":"pichincha","labl":null,"is_missing":null,"stats":[{"value":"1","type":"freq","wgtd":null}]},{"value":"UNA COOPETRATIVA A LA CUAL ESTA AFILIADA","labl":null,"is_missing":null,"stats":[{"value":"1","type":"freq","wgtd":null}]},{"value":"LA   EMPRESA DONDE TRABAJA","labl":null,"is_missing":null,"stats":[{"value":"1","type":"freq","wgtd":null}]},{"value":"INVERSORA  PICHINCHA","labl":null,"is_missing":null,"stats":[{"value":"1","type":"freq","wgtd":null}]},{"value":"INVERSIONES PICHINCHA","labl":null,"is_missing":null,"stats":[{"value":"1","type":"freq","wgtd":null}]},{"value":"INSTITUTO FINANCIERO DE CASANARE","labl":null,"is_missing":null,"stats":[{"value":"1","type":"freq","wgtd":null}]},{"value":"FNDACION NESTOR ESTEBAN SANIN","labl":null,"is_missing":null,"stats":[{"value":"1","type":"freq","wgtd":null}]},{"value":"FINCOMERCIO Y   PICHINCHA","labl":null,"is_missing":null,"stats":[{"value":"1","type":"freq","wgtd":null}]},{"value":"FINANCIAR","labl":null,"is_missing":null,"stats":[{"value":"1","type":"freq","wgtd":null}]},{"value":"FIN COMERCIO","labl":null,"is_missing":null,"stats":[{"value":"1","type":"freq","wgtd":null}]},{"value":"FEDERACION NACIONAL DE COMERCIANTES","labl":null,"is_missing":null,"stats":[{"value":"1","type":"freq","wgtd":null}]},{"value":"FEDERACION DE CAFETEROS","labl":null,"is_missing":null,"stats":[{"value":"1","type":"freq","wgtd":null}]},{"value":"ESTUDIO ANTIOQUIA","labl":null,"is_missing":null,"stats":[{"value":"1","type":"freq","wgtd":null}]},{"value":"COP FUTURO","labl":null,"is_missing":null,"stats":[{"value":"1","type":"freq","wgtd":null}]},{"value":"COOPERATIVA UNIVERSITARIA","labl":null,"is_missing":null,"stats":[{"value":"1","type":"freq","wgtd":null}]},{"value":"COOPERATIVA DE  LA RAMA JUDICIAL","labl":null,"is_missing":null,"stats":[{"value":"1","type":"freq","wgtd":null}]},{"value":"COOFUTURO","labl":null,"is_missing":null,"stats":[{"value":"1","type":"freq","wgtd":null}]},{"value":"COLFUTURO","labl":null,"is_missing":null,"stats":[{"value":"1","type":"freq","wgtd":null}]},{"value":"CODELCAUCA","labl":null,"is_missing":null,"stats":[{"value":"1","type":"freq","wgtd":null}]},{"value":"CAJA DE COMPENSACION DEL CAUCA","labl":null,"is_missing":null,"stats":[{"value":"1","type":"freq","wgtd":null}]},{"value":"BRINSA SA","labl":null,"is_missing":null,"stats":[{"value":"1","type":"freq","wgtd":null}]}],"var_codinstr":null,"var_concept":[],"var_format":{"type":"character","schema":"other","category":null,"name":null},"var_notes":null,"var_val_range":{"min":null,"max":null},"fid":"F42","sid":"196","survey_idno":"DANE-DIRPEN-ENCV-2011"}

¿Cuál?

El acceso a microdatos y Mam-up se considera como de tratamiento especial respecto a la reserva estadística por tanto estará sujeto a la reglamentación que para el efecto defina el Comité de Aseguramiento de la reserva estadística. Resolución 173 de 2008.

28. ¿Quién le concedió el crédito educativo?

a. ICETEX
b. Fondo Nacional de Ahorro
c. Banco o corporación
d. Otra entidad pública
e. Establecimiento educativo
f. Fundación (ONG)
g. Otra entidad, ¿cuál?___

28. ¿Quién le concedió el crédito educativo? - g. Otra entidad, 

- ¿cuál?____________

29. ¿En su tiempo libre, cuáles de las siguientes actividades realizó ____ la SEMANA PASADA?

Nota: La alternativa 5. Establecimiento educativo, se refiere al caso en el que el plantel educativo en el que estudia la persona, le otorga un préstamo al estudiante para que cubra parcialmente los gastos educativos en los que debe incurrir. 

No se deben considerar como crédito educativo los plazos para pago de matrícula y/o pensiones que conceden algunas instituciones educativas a los estudiantes puesto que esto no representa un desembolso de dinero por parte de la institución, sino una facilidad para el pago de la misma.

El universo para la Encuesta de Calidad de Vida está conformado por la población civil no institucional residente en todo el territorio nacional. 

Este capítulo va dirigido a todas las personas las personas de 5 años y más.
