{"file_id":"F15","vid":"V1095","name":"P6211","var_intrvl":"discrete","var_dcml":"0","var_wgt":null,"var_is_wgt":null,"loc_start_pos":"102","loc_end_pos":"103","loc_width":"2","loc_rec_seg_no":"1","labl":"Cu\u00e1ntos a\u00f1os de estudios superiores ha realizado y aprobado","var_imputation":null,"var_security":"El acceso a microdatos y Mam-up se considera como de tratamiento especial respecto a la reserva estad\u00edstica por tanto estar\u00e1 sujeto a la reglamentaci\u00f3n que para el efecto defina el Comit\u00e9 de Aseguramiento de la reserva estad\u00edstica. Resoluci\u00f3n 173 de 2008.","var_resp_unit":"Directo.","var_analysis_unit":null,"var_qstn_preqtxt":"4. Grado o a\u00f1o aprobado","var_qstn_qstnlit":"5. \u00bfCu\u00e1ntos a\u00f1os de estudios superiores (t\u00e9cnicos, tecnol\u00f3gicos, universitarios, de posgrado, etc.), ha realizado y aprobado?\n\n- N\u00famero de a\u00f1os _____","var_qstn_postqtxt":"6. \u00bfAntes de iniciar la primaria, ____ asisti\u00f3 a preescolar?\n\n1\tS\u00ed\n2\tNo","var_qstn_ivuinstr":"Digite la sumatoria de todos los a\u00f1os aprobados en los diferentes niveles de educaci\u00f3n superior. \n\nNota: Si la persona estudi\u00f3 simult\u00e1neamente varias carreras o post grados, registre s\u00f3lo la duraci\u00f3n de una de ellas.\n\nNo debe ser menor al n\u00famero de grados \u00f3 a\u00f1os respondido en la pregunta G P4.","var_universe":"El universo para la Encuesta de Calidad de Vida est\u00e1 conformado por la poblaci\u00f3n civil no institucional residente en todo el territorio nacional. \n\nEste cap\u00edtulo va dirigido a todas las personas las personas de 5 a\u00f1os y m\u00e1s.","var_universe_clusion":"I","var_sumstat":[{"value":"0","type":"vald","wgtd":null},{"value":"0","type":"invd","wgtd":null}],"var_txt":null,"var_catgry":[],"var_codinstr":null,"var_concept":[],"var_format":{"type":"numeric","schema":"other","category":null,"name":null},"var_notes":null,"var_val_range":{"min":null,"max":null},"fid":"F15","sid":"201","survey_idno":"DANE-DIRPEN-ENCV-2010"}

Cuántos años de estudios superiores ha realizado y aprobado

El acceso a microdatos y Mam-up se considera como de tratamiento especial respecto a la reserva estadística por tanto estará sujeto a la reglamentación que para el efecto defina el Comité de Aseguramiento de la reserva estadística. Resolución 173 de 2008.

4. Grado o año aprobado

5. ¿Cuántos años de estudios superiores (técnicos, tecnológicos, universitarios, de posgrado, etc.), ha realizado y aprobado?

- Número de años _____

6. ¿Antes de iniciar la primaria, ____ asistió a preescolar?

1	Sí
2	No

Digite la sumatoria de todos los años aprobados en los diferentes niveles de educación superior. 

Nota: Si la persona estudió simultáneamente varias carreras o post grados, registre sólo la duración de una de ellas.

No debe ser menor al número de grados ó años respondido en la pregunta G P4.

El universo para la Encuesta de Calidad de Vida está conformado por la población civil no institucional residente en todo el territorio nacional. 

Este capítulo va dirigido a todas las personas las personas de 5 años y más.
