{"file_id":"F15","vid":"V1114","name":"P8598","var_intrvl":"discrete","var_dcml":"0","var_wgt":null,"var_is_wgt":null,"loc_start_pos":"223","loc_end_pos":"223","loc_width":"1","loc_rec_seg_no":"1","labl":"Durante este a\u00f1o escolar el hogar pago: \u00bflista de \u00fatiles escolares, compra o alquiler de textos para______?","var_imputation":null,"var_security":"El acceso a microdatos y Mam-up se considera como de tratamiento especial respecto a la reserva estad\u00edstica por tanto estar\u00e1 sujeto a la reglamentaci\u00f3n que para el efecto defina el Comit\u00e9 de Aseguramiento de la reserva estad\u00edstica. Resoluci\u00f3n 173 de 2008.","var_resp_unit":"Directo.","var_analysis_unit":null,"var_qstn_preqtxt":"16. Valor $  _____","var_qstn_qstnlit":"17. Durante este A\u00d1O ESCOLAR el hogar pag\u00f3: - \u00bfLista de \u00fatiles escolares, compra o alquiler de textos para ____?\n\n1\tS\u00ed\n2\tNo","var_qstn_postqtxt":"17. Valor $  _____","var_qstn_ivuinstr":"Una vez diligenciada la pregunta, tenga en cuenta: (si G P8=5, 6, 7 u 8) el nivel educativo es t\u00e9cnico, tecnol\u00f3gico o universitario o postgrado pase a 21 \n\nEl alquiler de textos es una modalidad en la cual el establecimiento ha adquirido previamente todos los libros que el estudiante utilizar\u00e1 durante el a\u00f1o escolar y cobra una suma para que el alumno haga uso de ellos durante el per\u00edodo lectivo. \n\nPara algunas carreras universitarias es frecuente la compra de instrumental necesario para el desarrollo de pr\u00e1cticas, tal es el caso de estudiantes de medicina, odontolog\u00eda, mec\u00e1nica dental, arquitectura, entre otras. Si este es el caso, incluya los desembolsos efectuados por el hogar en estos art\u00edculos. \n\nSi la matr\u00edcula incluye el pago por este concepto, escriba 98 en \"valor\". \n\nNota: Esta pregunta no incluye los productos de aseo.","var_universe":"El universo para la Encuesta de Calidad de Vida est\u00e1 conformado por la poblaci\u00f3n civil no institucional residente en todo el territorio nacional. \n\nEste cap\u00edtulo va dirigido a todas las personas las personas de 5 a\u00f1os y m\u00e1s.","var_universe_clusion":"I","var_sumstat":[{"value":"0","type":"vald","wgtd":null},{"value":"0","type":"invd","wgtd":null}],"var_txt":null,"var_catgry":[{"value":"2","labl":"No","is_missing":null,"stats":[]},{"value":"1","labl":"S\u00ed","is_missing":null,"stats":[]}],"var_codinstr":null,"var_concept":[],"var_format":{"type":"numeric","schema":"other","category":null,"name":null},"var_notes":null,"var_val_range":{"min":null,"max":null},"fid":"F15","sid":"201","survey_idno":"DANE-DIRPEN-ENCV-2010"}

Durante este año escolar el hogar pago: ¿lista de útiles escolares, compra o alquiler de textos para______?

El acceso a microdatos y Mam-up se considera como de tratamiento especial respecto a la reserva estadística por tanto estará sujeto a la reglamentación que para el efecto defina el Comité de Aseguramiento de la reserva estadística. Resolución 173 de 2008.

17. Durante este AÑO ESCOLAR el hogar pagó: - ¿Lista de útiles escolares, compra o alquiler de textos para ____?

1	Sí
2	No

Una vez diligenciada la pregunta, tenga en cuenta: (si G P8=5, 6, 7 u 8) el nivel educativo es técnico, tecnológico o universitario o postgrado pase a 21 

El alquiler de textos es una modalidad en la cual el establecimiento ha adquirido previamente todos los libros que el estudiante utilizará durante el año escolar y cobra una suma para que el alumno haga uso de ellos durante el período lectivo. 

Para algunas carreras universitarias es frecuente la compra de instrumental necesario para el desarrollo de prácticas, tal es el caso de estudiantes de medicina, odontología, mecánica dental, arquitectura, entre otras. Si este es el caso, incluya los desembolsos efectuados por el hogar en estos artículos. 

Si la matrícula incluye el pago por este concepto, escriba 98 en "valor". 

Nota: Esta pregunta no incluye los productos de aseo.

El universo para la Encuesta de Calidad de Vida está conformado por la población civil no institucional residente en todo el territorio nacional. 

Este capítulo va dirigido a todas las personas las personas de 5 años y más.

Sí
