{"file_id":"F15","vid":"V1136","name":"P8614s1","var_intrvl":"discrete","var_dcml":"0","var_wgt":null,"var_is_wgt":null,"loc_start_pos":"291","loc_end_pos":"298","loc_width":"8","loc_rec_seg_no":"1","labl":"\u00bfvalor $ _______________","var_imputation":null,"var_security":"El acceso a microdatos y Mam-up se considera como de tratamiento especial respecto a la reserva estad\u00edstica por tanto estar\u00e1 sujeto a la reglamentaci\u00f3n que para el efecto defina el Comit\u00e9 de Aseguramiento de la reserva estad\u00edstica. Resoluci\u00f3n 173 de 2008.","var_resp_unit":"Directo.","var_analysis_unit":null,"var_qstn_preqtxt":"27. Durante este A\u00d1O ESCOLAR \u00bf____ ha recibido cr\u00e9dito educativo?\n\n1\tS\u00ed\n2\tNo","var_qstn_qstnlit":"27. Valor $ __________","var_qstn_postqtxt":"27. Frecuencia del cr\u00e9dito educativo recibido\n\na.\tMensual\nb.\tBimestral\nc.\tSemestral\nd.\tAnual","var_qstn_ivuinstr":"La pregunta establece si la persona obtuvo algun cr\u00e9dito educativo, el monto por el cual fue otorgado y la periodicidad en que \u00e9ste es recibido. \n\nSi la periodicidad informada no corresponde a las que figuran en las opciones de respuesta, haga la conversi\u00f3n a mensual","var_universe":"El universo para la Encuesta de Calidad de Vida est\u00e1 conformado por la poblaci\u00f3n civil no institucional residente en todo el territorio nacional. \n\nEste cap\u00edtulo va dirigido a todas las personas las personas de 5 a\u00f1os y m\u00e1s.","var_universe_clusion":"I","var_sumstat":[{"value":"0","type":"vald","wgtd":null},{"value":"0","type":"invd","wgtd":null}],"var_txt":null,"var_catgry":[],"var_codinstr":null,"var_concept":[],"var_format":{"type":"numeric","schema":"other","category":null,"name":null},"var_notes":null,"var_val_range":{"min":null,"max":null},"fid":"F15","sid":"201","survey_idno":"DANE-DIRPEN-ENCV-2010"}

El acceso a microdatos y Mam-up se considera como de tratamiento especial respecto a la reserva estadística por tanto estará sujeto a la reglamentación que para el efecto defina el Comité de Aseguramiento de la reserva estadística. Resolución 173 de 2008.

27. Durante este AÑO ESCOLAR ¿____ ha recibido crédito educativo?

1	Sí
2	No

27. Frecuencia del crédito educativo recibido

a.	Mensual
b.	Bimestral
c.	Semestral
d.	Anual

La pregunta establece si la persona obtuvo algun crédito educativo, el monto por el cual fue otorgado y la periodicidad en que éste es recibido. 

Si la periodicidad informada no corresponde a las que figuran en las opciones de respuesta, haga la conversión a mensual

El universo para la Encuesta de Calidad de Vida está conformado por la población civil no institucional residente en todo el territorio nacional. 

Este capítulo va dirigido a todas las personas las personas de 5 años y más.
