{"file_id":"F16","vid":"V1209","name":"P6630","var_intrvl":"discrete","var_dcml":"0","var_wgt":null,"var_is_wgt":null,"loc_start_pos":"441","loc_end_pos":"441","loc_width":"1","loc_rec_seg_no":"1","labl":"En los \u00faltimos 12 meses, usted \u00bfrecibi\u00f3:","var_imputation":null,"var_security":"El acceso a microdatos y Mam-up se considera como de tratamiento especial respecto a la reserva estad\u00edstica por tanto estar\u00e1 sujeto a la reglamentaci\u00f3n que para el efecto defina el Comit\u00e9 de Aseguramiento de la reserva estad\u00edstica. Resoluci\u00f3n 173 de 2008.","var_resp_unit":"Directo.","var_analysis_unit":null,"var_qstn_preqtxt":"Valor $ _______________","var_qstn_qstnlit":"38. Durante los \u00daLTIMOS 12 MESES, usted \u00bfrecibi\u00f3:","var_qstn_postqtxt":"38. Durante los \u00daLTIMOS 12 MESES, usted \u00bfrecibi\u00f3: \n\na. \u00bfPrima de servicios?\n\n1\tS\u00ed\n2\tNo\n3\tNo sabe, no informa","var_qstn_ivuinstr":"Despu\u00e9s de diligenciar pase a pregunta 41.","var_universe":"El universo para la Encuesta de Calidad de Vida est\u00e1 conformado por la poblaci\u00f3n civil no institucional residente en todo el territorio nacional. \n\nEste cap\u00edtulo va dirigido a todas las personas las personas de 12 a\u00f1os y m\u00e1s.","var_universe_clusion":"I","var_sumstat":[{"value":"0","type":"vald","wgtd":null},{"value":"0","type":"invd","wgtd":null}],"var_txt":"Primas. Es un pago adicional a sueldos y salarios que las empresas hacen a sus trabajadores en reconocimiento a sus servicios. No se consideran como salario pero equivalen a un salario o parte de \u00e9ste, por a\u00f1o.","var_catgry":[],"var_codinstr":null,"var_concept":[],"var_format":{"type":"numeric","schema":"other","category":null,"name":null},"var_notes":null,"var_val_range":{"min":null,"max":null},"fid":"F16","sid":"201","survey_idno":"DANE-DIRPEN-ENCV-2010"}

En los últimos 12 meses, usted ¿recibió:

El acceso a microdatos y Mam-up se considera como de tratamiento especial respecto a la reserva estadística por tanto estará sujeto a la reglamentación que para el efecto defina el Comité de Aseguramiento de la reserva estadística. Resolución 173 de 2008.

38. Durante los ÚLTIMOS 12 MESES, usted ¿recibió:

38. Durante los ÚLTIMOS 12 MESES, usted ¿recibió: 

a. ¿Prima de servicios?

1	Sí
2	No
3	No sabe, no informa

Después de diligenciar pase a pregunta 41.

El universo para la Encuesta de Calidad de Vida está conformado por la población civil no institucional residente en todo el territorio nacional. 

Este capítulo va dirigido a todas las personas las personas de 12 años y más.

Primas. Es un pago adicional a sueldos y salarios que las empresas hacen a sus trabajadores en reconocimiento a sus servicios. No se consideran como salario pero equivalen a un salario o parte de éste, por año.
