{"file_id":"F16","vid":"V1243","name":"P6935","var_intrvl":"discrete","var_dcml":"0","var_wgt":null,"var_is_wgt":null,"loc_start_pos":"787","loc_end_pos":"787","loc_width":"1","loc_rec_seg_no":"1","labl":"\u00bfa cu\u00e1l de los siguientes fondos cotiza actualmente?:","var_imputation":null,"var_security":"El acceso a microdatos y Mam-up se considera como de tratamiento especial respecto a la reserva estad\u00edstica por tanto estar\u00e1 sujeto a la reglamentaci\u00f3n que para el efecto defina el Comit\u00e9 de Aseguramiento de la reserva estad\u00edstica. Resoluci\u00f3n 173 de 2008.","var_resp_unit":"Informante Directo","var_analysis_unit":null,"var_qstn_preqtxt":"\u00bfEst\u00e1 ..... cotizando actualmente a un fondo de pensiones?\n\n1. S\u00ed\n2. No\n3. Ya es pensionado","var_qstn_qstnlit":"\u00bfA cu\u00e1l de los siguientes fondos cotiza actualmente?\n\na. Instituto de Seguros Sociales -ISS-\nb. Cajas de previsi\u00f3n\nc. Fuerzas Militares o Polic\u00eda Nacional\nd. Magisterio\ne. ECOPETROL\nf. Fondo privado (Administradora Fondos de Pensiones)\ng. Fondo subsidiado (Prosperar)\nh. No sabe","var_qstn_postqtxt":"El mes pasado _____recibi\u00f3 \u00bfalg\u00fan ingreso por concepto de pensi\u00f3n de jubilaci\u00f3n, sustituci\u00f3n pensional, invalidez o vejez?\n\n1. S\u00ed\n2. No","var_qstn_ivuinstr":"Solicitar carn\u00e9 de afiliaci\u00f3n.\n\nEsta pregunta tiene como prop\u00f3sito establecer la participaci\u00f3n en la cobertura de seguridad social de las entidades p\u00fablicas y privadas. Existen fondos de pensiones privados como son:\n\n1. Colfondos\n2. Horizonte BBVA\n3. Porvenir\n4. Protecci\u00f3n\n5. Santander\n6. Skandia\n\nExisten tambi\u00e9n el r\u00e9gimen de excepciones correspondiente a entidades que tienen su propio sistema de pensiones, como: los miembros de las Fuerzas Militares y de Polic\u00eda; Personal Civil del Ministerio de Defensa y la Polic\u00eda Nacional; Personal docente afiliado al Fondo Nacional de prestaciones Magisterio; Empleados y pensionados de Ecopetrol etc.\n\nPara las personas que trabajan en el Congreso de la Rep\u00fablica, debe marcarse la alternativa 2: \u201cCajas de previsi\u00f3n\u201d.","var_universe":"El universo para la ECV est\u00e1 conformado por la poblaci\u00f3n civil no institucional resi\u00addente en todo el territorio nacional.\n\nPersonas de 12 a\u00f1os y m\u00e1s y para el suministro de la informacion de personas entre 12 y 18 a\u00f1os que no trabajen o no sean estudiantes universitarios, miembro del hogar mayor de 18 a\u00f1os(cuando la persona est\u00e9 secuestrada o tenga alg\u00fan problema grave de salud, discapacidad o problema mental)","var_universe_clusion":"I","var_sumstat":[{"value":"0","type":"vald","wgtd":null},{"value":"0","type":"invd","wgtd":null}],"var_txt":null,"var_catgry":[{"value":"8","labl":"No sabe","is_missing":null,"stats":[]},{"value":"7","labl":"Fondo subsidiado (prosperar)","is_missing":null,"stats":[]},{"value":"6","labl":"Fondo privado (administradora fondos de pensiones)","is_missing":null,"stats":[]},{"value":"5","labl":"Ecopetrol","is_missing":null,"stats":[]},{"value":"4","labl":"Magisterio","is_missing":null,"stats":[]},{"value":"3","labl":"Fuerzas militares o policia nacional","is_missing":null,"stats":[]},{"value":"2","labl":"Cajas de previsi\u00f3n","is_missing":null,"stats":[]},{"value":"1","labl":"Instituto se seguros sociales","is_missing":null,"stats":[]}],"var_codinstr":null,"var_concept":[],"var_format":{"type":"numeric","schema":"other","category":null,"name":null},"var_notes":null,"var_val_range":{"min":null,"max":null},"fid":"F16","sid":"201","survey_idno":"DANE-DIRPEN-ENCV-2010"}

¿a cuál de los siguientes fondos cotiza actualmente?:

El acceso a microdatos y Mam-up se considera como de tratamiento especial respecto a la reserva estadística por tanto estará sujeto a la reglamentación que para el efecto defina el Comité de Aseguramiento de la reserva estadística. Resolución 173 de 2008.

¿Está ..... cotizando actualmente a un fondo de pensiones?

1. Sí
2. No
3. Ya es pensionado

¿A cuál de los siguientes fondos cotiza actualmente?

a. Instituto de Seguros Sociales -ISS-
b. Cajas de previsión
c. Fuerzas Militares o Policía Nacional
d. Magisterio
e. ECOPETROL
f. Fondo privado (Administradora Fondos de Pensiones)
g. Fondo subsidiado (Prosperar)
h. No sabe

El mes pasado _____recibió ¿algún ingreso por concepto de pensión de jubilación, sustitución pensional, invalidez o vejez?

1. Sí
2. No

Solicitar carné de afiliación.

Esta pregunta tiene como propósito establecer la participación en la cobertura de seguridad social de las entidades públicas y privadas. Existen fondos de pensiones privados como son:

1. Colfondos
2. Horizonte BBVA
3. Porvenir
4. Protección
5. Santander
6. Skandia

Existen también el régimen de excepciones correspondiente a entidades que tienen su propio sistema de pensiones, como: los miembros de las Fuerzas Militares y de Policía; Personal Civil del Ministerio de Defensa y la Policía Nacional; Personal docente afiliado al Fondo Nacional de prestaciones Magisterio; Empleados y pensionados de Ecopetrol etc.

Para las personas que trabajan en el Congreso de la República, debe marcarse la alternativa 2: “Cajas de previsión”.

El universo para la ECV está conformado por la población civil no institucional resi­dente en todo el territorio nacional.

Personas de 12 años y más y para el suministro de la informacion de personas entre 12 y 18 años que no trabajen o no sean estudiantes universitarios, miembro del hogar mayor de 18 años(cuando la persona esté secuestrada o tenga algún problema grave de salud, discapacidad o problema mental)

Cajas de previsión
