{"file_id":"F18","vid":"V1301","name":"P8822","var_intrvl":"discrete","var_dcml":"0","var_wgt":null,"var_is_wgt":null,"loc_start_pos":"14","loc_end_pos":"19","loc_width":"6","loc_rec_seg_no":"1","labl":"\u00bfcu\u00e1l es el \u00e1rea aproximada de la finca, tierra o parcela?","var_imputation":null,"var_security":"El acceso a microdatos y Mam-up se considera como de tratamiento especial respecto a la reserva estad\u00edstica por tanto estar\u00e1 sujeto a la reglamentaci\u00f3n que para el efecto defina el Comit\u00e9 de Aseguramiento de la reserva estad\u00edstica. Resoluci\u00f3n 173 de 2008.","var_resp_unit":"Directo.","var_analysis_unit":null,"var_qstn_preqtxt":null,"var_qstn_qstnlit":"7. \u00bfCu\u00e1l es el \u00e1rea aproximada de la finca, tierra o parcela?\n\n- \u00c1rea _____________","var_qstn_postqtxt":"7. \u00bfCu\u00e1l es el \u00e1rea aproximada de la finca, tierra o parcela?\n\n1\tMetro cuadrado (m2)\n2\tHect\u00e1rea (Ha)\n3\tFanegada, cuadra, plaza","var_qstn_ivuinstr":"Esta pregunta busca establecer la extensi\u00f3n de cada una de las fincas o parcelas de propiedad de los miembros del hogar. Lea la pregunta y espere la respuesta del encuestado, registrando el \u00e1rea y el c\u00f3digo de la unidad de medida proporcionada. \n\nTenga en cuenta las siguientes indicaciones para su correcto diligenciamiento: \n\n1) En el espacio de \u00c1rea: anote en n\u00fameros enteros o decimales el \u00e1rea que le informen tiene la finca o parcela. \n\n2) En lo correspondiente a \"Unidad de Medida\", marque el c\u00f3digo correspondiente a la unidad de medida indicada. \n\nPara cada una de las fincas es necesario diligenciar las preguntas de la 7 a la 13","var_universe":"El universo para la Encuesta de Calidad de Vida est\u00e1 conformado por la poblaci\u00f3n civil no institucional residente en todo el territorio nacional.\n\nVa dirigido a todos los hogares con fincas, parcelas o tierras en arriendo o aparcer\u00eda destinadas a labores agr\u00edcolas, cr\u00eda de animales \u00f3 a uso forestales.","var_universe_clusion":"I","var_sumstat":[{"value":"0","type":"vald","wgtd":null},{"value":"0","type":"invd","wgtd":null}],"var_txt":null,"var_catgry":[],"var_codinstr":null,"var_concept":[],"var_format":{"type":"numeric","schema":"other","category":null,"name":null},"var_notes":null,"var_val_range":{"min":null,"max":null},"fid":"F18","sid":"201","survey_idno":"DANE-DIRPEN-ENCV-2010"}

¿cuál es el área aproximada de la finca, tierra o parcela?

El acceso a microdatos y Mam-up se considera como de tratamiento especial respecto a la reserva estadística por tanto estará sujeto a la reglamentación que para el efecto defina el Comité de Aseguramiento de la reserva estadística. Resolución 173 de 2008.

7. ¿Cuál es el área aproximada de la finca, tierra o parcela?

- Área _____________

7. ¿Cuál es el área aproximada de la finca, tierra o parcela?

1	Metro cuadrado (m2)
2	Hectárea (Ha)
3	Fanegada, cuadra, plaza

Esta pregunta busca establecer la extensión de cada una de las fincas o parcelas de propiedad de los miembros del hogar. Lea la pregunta y espere la respuesta del encuestado, registrando el área y el código de la unidad de medida proporcionada. 

Tenga en cuenta las siguientes indicaciones para su correcto diligenciamiento: 

1) En el espacio de Área: anote en números enteros o decimales el área que le informen tiene la finca o parcela. 

2) En lo correspondiente a "Unidad de Medida", marque el código correspondiente a la unidad de medida indicada. 

Para cada una de las fincas es necesario diligenciar las preguntas de la 7 a la 13

El universo para la Encuesta de Calidad de Vida está conformado por la población civil no institucional residente en todo el territorio nacional.

Va dirigido a todos los hogares con fincas, parcelas o tierras en arriendo o aparcería destinadas a labores agrícolas, cría de animales ó a uso forestales.
