{"file_id":"F5","vid":"V274","name":"P9120s16a1","var_intrvl":"discrete","var_dcml":null,"var_wgt":null,"var_is_wgt":null,"loc_start_pos":"351","loc_end_pos":"430","loc_width":"80","loc_rec_seg_no":"1","labl":"\u00bfcu\u00e1l?","var_imputation":null,"var_security":"El acceso a microdatos y Mam-up se considera como de tratamiento especial respecto a la reserva estad\u00edstica por tanto estar\u00e1 sujeto a la reglamentaci\u00f3n que para el efecto defina el Comit\u00e9 de Aseguramiento de la reserva estad\u00edstica. Resoluci\u00f3n 173 de 2008.","var_resp_unit":"informante Directo.","var_analysis_unit":null,"var_qstn_preqtxt":"17. \u00bfQu\u00e9 medidas tomaron para hacerle frente a estos eventos?\n\np. Otra","var_qstn_qstnlit":"17. \u00bfQu\u00e9 medidas tomaron para hacerle frente a estos eventos? - p. Otra \n\n- \u00bfcu\u00e1l? _______________","var_qstn_postqtxt":"17. \u00bfQu\u00e9 medidas tomaron para hacerle frente a estos eventos?\n\nq. Ninguna","var_qstn_ivuinstr":"Lea la pregunta y espere respuesta \n\nEsta pregunta busca identificar las soluciones a que han recurrido los hogares para hacerle frente eventos ocurridos en los \u00faltimos 2 a\u00f1os.","var_universe":"El universo para la Encuesta de Calidad de Vida est\u00e1 conformado por la poblaci\u00f3n civil no institucional residente en todo el territorio nacional. \n\nEste cap\u00edtulo va dirigido a todos y cada uno de los hogares existentes en la vivienda.","var_universe_clusion":"I","var_sumstat":[{"value":"0","type":"vald","wgtd":null},{"value":"0","type":"invd","wgtd":null}],"var_txt":null,"var_catgry":[],"var_codinstr":null,"var_concept":[],"var_format":{"type":"character","schema":"other","category":null,"name":null},"var_notes":null,"var_val_range":{"min":null,"max":null},"fid":"F5","sid":"201","survey_idno":"DANE-DIRPEN-ENCV-2010"}

¿cuál?

El acceso a microdatos y Mam-up se considera como de tratamiento especial respecto a la reserva estadística por tanto estará sujeto a la reglamentación que para el efecto defina el Comité de Aseguramiento de la reserva estadística. Resolución 173 de 2008.

17. ¿Qué medidas tomaron para hacerle frente a estos eventos?

p. Otra

17. ¿Qué medidas tomaron para hacerle frente a estos eventos? - p. Otra 

- ¿cuál? _______________

17. ¿Qué medidas tomaron para hacerle frente a estos eventos?

q. Ninguna

Lea la pregunta y espere respuesta 

Esta pregunta busca identificar las soluciones a que han recurrido los hogares para hacerle frente eventos ocurridos en los últimos 2 años.

El universo para la Encuesta de Calidad de Vida está conformado por la población civil no institucional residente en todo el territorio nacional. 

Este capítulo va dirigido a todos y cada uno de los hogares existentes en la vivienda.
