{"file_id":"F24","vid":"V994","name":"P6120","var_intrvl":"discrete","var_dcml":"0","var_wgt":null,"var_is_wgt":null,"loc_start_pos":null,"loc_end_pos":null,"loc_width":"11","loc_rec_seg_no":null,"labl":"\u00bfCu\u00e1nto paga o cu\u00e1nto le descuentan mensualmente? (Si no sabe cuanto paga o cuanto le descuentan escriba 98)","var_imputation":null,"var_security":"El acceso a microdatos y Mam-up se considera como de tratamiento especial respecto a la reserva estad\u00edstica por tanto estar\u00e1 sujeto a la reglamentaci\u00f3n que para el efecto defina el Comit\u00e9 de Aseguramiento de la reserva estad\u00edstica. Resoluci\u00f3n 173 de 2008.","var_resp_unit":"Directo","var_analysis_unit":null,"var_qstn_preqtxt":"\u00bfQui\u00e9n paga mensualmente por la afiliaci\u00f3n de .....?\n\n1. . ..... paga una parte y otra la empresa o patr\u00f3n\n2. Le descuentan de la pensi\u00f3n \n3. . ..... paga la totalidad de la afiliaci\u00f3n \n4. Paga completamente la empresa o patr\u00f3n donde trabaja\n5. No paga, es beneficiario\n9. No sabe, no informa","var_qstn_qstnlit":"\u00bfCu\u00e1nto paga o cu\u00e1nto le descuentan mensualmente?\n\n- Valor pagado o descontado __________________","var_qstn_postqtxt":"\u00bfEn los \u00faltimos doce meses dej\u00f3 de asistir al m\u00e9dico o no se hospitaliz\u00f3\npor no tener con qu\u00e9 pagar estos servicios en la EPS o ARS?\n\n1. S\u00ed\n2. No\n9. No sabe, no informa","var_qstn_ivuinstr":"Se espera establecer el pago que realizan las personas para estar cubiertas por una entidad de seguridad social. Escriba, el valor mensual que paga o le descuentan a la persona para cubrir el valor de la cotizaci\u00f3n en la entidad que garantiza la prestaci\u00f3n de sus servicios de salud.\n\nSi es posible solicite el desprendible de pago de cotizaci\u00f3n y\/o el desprendible de pago de n\u00f3mina y registre el valor que corresponde al descuento o pago de cotizaci\u00f3n. Si la persona no puede informar el valor pagado, escriba 98.","var_universe":"el universo est\u00e1 conformado por la poblaci\u00f3n civil no institucional residente en viviendas particulares.","var_universe_clusion":"I","var_sumstat":[{"value":"0","type":"vald","wgtd":null},{"value":"0","type":"invd","wgtd":null}],"var_txt":null,"var_catgry":[],"var_codinstr":null,"var_concept":[],"var_format":{"type":"numeric","schema":"other","category":null,"name":null},"var_notes":null,"var_val_range":{"min":null,"max":null},"fid":"F24","sid":"204","survey_idno":"DANE-DIMPE-ENIG-2006_2007"}

¿Cuánto paga o cuánto le descuentan mensualmente? (Si no sabe cuanto paga o cuanto le descuentan escriba 98)

El acceso a microdatos y Mam-up se considera como de tratamiento especial respecto a la reserva estadística por tanto estará sujeto a la reglamentación que para el efecto defina el Comité de Aseguramiento de la reserva estadística. Resolución 173 de 2008.

¿Quién paga mensualmente por la afiliación de .....?

1. . ..... paga una parte y otra la empresa o patrón
2. Le descuentan de la pensión 
3. . ..... paga la totalidad de la afiliación 
4. Paga completamente la empresa o patrón donde trabaja
5. No paga, es beneficiario
9. No sabe, no informa

¿Cuánto paga o cuánto le descuentan mensualmente?

- Valor pagado o descontado __________________

¿En los últimos doce meses dejó de asistir al médico o no se hospitalizó
por no tener con qué pagar estos servicios en la EPS o ARS?

1. Sí
2. No
9. No sabe, no informa

Se espera establecer el pago que realizan las personas para estar cubiertas por una entidad de seguridad social. Escriba, el valor mensual que paga o le descuentan a la persona para cubrir el valor de la cotización en la entidad que garantiza la prestación de sus servicios de salud.

Si es posible solicite el desprendible de pago de cotización y/o el desprendible de pago de nómina y registre el valor que corresponde al descuento o pago de cotización. Si la persona no puede informar el valor pagado, escriba 98.

el universo está conformado por la población civil no institucional residente en viviendas particulares.
