{"file_id":"F1","vid":"V3","name":"mes","var_intrvl":"discrete","var_dcml":null,"var_wgt":null,"var_is_wgt":null,"loc_start_pos":"10","loc_end_pos":"11","loc_width":"2","loc_rec_seg_no":"1","labl":"Mes","var_imputation":null,"var_security":"El acceso a microdatos y mam-up se considera como de tratamiento especial respecto a la reserva estad\u00edstica por tanto estar\u00e1 sujeto a la reglamentaci\u00f3n que para el efecto defina el comit\u00e9 de aseguramiento de la reserva estad\u00edstica. Resoluci\u00f3n 173 de 2008.","var_resp_unit":"La encuesta utiliza informante directo para las personas de 18 a\u00f1os y m\u00e1s, y para aquellas de 10 a 17 a\u00f1os que trabajen o est\u00e9n buscando trabajo. Para los dem\u00e1s se acepta informante id\u00f3neo (persona del hogar mayor de 18 a\u00f1os, que a falta del informante directo pueda responder correctamente las preguntas). No se acepta informaci\u00f3n de empleados del servicio dom\u00e9stico, pensionistas, vecinos o menores, excepto cuando el menor de edad es el jefe del hogar o c\u00f3nyuge.","var_analysis_unit":null,"var_qstn_preqtxt":null,"var_qstn_qstnlit":"Mes\n\n01\tenero\n02\tfebrero\n03\tmarzo\n04\tabril\n05\tmayo\n06\tjunio\n07\tjulio\n08\tagosto\n09\tseptiembre\n10\toctubre\n11\tnoviembre\n12\tdiciembre","var_qstn_postqtxt":null,"var_qstn_ivuinstr":null,"var_universe":"Est\u00e1 conformado por la poblaci\u00f3n civil no institucional, residente en todo el territorio nacional; va dirigida a todos los hogares encontrados en la vivienda.","var_universe_clusion":"I","var_sumstat":[{"value":"228944","type":"vald","wgtd":null},{"value":"0","type":"invd","wgtd":null}],"var_txt":null,"var_catgry":[{"value":"05","labl":"mayo","is_missing":null,"stats":[{"value":"19562","type":"freq","wgtd":null}]},{"value":"10","labl":"octubre","is_missing":null,"stats":[{"value":"19328","type":"freq","wgtd":null}]},{"value":"04","labl":"abril","is_missing":null,"stats":[{"value":"19314","type":"freq","wgtd":null}]},{"value":"08","labl":"agosto","is_missing":null,"stats":[{"value":"19235","type":"freq","wgtd":null}]},{"value":"06","labl":"junio","is_missing":null,"stats":[{"value":"19229","type":"freq","wgtd":null}]},{"value":"11","labl":"noviembre","is_missing":null,"stats":[{"value":"19180","type":"freq","wgtd":null}]},{"value":"02","labl":"febrero","is_missing":null,"stats":[{"value":"19054","type":"freq","wgtd":null}]},{"value":"07","labl":"julio","is_missing":null,"stats":[{"value":"19017","type":"freq","wgtd":null}]},{"value":"09","labl":"septiembre","is_missing":null,"stats":[{"value":"18986","type":"freq","wgtd":null}]},{"value":"01","labl":"enero","is_missing":null,"stats":[{"value":"18954","type":"freq","wgtd":null}]},{"value":"03","labl":"marzo","is_missing":null,"stats":[{"value":"18909","type":"freq","wgtd":null}]},{"value":"12","labl":"diciembre","is_missing":null,"stats":[{"value":"18176","type":"freq","wgtd":null}]}],"var_codinstr":null,"var_concept":[],"var_format":{"type":"character","schema":"other","category":null,"name":null},"var_notes":null,"var_val_range":{"min":null,"max":null},"fid":"F1","sid":"211","survey_idno":"DANE-POBREZAMONETARIAyDESIGUALDAD-2013"}

El acceso a microdatos y mam-up se considera como de tratamiento especial respecto a la reserva estadística por tanto estará sujeto a la reglamentación que para el efecto defina el comité de aseguramiento de la reserva estadística. Resolución 173 de 2008.

La encuesta utiliza informante directo para las personas de 18 años y más, y para aquellas de 10 a 17 años que trabajen o estén buscando trabajo. Para los demás se acepta informante idóneo (persona del hogar mayor de 18 años, que a falta del informante directo pueda responder correctamente las preguntas). No se acepta información de empleados del servicio doméstico, pensionistas, vecinos o menores, excepto cuando el menor de edad es el jefe del hogar o cónyuge.

Está conformado por la población civil no institucional, residente en todo el territorio nacional; va dirigida a todos los hogares encontrados en la vivienda.
