{"file_id":"F8","vid":"V562","name":"P263","var_intrvl":"discrete","var_dcml":"0","var_wgt":null,"var_is_wgt":null,"loc_start_pos":"63","loc_end_pos":"64","loc_width":"2","loc_rec_seg_no":"1","labl":"1. A <...>\u00bfle gusta que le lean?","var_imputation":null,"var_security":"El acceso a microdatos y Mam-up se considera como de tratamiento especial respecto a la reserva estad\u00edstica por tanto estar\u00e1 sujeto a la reglamentaci\u00f3n que para el efecto defina el Comit\u00e9 de Aseguramiento de la reserva estad\u00edstica. Resoluci\u00f3n 173 de 2008.","var_resp_unit":"personas de 5 a 11 a\u00f1os","var_analysis_unit":null,"var_qstn_preqtxt":"75. \u00bfCon qui\u00e9nes realiz\u00f3 actividades l\u00fadicas o de juego el ni\u00f1o o la ni\u00f1a?\n\nc. Lo hizo solo(a)\n1\tS\u00ed\n2\tNo","var_qstn_qstnlit":"1. A \u2026 \u00bfle gusta que le lean?\n\n1\tS\u00ed\n2\tNo","var_qstn_postqtxt":"2. A \u2026 \u00bfqui\u00e9n prefiere que le lea?\n\n1\t Los abuelos\n2\tEl pap\u00e1\n3\tLa mam\u00e1\n4\tOtros familiares\n5\tEl (la) profesor(a)\n6\tEl (la) bibliotecario(a)\n7\tOtro tipo de persona, \u00bfcu\u00e1l?\n99\tNo sabe\/ no informa","var_qstn_ivuinstr":"Objetivo\nIdentificar si a los ni\u00f1os y ni\u00f1as entre los 5 y 11 a\u00f1os de edad les gusta que les lean.\n\nPasos a seguir:\nLeamos la pregunta y luego cada una de las opciones.\nEsperemos la respuesta y marquemos la casilla que corresponde.\n\nTener en cuenta:\n\nSi el ni\u00f1o o la ni\u00f1a  responde No o No sabe\/No informa debe continuar en la pregunta 3.\nSi el ni\u00f1o o la ni\u00f1a contesta con un S\u00ed pasa a responder la pregunta 2.","var_universe":"El universo para la Encuesta de Consumo Cultural est\u00e1 conformado por la poblaci\u00f3n civil no institucional residente en las cabeceras municipales del territorio nacional.","var_universe_clusion":"I","var_sumstat":[{"value":"0","type":"vald","wgtd":null},{"value":"0","type":"invd","wgtd":null}],"var_txt":null,"var_catgry":[{"value":"2","labl":"No","is_missing":null,"stats":[]},{"value":"1","labl":"S\u00ed","is_missing":null,"stats":[]}],"var_codinstr":null,"var_concept":[],"var_format":{"type":"numeric","schema":"other","category":null,"name":null},"var_notes":null,"var_val_range":{"min":null,"max":null},"fid":"F8","sid":"248","survey_idno":"DANE-DIMPE-ECC-2012"}

El acceso a microdatos y Mam-up se considera como de tratamiento especial respecto a la reserva estadística por tanto estará sujeto a la reglamentación que para el efecto defina el Comité de Aseguramiento de la reserva estadística. Resolución 173 de 2008.

personas de 5 a 11 años

75. ¿Con quiénes realizó actividades lúdicas o de juego el niño o la niña?

c. Lo hizo solo(a)
1	Sí
2	No

1. A … ¿le gusta que le lean?

1	Sí
2	No

2. A … ¿quién prefiere que le lea?

1	 Los abuelos
2	El papá
3	La mamá
4	Otros familiares
5	El (la) profesor(a)
6	El (la) bibliotecario(a)
7	Otro tipo de persona, ¿cuál?
99	No sabe/ no informa

Objetivo
Identificar si a los niños y niñas entre los 5 y 11 años de edad les gusta que les lean.

Pasos a seguir:
Leamos la pregunta y luego cada una de las opciones.
Esperemos la respuesta y marquemos la casilla que corresponde.

Tener en cuenta:

Si el niño o la niña  responde No o No sabe/No informa debe continuar en la pregunta 3.
Si el niño o la niña contesta con un Sí pasa a responder la pregunta 2.

El universo para la Encuesta de Consumo Cultural está conformado por la población civil no institucional residente en las cabeceras municipales del territorio nacional.

Sí
