{"file_id":"F1","vid":"V6","name":"RAMA4D","var_intrvl":"discrete","var_dcml":null,"var_wgt":null,"var_is_wgt":null,"loc_start_pos":"16","loc_end_pos":"19","loc_width":"4","loc_rec_seg_no":"1","labl":"\u00bfA qu\u00e9 actividad  se dedica principalmente la empresa o negocio en la que\u2026 realiza su trabajo? Codificada","var_imputation":null,"var_security":"El acceso a microdatos y Mam-up se considera como de tratamiento especial respecto a la reserva estad\u00edstica por tanto estar\u00e1 sujeto a la reglamentaci\u00f3n que para el efecto defina el Comit\u00e9 de Aseguramiento de la reserva estad\u00edstica. Resoluci\u00f3n 173 de 2008.","var_resp_unit":"Directo","var_analysis_unit":null,"var_qstn_preqtxt":"\u00bfQu\u00e9 hace ..en este trabajo?","var_qstn_qstnlit":"\u00bfA qu\u00e9 actividad  se dedica principalmente la empresa o negocio en la que\u2026 realiza su trabajo?\nCodificada","var_qstn_postqtxt":"En este trabajo <...> es:\n\n1\tObrero o empleado de empresa particular\n2\tObrero o empleado del gobierno\n3\t Empleado dom\u00e9stico\n4\tTrabajador por cuenta propia\n5\tPatr\u00f3n o empleador\n6\tTrabajador familiar sin remuneraci\u00f3n\n7\tTrabajador familiar sin remuneraci\u00f3n en empresas o negocios de otros hogares\n8\tJornalero o pe\u00f3n\n9\tOtro","var_qstn_ivuinstr":"Pregunte por el nombre de la empresa o entidad donde trabaja la persona, por ejemplo: Bavaria, Instituto de Seguros Sociales, Instituto Colombiano de la Reforma Agraria, Coltejer, DANE, etc.\nEn el caso de empleados dom\u00e9sticos se registra el nombre del jefe del hogar y en el caso de los trabajadores por cuenta propia cuyo negocio no tiene nombre, escriba el nombre de la persona en el espacio correspondiente.\nEn el caso del ayudante de la madre comunitaria, escriba el nombre del hogar comunitario al cual presta sus servicios; y adicionalmente escriba el nombre de la persona.","var_universe":"Para el caso del M\u00f3dulo de Trabajo Infantil, el universo est\u00e1 conformado por la poblaci\u00f3n de 5 a 17 a\u00f1os de edad civil no institucional residente en viviendas particulares.","var_universe_clusion":"I","var_sumstat":[{"value":"0","type":"vald","wgtd":null},{"value":"0","type":"invd","wgtd":null}],"var_txt":null,"var_catgry":[],"var_codinstr":null,"var_concept":[],"var_format":{"type":"character","schema":"other","category":null,"name":null},"var_notes":null,"var_val_range":{"min":null,"max":null},"fid":"F1","sid":"249","survey_idno":"DANE-DIMPE-MTI-2009"}

¿A qué actividad  se dedica principalmente la empresa o negocio en la que… realiza su trabajo? Codificada

El acceso a microdatos y Mam-up se considera como de tratamiento especial respecto a la reserva estadística por tanto estará sujeto a la reglamentación que para el efecto defina el Comité de Aseguramiento de la reserva estadística. Resolución 173 de 2008.

¿Qué hace ..en este trabajo?

¿A qué actividad  se dedica principalmente la empresa o negocio en la que… realiza su trabajo?
Codificada

En este trabajo <...> es:

1	Obrero o empleado de empresa particular
2	Obrero o empleado del gobierno
3	 Empleado doméstico
4	Trabajador por cuenta propia
5	Patrón o empleador
6	Trabajador familiar sin remuneración
7	Trabajador familiar sin remuneración en empresas o negocios de otros hogares
8	Jornalero o peón
9	Otro

Pregunte por el nombre de la empresa o entidad donde trabaja la persona, por ejemplo: Bavaria, Instituto de Seguros Sociales, Instituto Colombiano de la Reforma Agraria, Coltejer, DANE, etc.
En el caso de empleados domésticos se registra el nombre del jefe del hogar y en el caso de los trabajadores por cuenta propia cuyo negocio no tiene nombre, escriba el nombre de la persona en el espacio correspondiente.
En el caso del ayudante de la madre comunitaria, escriba el nombre del hogar comunitario al cual presta sus servicios; y adicionalmente escriba el nombre de la persona.

Para el caso del Módulo de Trabajo Infantil, el universo está conformado por la población de 5 a 17 años de edad civil no institucional residente en viviendas particulares.
