{"file_id":"F9","vid":"V226","name":"P7575","var_intrvl":"discrete","var_dcml":"0","var_wgt":null,"var_is_wgt":null,"loc_start_pos":"198","loc_end_pos":"198","loc_width":"1","loc_rec_seg_no":"1","labl":"\u00bfCu\u00e1l fue el principal medio de transporte utilizado para este \u00faltimo viaje? (En el cual recorri\u00f3 la mayor distancia)","var_imputation":null,"var_security":"El acceso a microdatos y Mam-up se considera como de tratamiento especial respecto a la reserva estad\u00edstica por tanto estar\u00e1 sujeto a la reglamentaci\u00f3n que para el efecto defina el Comit\u00e9 de Aseguramiento de la reserva estad\u00edstica. Resoluci\u00f3n 173 de 2008.","var_resp_unit":"Personas de 10 a\u00f1os y mas","var_analysis_unit":null,"var_qstn_preqtxt":"7.  \u00bfEn d\u00f3nde se aloj\u00f3 durante el \u00faltimo viaje y cu\u00e1ntas noches pas\u00f3 all\u00ed? \n\ng. Otro\n1\tSi\n2\tNo","var_qstn_qstnlit":"8. Cu\u00e1l fue el principal medio de transporte utilizado para este \u00faltimo viaje?\n\n1\tA\u00e9reo\n2\tAcu\u00e1tico\n3\tTerrestre p\u00fablico\n4\tTerrestre particular\n5\tOtro","var_qstn_postqtxt":"9. En este \u00faltimo viaje, \u00bfse pag\u00f3 por paquete tur\u00edstico?\n\n1\tSi\n2\tNo","var_qstn_ivuinstr":null,"var_universe":"Corresponde a la poblaci\u00f3n civil no institucional residente en las ciudades o \u00e1reas metropolitanas de trece principales ciudades del pa\u00eds.","var_universe_clusion":"I","var_sumstat":[{"value":"0","type":"vald","wgtd":null},{"value":"0","type":"invd","wgtd":null}],"var_txt":"Tiene por objeto determinar el medio de transporte empleado por el viajero durante el viaje, por lo tanto las opciones de respuesta son excluyentes","var_catgry":[{"value":"5","labl":"Otro","is_missing":null,"stats":[]},{"value":"4","labl":"Terrestre particular","is_missing":null,"stats":[]},{"value":"3","labl":"Terrestre p\u00fablico","is_missing":null,"stats":[]},{"value":"2","labl":"Acu\u00e1tico","is_missing":null,"stats":[]},{"value":"1","labl":"A\u00e9reo","is_missing":null,"stats":[]}],"var_codinstr":null,"var_concept":[],"var_format":{"type":"numeric","schema":"other","category":null,"name":null},"var_notes":null,"var_val_range":{"min":"1","max":"5"},"fid":"F9","sid":"253","survey_idno":"DANE-DIMPE-EGIT-2012-2013"}

¿Cuál fue el principal medio de transporte utilizado para este último viaje? (En el cual recorrió la mayor distancia)

El acceso a microdatos y Mam-up se considera como de tratamiento especial respecto a la reserva estadística por tanto estará sujeto a la reglamentación que para el efecto defina el Comité de Aseguramiento de la reserva estadística. Resolución 173 de 2008.

Personas de 10 años y mas

7.  ¿En dónde se alojó durante el último viaje y cuántas noches pasó allí? 

g. Otro
1	Si
2	No

8. Cuál fue el principal medio de transporte utilizado para este último viaje?

1	Aéreo
2	Acuático
3	Terrestre público
4	Terrestre particular
5	Otro

9. En este último viaje, ¿se pagó por paquete turístico?

1	Si
2	No

Corresponde a la población civil no institucional residente en las ciudades o áreas metropolitanas de trece principales ciudades del país.

Terrestre público

Acuático

Aéreo
