{"file_id":"F1","vid":"V13","name":"Grado","var_intrvl":"discrete","var_dcml":"0","var_wgt":null,"var_is_wgt":null,"loc_start_pos":"52","loc_end_pos":"59","loc_width":"8","loc_rec_seg_no":"1","labl":"Grado","var_imputation":null,"var_security":null,"var_resp_unit":"Secretarias de Educaci\u00f3n - Entidades Territorial Certificada","var_analysis_unit":null,"var_qstn_preqtxt":null,"var_qstn_qstnlit":"Grado\n\n-2\tPrejard\u00edn\n-1\tJard\u00edn i\n0\tTransici\u00f3n\n1\tPrimero\n2\tSegundo\n3\tTercero\n4\tCuarto\n5\tQuinto\n6\tSexto\n7\tSeptimo\n8\tOctavo\n9\tNoveno\n10\tDecimo\n11\tOnce\n12\t12\u00ba normal\n13\t13\u00ba normal\n21\tCiclo 1 adultos\n22\tCiclo 2 adultos\n23\tCiclo 3 adultos\n24\tCiclo 4 adultos\n25\tCiclo 5 adultos\n26\tCiclo 6 adultos\n27\tDiscapacitados\n99\tAceleraci\u00f3n del aprendizaje","var_qstn_postqtxt":null,"var_qstn_ivuinstr":null,"var_universe":"Poblaci\u00f3n residente en el territorio colombiano que se encuentran en edad escolar, entre 5 y 16 a\u00f1os de edad,  as\u00ed como la poblaci\u00f3n fuera de la edad escolar que no cuenta con educaci\u00f3n primaria, b\u00e1sica o media.","var_universe_clusion":"I","var_sumstat":[{"value":"0","type":"vald","wgtd":null},{"value":"0","type":"invd","wgtd":null}],"var_txt":null,"var_catgry":[{"value":"-2","labl":"Prejard\u00edn","is_missing":null,"stats":[]},{"value":"-1","labl":"Jard\u00edn i","is_missing":null,"stats":[]},{"value":"0","labl":"Transici\u00f3n","is_missing":null,"stats":[]},{"value":"1","labl":"Primero","is_missing":null,"stats":[]},{"value":"2","labl":"Segundo","is_missing":null,"stats":[]},{"value":"3","labl":"Tercero","is_missing":null,"stats":[]},{"value":"4","labl":"Cuarto","is_missing":null,"stats":[]},{"value":"5","labl":"Quinto","is_missing":null,"stats":[]},{"value":"6","labl":"Sexto","is_missing":null,"stats":[]},{"value":"7","labl":"Septimo","is_missing":null,"stats":[]},{"value":"8","labl":"Octavo","is_missing":null,"stats":[]},{"value":"9","labl":"Noveno","is_missing":null,"stats":[]},{"value":"10","labl":"Decimo","is_missing":null,"stats":[]},{"value":"11","labl":"Once","is_missing":null,"stats":[]},{"value":"12","labl":"12\u00ba normal","is_missing":null,"stats":[]},{"value":"13","labl":"13\u00ba normal","is_missing":null,"stats":[]},{"value":"21","labl":"Ciclo 1 adultos","is_missing":null,"stats":[]},{"value":"22","labl":"Ciclo 2 adultos","is_missing":null,"stats":[]},{"value":"23","labl":"Ciclo 3 adultos","is_missing":null,"stats":[]},{"value":"24","labl":"Ciclo 4 adultos","is_missing":null,"stats":[]},{"value":"25","labl":"Ciclo 5 adultos","is_missing":null,"stats":[]},{"value":"26","labl":"Ciclo 6 adultos","is_missing":null,"stats":[]},{"value":"27","labl":"Discapacitados","is_missing":null,"stats":[]},{"value":"99","labl":"Aceleraci\u00f3n del aprendizaje","is_missing":null,"stats":[]}],"var_codinstr":null,"var_concept":[],"var_format":{"type":"numeric","schema":"other","category":null,"name":null},"var_notes":null,"var_val_range":{"min":"-2","max":"99"},"fid":"F1","sid":"286","survey_idno":"MEN-OAPF-MEPBM-2010-2011-2012-2013"}

Secretarias de Educación - Entidades Territorial Certificada

Grado

-2	Prejardín
-1	Jardín i
0	Transición
1	Primero
2	Segundo
3	Tercero
4	Cuarto
5	Quinto
6	Sexto
7	Septimo
8	Octavo
9	Noveno
10	Decimo
11	Once
12	12º normal
13	13º normal
21	Ciclo 1 adultos
22	Ciclo 2 adultos
23	Ciclo 3 adultos
24	Ciclo 4 adultos
25	Ciclo 5 adultos
26	Ciclo 6 adultos
27	Discapacitados
99	Aceleración del aprendizaje

Población residente en el territorio colombiano que se encuentran en edad escolar, entre 5 y 16 años de edad,  así como la población fuera de la edad escolar que no cuenta con educación primaria, básica o media.

Prejardín

Jardín i

Transición

12º normal

13º normal

Aceleración del aprendizaje
