{"file_id":"F1","vid":"V14","name":"Nivel","var_intrvl":"discrete","var_dcml":"0","var_wgt":null,"var_is_wgt":null,"loc_start_pos":"60","loc_end_pos":"67","loc_width":"8","loc_rec_seg_no":"1","labl":"Nivel","var_imputation":null,"var_security":null,"var_resp_unit":"Secretarias de Educaci\u00f3n - Entidades Territorial Certificada","var_analysis_unit":null,"var_qstn_preqtxt":null,"var_qstn_qstnlit":"Nivel\n\n1\tPrejard\u00edn y jard\u00edn\n2\tTransici\u00f3n\n3\tPrimaria\n4\tSecundaria\n5\tMedia","var_qstn_postqtxt":null,"var_qstn_ivuinstr":null,"var_universe":"Poblaci\u00f3n residente en el territorio colombiano que se encuentran en edad escolar, entre 5 y 16 a\u00f1os de edad,  as\u00ed como la poblaci\u00f3n fuera de la edad escolar que no cuenta con educaci\u00f3n primaria, b\u00e1sica o media.","var_universe_clusion":"I","var_sumstat":[{"value":"0","type":"vald","wgtd":null},{"value":"0","type":"invd","wgtd":null}],"var_txt":null,"var_catgry":[{"value":"1","labl":"Prejard\u00edn y jard\u00edn","is_missing":null,"stats":[]},{"value":"2","labl":"Transici\u00f3n","is_missing":null,"stats":[]},{"value":"3","labl":"Primaria","is_missing":null,"stats":[]},{"value":"4","labl":"Secundaria","is_missing":null,"stats":[]},{"value":"5","labl":"Media","is_missing":null,"stats":[]}],"var_codinstr":null,"var_concept":[],"var_format":{"type":"numeric","schema":"other","category":null,"name":null},"var_notes":null,"var_val_range":{"min":"1","max":"5"},"fid":"F1","sid":"286","survey_idno":"MEN-OAPF-MEPBM-2010-2011-2012-2013"}

Secretarias de Educación - Entidades Territorial Certificada

Nivel

1	Prejardín y jardín
2	Transición
3	Primaria
4	Secundaria
5	Media

Población residente en el territorio colombiano que se encuentran en edad escolar, entre 5 y 16 años de edad,  así como la población fuera de la edad escolar que no cuenta con educación primaria, básica o media.

Prejardín y jardín

Transición
