{"file_id":"F1","vid":"V102","name":"P5754s1","var_intrvl":"discrete","var_dcml":"0","var_wgt":null,"var_is_wgt":null,"loc_start_pos":"476","loc_end_pos":"476","loc_width":"1","loc_rec_seg_no":"1","labl":"\u00bfes el padre natural de (nombre del ni\u00f1o?","var_imputation":null,"var_security":"El acceso a microdatos y Mam-up se considera como de tratamiento especial respecto a la reserva estad\u00edstica por tanto estar\u00e1 sujeto a la reglamentaci\u00f3n que para el efecto defina el Comit\u00e9 de Aseguramiento de la reserva estad\u00edstica. Resoluci\u00f3n 173 de 2008.","var_resp_unit":"Directo","var_analysis_unit":null,"var_qstn_preqtxt":"C9. \u00bfEl padre de \u2026 vive en este hogar?\n\n1\tS\u00ed","var_qstn_qstnlit":"C9a. \u00bfEs el padre natural de ...?\n\n1\tS\u00ed\n2\tNo","var_qstn_postqtxt":"C10. \u00bfCu\u00e1l es el parentesco o relaci\u00f3n de ... con el jefe del hogar?\n\n1\tJefe(a) del hogar\n2\tPareja, esposo(a), c\u00f3nyuge, compa\u00f1ero\n3\tHijo(a), hijastro\n4\tNieto(a)\n5\tOtro pariente\n6\tEmpleado del servicio dom\u00e9stico\n7\tHijo(a) o pariente del empleado del servicio dom\u00e9stico\n8\tPensionista\n9\tTrabajador\n10\tOtro no pariente","var_qstn_ivuinstr":"Se responde de manera afirmativa o negativa. En caso de ser afirmativa la respuesta se debe responder 9a. \u00bfEs padre natural de\u2026? la cual se responde tambi\u00e9n de manera afirmativa o negativa.","var_universe":"Lo constituyen los ni\u00f1os, ni\u00f1as y adolescentes entre 5 y 17 a\u00f1os de edad, residentes en el territorio nacional excluyendo los antiguos territorios nacionales.","var_universe_clusion":"I","var_sumstat":[{"value":"28698","type":"vald","wgtd":null},{"value":"20261","type":"invd","wgtd":null},{"value":"1","type":"min","wgtd":null},{"value":"2","type":"max","wgtd":null},{"value":"1.055","type":"mean","wgtd":null},{"value":"0.229","type":"stdev","wgtd":null}],"var_txt":null,"var_catgry":[{"value":"1","labl":"S\u00ed","is_missing":null,"stats":[{"value":"27112","type":"freq","wgtd":null}]},{"value":"2","labl":"No","is_missing":null,"stats":[{"value":"1586","type":"freq","wgtd":null}]},{"value":"Sysmiss","labl":null,"is_missing":"Y","stats":[{"value":"20261","type":"freq","wgtd":null}]}],"var_codinstr":null,"var_concept":[],"var_format":{"type":"numeric","schema":"other","category":null,"name":null},"var_notes":null,"var_val_range":{"min":"1","max":"2"},"fid":"F1","sid":"372","survey_idno":"DANE-DIRPEN-ENTI-2011"}

¿es el padre natural de (nombre del niño?

El acceso a microdatos y Mam-up se considera como de tratamiento especial respecto a la reserva estadística por tanto estará sujeto a la reglamentación que para el efecto defina el Comité de Aseguramiento de la reserva estadística. Resolución 173 de 2008.

C9. ¿El padre de … vive en este hogar?

1	Sí

C9a. ¿Es el padre natural de ...?

1	Sí
2	No

C10. ¿Cuál es el parentesco o relación de ... con el jefe del hogar?

1	Jefe(a) del hogar
2	Pareja, esposo(a), cónyuge, compañero
3	Hijo(a), hijastro
4	Nieto(a)
5	Otro pariente
6	Empleado del servicio doméstico
7	Hijo(a) o pariente del empleado del servicio doméstico
8	Pensionista
9	Trabajador
10	Otro no pariente

Se responde de manera afirmativa o negativa. En caso de ser afirmativa la respuesta se debe responder 9a. ¿Es padre natural de…? la cual se responde también de manera afirmativa o negativa.

Lo constituyen los niños, niñas y adolescentes entre 5 y 17 años de edad, residentes en el territorio nacional excluyendo los antiguos territorios nacionales.

Sí
