{"file_id":"F1","vid":"V103","name":"P6051","var_intrvl":"discrete","var_dcml":"0","var_wgt":null,"var_is_wgt":null,"loc_start_pos":"477","loc_end_pos":"478","loc_width":"2","loc_rec_seg_no":"1","labl":"\u00bfcu\u00e1l es el parentesco o relaci\u00f3n de (nombre del ni\u00f1o) con el jefe del hogar?","var_imputation":null,"var_security":"El acceso a microdatos y Mam-up se considera como de tratamiento especial respecto a la reserva estad\u00edstica por tanto estar\u00e1 sujeto a la reglamentaci\u00f3n que para el efecto defina el Comit\u00e9 de Aseguramiento de la reserva estad\u00edstica. Resoluci\u00f3n 173 de 2008.","var_resp_unit":"Directo","var_analysis_unit":null,"var_qstn_preqtxt":"C9. \u00bfEl padre de \u2026 vive en este hogar?\n\n1\tS\u00ed\n2\tNo","var_qstn_qstnlit":"C10. \u00bfCu\u00e1l es el parentesco o relaci\u00f3n de ... con el jefe del hogar?\n\n1\tJefe(a) del hogar\n2\tPareja, esposo(a), c\u00f3nyuge, compa\u00f1ero\n3\tHijo(a), hijastro\n4\tNieto(a)\n5\tOtro pariente\n6\tEmpleado del servicio dom\u00e9stico\n7\tHijo(a) o pariente del empleado del servicio dom\u00e9stico\n8\tPensionista\n9\tTrabajador\n10\tOtro no pariente","var_qstn_postqtxt":"C11. \u00bf\u2026 tiene alg\u00fan tipo de discapacidad?\n\n1\tS\u00ed\n2\tNo","var_qstn_ivuinstr":"Se debe esperar la respuesta del encuestado. Son 10 alternativas excluyentes y aplican los mismos comentarios de la pregunta 6.","var_universe":"Lo constituyen los ni\u00f1os, ni\u00f1as y adolescentes entre 5 y 17 a\u00f1os de edad, residentes en el territorio nacional excluyendo los antiguos territorios nacionales.","var_universe_clusion":"I","var_sumstat":[{"value":"48909","type":"vald","wgtd":null},{"value":"50","type":"invd","wgtd":null},{"value":"1","type":"min","wgtd":null},{"value":"10","type":"max","wgtd":null},{"value":"3.299","type":"mean","wgtd":null},{"value":"0.888","type":"stdev","wgtd":null}],"var_txt":null,"var_catgry":[{"value":"3","labl":"Hijo(a), hijastro","is_missing":null,"stats":[{"value":"38976","type":"freq","wgtd":null}]},{"value":"4","labl":"Nieto(a)","is_missing":null,"stats":[{"value":"6745","type":"freq","wgtd":null}]},{"value":"5","labl":"Otro pariente","is_missing":null,"stats":[{"value":"2253","type":"freq","wgtd":null}]},{"value":"10","labl":"Otro no pariente","is_missing":null,"stats":[{"value":"510","type":"freq","wgtd":null}]},{"value":"2","labl":"Pareja, esposo(a), c\u00f3nyuge, compa\u00f1ero","is_missing":null,"stats":[{"value":"187","type":"freq","wgtd":null}]},{"value":"1","labl":"Jefe(a) del hogar","is_missing":null,"stats":[{"value":"166","type":"freq","wgtd":null}]},{"value":"8","labl":"Pensionista","is_missing":null,"stats":[{"value":"24","type":"freq","wgtd":null}]},{"value":"7","labl":"Hijo(a) o pariente del empleado del servicio dom\u00e9stico","is_missing":null,"stats":[{"value":"22","type":"freq","wgtd":null}]},{"value":"6","labl":"Empleado del servicio dom\u00e9stico","is_missing":null,"stats":[{"value":"21","type":"freq","wgtd":null}]},{"value":"9","labl":"Trabajador","is_missing":null,"stats":[{"value":"5","type":"freq","wgtd":null}]},{"value":"Sysmiss","labl":null,"is_missing":"Y","stats":[{"value":"50","type":"freq","wgtd":null}]}],"var_codinstr":null,"var_concept":[],"var_format":{"type":"numeric","schema":"other","category":null,"name":null},"var_notes":null,"var_val_range":{"min":"1","max":"10"},"fid":"F1","sid":"372","survey_idno":"DANE-DIRPEN-ENTI-2011"}

¿cuál es el parentesco o relación de (nombre del niño) con el jefe del hogar?

El acceso a microdatos y Mam-up se considera como de tratamiento especial respecto a la reserva estadística por tanto estará sujeto a la reglamentación que para el efecto defina el Comité de Aseguramiento de la reserva estadística. Resolución 173 de 2008.

C9. ¿El padre de … vive en este hogar?

1	Sí
2	No

C10. ¿Cuál es el parentesco o relación de ... con el jefe del hogar?

1	Jefe(a) del hogar
2	Pareja, esposo(a), cónyuge, compañero
3	Hijo(a), hijastro
4	Nieto(a)
5	Otro pariente
6	Empleado del servicio doméstico
7	Hijo(a) o pariente del empleado del servicio doméstico
8	Pensionista
9	Trabajador
10	Otro no pariente

C11. ¿… tiene algún tipo de discapacidad?

1	Sí
2	No

Lo constituyen los niños, niñas y adolescentes entre 5 y 17 años de edad, residentes en el territorio nacional excluyendo los antiguos territorios nacionales.

Pareja, esposo(a), cónyuge, compañero

Hijo(a) o pariente del empleado del servicio doméstico

Empleado del servicio doméstico
