{"file_id":"F1","vid":"V106","name":"P6070","var_intrvl":"discrete","var_dcml":"0","var_wgt":null,"var_is_wgt":null,"loc_start_pos":"549","loc_end_pos":"549","loc_width":"1","loc_rec_seg_no":"1","labl":"Actualmente\u2026","var_imputation":null,"var_security":"El acceso a microdatos y Mam-up se considera como de tratamiento especial respecto a la reserva estad\u00edstica por tanto estar\u00e1 sujeto a la reglamentaci\u00f3n que para el efecto defina el Comit\u00e9 de Aseguramiento de la reserva estad\u00edstica. Resoluci\u00f3n 173 de 2008.","var_resp_unit":"Directo","var_analysis_unit":null,"var_qstn_preqtxt":"C11. \u00bf\u2026 tiene alg\u00fan tipo de discapacidad?\n\n1\tS\u00ed\n2\tNo","var_qstn_qstnlit":"C12. Actualmente \u2026\n\n1\tNo est\u00e1 casado(a) y vive en pareja hace menos de dos a\u00f1os\n2\tNo est\u00e1 casado(a) y vive en pareja hace m\u00e1s de dos a\u00f1os\n3\tEst\u00e1 casado(a)\n4\tEst\u00e1 separado(a) o divorciado(a)\n5\tEsta viudo(a)\n6\tEst\u00e1 soltero","var_qstn_postqtxt":"C13. \u00bf\u2026ha vivido toda la vida en este hogar?\n\n1\tS\u00ed\n2\tNo","var_qstn_ivuinstr":"Indaga por el estado  civil de los ni\u00f1os, ni\u00f1as o adolescentes de 10 a\u00f1os  o m\u00e1s. Son 6 alternativas excluyentes para responder.  Esta pregunta  se realiza s\u00f3lo a los ni\u00f1os, ni\u00f1as o adolescentes  DE 10 A\u00d1OS O M\u00c1S","var_universe":"Lo constituyen los ni\u00f1os, ni\u00f1as y adolescentes entre 5 y 17 a\u00f1os de edad, residentes en el territorio nacional excluyendo los antiguos territorios nacionales.","var_universe_clusion":"I","var_sumstat":[{"value":"31055","type":"vald","wgtd":null},{"value":"17904","type":"invd","wgtd":null},{"value":"1","type":"min","wgtd":null},{"value":"6","type":"max","wgtd":null},{"value":"5.925","type":"mean","wgtd":null},{"value":"0.582","type":"stdev","wgtd":null}],"var_txt":null,"var_catgry":[{"value":"6","labl":"Est\u00e1 soltero","is_missing":null,"stats":[{"value":"30504","type":"freq","wgtd":null}]},{"value":"1","labl":"No est\u00e1 casado(a) y vive en pareja hace menos de dos a\u00f1os","is_missing":null,"stats":[{"value":"346","type":"freq","wgtd":null}]},{"value":"2","labl":"No est\u00e1 casado(a) y vive en pareja hace m\u00e1s de dos a\u00f1os","is_missing":null,"stats":[{"value":"103","type":"freq","wgtd":null}]},{"value":"5","labl":"Esta viudo(a)","is_missing":null,"stats":[{"value":"45","type":"freq","wgtd":null}]},{"value":"4","labl":"Est\u00e1 separado(a) o divorciado(a)","is_missing":null,"stats":[{"value":"29","type":"freq","wgtd":null}]},{"value":"3","labl":"Est\u00e1 casado(a)","is_missing":null,"stats":[{"value":"28","type":"freq","wgtd":null}]},{"value":"Sysmiss","labl":null,"is_missing":"Y","stats":[{"value":"17904","type":"freq","wgtd":null}]}],"var_codinstr":null,"var_concept":[],"var_format":{"type":"numeric","schema":"other","category":null,"name":null},"var_notes":null,"var_val_range":{"min":"1","max":"6"},"fid":"F1","sid":"372","survey_idno":"DANE-DIRPEN-ENTI-2011"}

El acceso a microdatos y Mam-up se considera como de tratamiento especial respecto a la reserva estadística por tanto estará sujeto a la reglamentación que para el efecto defina el Comité de Aseguramiento de la reserva estadística. Resolución 173 de 2008.

C11. ¿… tiene algún tipo de discapacidad?

1	Sí
2	No

C12. Actualmente …

1	No está casado(a) y vive en pareja hace menos de dos años
2	No está casado(a) y vive en pareja hace más de dos años
3	Está casado(a)
4	Está separado(a) o divorciado(a)
5	Esta viudo(a)
6	Está soltero

C13. ¿…ha vivido toda la vida en este hogar?

1	Sí
2	No

Indaga por el estado  civil de los niños, niñas o adolescentes de 10 años  o más. Son 6 alternativas excluyentes para responder.  Esta pregunta  se realiza sólo a los niños, niñas o adolescentes  DE 10 AÑOS O MÁS

Lo constituyen los niños, niñas y adolescentes entre 5 y 17 años de edad, residentes en el territorio nacional excluyendo los antiguos territorios nacionales.

Está soltero

No está casado(a) y vive en pareja hace menos de dos años

No está casado(a) y vive en pareja hace más de dos años

Está separado(a) o divorciado(a)

Está casado(a)
